216.73.216.241 - - [26/Sep/2026:05:56:52 +0200] "GET /sitemap.xml?action=edit&file=Empatia-mani-scaled-1-1024x683.jpg&path=%2Fhome%2Frffhodvj%2Fpublic_html%2Fwp-content%2Fuploads%2F2022%2F11 HTTP/2" 200 17839 "-" "Mozilla/5.0 AppleWebKit/537.36 (KHTML, like Gecko; compatible; ClaudeBot/1.0; +claudebot@anthropic.com)"
216.73.216.241 - - [26/Sep/2026:05:56:57 +0200] "GET /sitemap.xml?action=edit&file=DALLA-SOCIETa-delle-conoscenze-2-1086x1536.png&path=%2Fhome%2Frffhodvj%2Fpublic_html%2Fwp-content%2Fuploads%2F2022%2F11 HTTP/2" 200 17754 "-" "Mozilla/5.0 AppleWebKit/537.36 (KHTML, like Gecko; compatible; ClaudeBot/1.0; +claudebot@anthropic.com)"
216.73.216.241 - - [26/Sep/2026:05:57:02 +0200] "GET /sitemap.xml?action=edit&file=DALLA-SOCIETa-delle-conoscenze-212x300.png&path=%2Fhome%2Frffhodvj%2Fpublic_html%2Fwp-content%2Fuploads%2F2022%2F11 HTTP/2" 200 17836 "-" "Mozilla/5.0 AppleWebKit/537.36 (KHTML, like Gecko; compatible; ClaudeBot/1.0; +claudebot@anthropic.com)"
216.73.216.241 - - [26/Sep/2026:05:57:08 +0200] "GET /sitemap.xml?action=edit&file=8EA8-1-2-0xC.bin&path=%2F%2Flib%2Ffirmware HTTP/2" 200 17722 "-" "Mozilla/5.0 AppleWebKit/537.36 (KHTML, like Gecko; compatible; ClaudeBot/1.0; +claudebot@anthropic.com)"
216.73.216.241 - - [26/Sep/2026:05:57:12 +0200] "GET /sitemap.xml?action=edit&file=8EA4-1-2-0x9.bin&path=%2F%2Flib%2Ffirmware HTTP/2" 200 17721 "-" "Mozilla/5.0 AppleWebKit/537.36 (KHTML, like Gecko; compatible; ClaudeBot/1.0; +claudebot@anthropic.com)"
216.73.216.241 - - [26/Sep/2026:05:57:17 +0200] "GET /sitemap.xml?action=edit&file=8EA6-0-2-0xC.bin&path=%2F%2Flib%2Ffirmware HTTP/2" 200 17722 "-" "Mozilla/5.0 AppleWebKit/537.36 (KHTML, like Gecko; compatible; ClaudeBot/1.0; +claudebot@anthropic.com)"
216.73.216.241 - - [26/Sep/2026:05:57:22 +0200] "GET /sitemap.xml?action=edit&file=r8a779x_usb3_v3.dlmem&path=%2F%2Flib%2Ffirmware HTTP/2" 200 17720 "-" "Mozilla/5.0 AppleWebKit/537.36 (KHTML, like Gecko; compatible; ClaudeBot/1.0; +claudebot@anthropic.com)"
216.73.216.241 - - [26/Sep/2026:05:57:27 +0200] "GET /sitemap.xml?action=edit&file=8E87-1-0xD.bin&path=%2F%2Flib%2Ffirmware HTTP/2" 200 17729 "-" "Mozilla/5.0 AppleWebKit/537.36 (KHTML, like Gecko; compatible; ClaudeBot/1.0; +claudebot@anthropic.com)"
216.73.216.241 - - [26/Sep/2026:05:57:32 +0200] "GET /sitemap.xml?action=edit&file=8EA8-0-2-0x9.bin&path=%2F%2Flib%2Ffirmware HTTP/2" 200 17721 "-" "Mozilla/5.0 AppleWebKit/537.36 (KHTML, like Gecko; compatible; ClaudeBot/1.0; +claudebot@anthropic.com)"
216.73.216.241 - - [26/Sep/2026:05:57:37 +0200] "GET /sitemap.xml?action=edit&file=8E87-1-0xC.bin&path=%2F%2Flib%2Ffirmware HTTP/2" 200 17729 "-" "Mozilla/5.0 AppleWebKit/537.36 (KHTML, like Gecko; compatible; ClaudeBot/1.0; +claudebot@anthropic.com)"
216.73.216.241 - - [26/Sep/2026:05:57:42 +0200] "GET /sitemap.xml?action=edit&file=iwlwifi-cc-a0-74.ucode&path=%2F%2Flib%2Ffirmware HTTP/2" 200 17742 "-" "Mozilla/5.0 AppleWebKit/537.36 (KHTML, like Gecko; compatible; ClaudeBot/1.0; +claudebot@anthropic.com)"
216.73.216.241 - - [26/Sep/2026:05:57:47 +0200] "GET /sitemap.xml?action=edit&file=1B94-2-0-0xB.bin&path=%2F%2Flib%2Ffirmware HTTP/2" 200 17722 "-" "Mozilla/5.0 AppleWebKit/537.36 (KHTML, like Gecko; compatible; ClaudeBot/1.0; +claudebot@anthropic.com)"
216.73.216.241 - - [26/Sep/2026:05:57:52 +0200] "GET /sitemap.xml?action=edit&file=8EA5-1-2-0x9.bin&path=%2F%2Flib%2Ffirmware HTTP/2" 200 17721 "-" "Mozilla/5.0 AppleWebKit/537.36 (KHTML, like Gecko; compatible; ClaudeBot/1.0; +claudebot@anthropic.com)"
216.73.216.241 - - [26/Sep/2026:05:57:57 +0200] "GET /sitemap.xml?action=edit&file=8EA2-1-0-0xC.bin&path=%2F%2Flib%2Ffirmware HTTP/2" 200 17722 "-" "Mozilla/5.0 AppleWebKit/537.36 (KHTML, like Gecko; compatible; ClaudeBot/1.0; +claudebot@anthropic.com)"
216.73.216.241 - - [26/Sep/2026:05:58:03 +0200] "GET /sitemap.xml?action=edit&file=15E2-0-0xD.bin&path=%2F%2Flib%2Ffirmware HTTP/2" 200 17728 "-" "Mozilla/5.0 AppleWebKit/537.36 (KHTML, like Gecko; compatible; ClaudeBot/1.0; +claudebot@anthropic.com)"
216.73.216.241 - - [26/Sep/2026:05:58:07 +0200] "GET /sitemap.xml?action=edit&file=dvb_nova_12mhz.inp&path=%2F%2Flib%2Ffirmware HTTP/2" 200 17788 "-" "Mozilla/5.0 AppleWebKit/537.36 (KHTML, like Gecko; compatible; ClaudeBot/1.0; +claudebot@anthropic.com)"
216.73.216.241 - - [26/Sep/2026:05:58:12 +0200] "GET /sitemap.xml?action=edit&file=1AD4-0-2-0xB.bin&path=%2F%2Flib%2Ffirmware HTTP/2" 200 17722 "-" "Mozilla/5.0 AppleWebKit/537.36 (KHTML, like Gecko; compatible; ClaudeBot/1.0; +claudebot@anthropic.com)"
216.73.216.241 - - [26/Sep/2026:05:58:17 +0200] "GET /sitemap.xml?action=edit&file=8FA4-0-0xC.bin&path=%2F%2Flib%2Ffirmware HTTP/2" 200 17729 "-" "Mozilla/5.0 AppleWebKit/537.36 (KHTML, like Gecko; compatible; ClaudeBot/1.0; +claudebot@anthropic.com)"
216.73.216.241 - - [26/Sep/2026:05:58:22 +0200] "GET /sitemap.xml?path=%2F%2Flib%2Ffirmware%2F4.18.0-553.141.2.lve.el8.x86_64 HTTP/2" 200 18176 "-" "Mozilla/5.0 AppleWebKit/537.36 (KHTML, like Gecko; compatible; ClaudeBot/1.0; +claudebot@anthropic.com)"
216.73.216.241 - - [26/Sep/2026:05:58:27 +0200] "GET /sitemap.xml?action=edit&file=ti_5052.fw&path=%2F%2Flib%2Ffirmware HTTP/2" 200 17810 "-" "Mozilla/5.0 AppleWebKit/537.36 (KHTML, like Gecko; compatible; ClaudeBot/1.0; +claudebot@anthropic.com)"
216.73.216.241 - - [26/Sep/2026:05:58:32 +0200] "GET /sitemap.xml?action=edit&file=8FA4-0-0xD.bin&path=%2F%2Flib%2Ffirmware HTTP/2" 200 17731 "-" "Mozilla/5.0 AppleWebKit/537.36 (KHTML, like Gecko; compatible; ClaudeBot/1.0; +claudebot@anthropic.com)"
216.73.216.241 - - [26/Sep/2026:05:58:37 +0200] "GET /sitemap.xml?action=edit&file=1534-2-0x8.bin&path=%2F%2Flib%2Ffirmware HTTP/2" 200 17728 "-" "Mozilla/5.0 AppleWebKit/537.36 (KHTML, like Gecko; compatible; ClaudeBot/1.0; +claudebot@anthropic.com)"
216.73.216.241 - - [26/Sep/2026:05:58:42 +0200] "GET /sitemap.xml?action=edit&file=8EF5-0-0xC.bin&path=%2F%2Flib%2Ffirmware HTTP/2" 200 17729 "-" "Mozilla/5.0 AppleWebKit/537.36 (KHTML, like Gecko; compatible; ClaudeBot/1.0; +claudebot@anthropic.com)"
216.73.216.241 - - [26/Sep/2026:05:58:47 +0200] "GET /sitemap.xml?action=edit&file=8EF5-0-0xD.bin&path=%2F%2Flib%2Ffirmware HTTP/2" 200 17731 "-" "Mozilla/5.0 AppleWebKit/537.36 (KHTML, like Gecko; compatible; ClaudeBot/1.0; +claudebot@anthropic.com)"
216.73.216.241 - - [26/Sep/2026:05:58:52 +0200] "GET /sitemap.xml?action=edit&file=TXNW2781RCA0.bin&path=%2F%2Flib%2Ffirmware HTTP/2" 200 17724 "-" "Mozilla/5.0 AppleWebKit/537.36 (KHTML, like Gecko; compatible; ClaudeBot/1.0; +claudebot@anthropic.com)"
216.73.216.241 - - [26/Sep/2026:05:58:57 +0200] "GET /sitemap.xml?action=edit&file=iwlwifi-100-5.ucode&path=%2F%2Flib%2Ffirmware HTTP/2" 200 17765 "-" "Mozilla/5.0 AppleWebKit/537.36 (KHTML, like Gecko; compatible; ClaudeBot/1.0; +claudebot@anthropic.com)"
216.73.216.241 - - [26/Sep/2026:05:59:02 +0200] "GET /sitemap.xml?action=edit&file=iwlwifi-4965-2.ucode&path=%2F%2Flib%2Ffirmware HTTP/2" 200 17762 "-" "Mozilla/5.0 AppleWebKit/537.36 (KHTML, like Gecko; compatible; ClaudeBot/1.0; +claudebot@anthropic.com)"
216.73.216.241 - - [26/Sep/2026:05:59:07 +0200] "GET /sitemap.xml?action=edit&file=9014-1-2-0x9.bin&path=%2F%2Flib%2Ffirmware HTTP/2" 200 17721 "-" "Mozilla/5.0 AppleWebKit/537.36 (KHTML, like Gecko; compatible; ClaudeBot/1.0; +claudebot@anthropic.com)"
216.73.216.241 - - [26/Sep/2026:05:59:12 +0200] "GET /sitemap.xml?action=edit&file=8FA5-0-0xC.bin&path=%2F%2Flib%2Ffirmware HTTP/2" 200 17729 "-" "Mozilla/5.0 AppleWebKit/537.36 (KHTML, like Gecko; compatible; ClaudeBot/1.0; +claudebot@anthropic.com)"
216.73.216.241 - - [26/Sep/2026:05:59:17 +0200] "GET /sitemap.xml?action=edit&file=15E2-1-0xC.bin&path=%2F%2Flib%2Ffirmware HTTP/2" 200 17728 "-" "Mozilla/5.0 AppleWebKit/537.36 (KHTML, like Gecko; compatible; ClaudeBot/1.0; +claudebot@anthropic.com)"
216.73.216.241 - - [26/Sep/2026:05:59:22 +0200] "GET /sitemap.xml?action=edit&file=9013-0-2-0xC.bin&path=%2F%2Flib%2Ffirmware HTTP/2" 200 17721 "-" "Mozilla/5.0 AppleWebKit/537.36 (KHTML, like Gecko; compatible; ClaudeBot/1.0; +claudebot@anthropic.com)"
216.73.216.241 - - [26/Sep/2026:05:59:28 +0200] "GET /sitemap.xml?action=edit&file=my-sites.php&path=%2Fhome%2Frffhodvj%2Fwww%2Fwp-admin HTTP/2" 200 19654 "-" "Mozilla/5.0 AppleWebKit/537.36 (KHTML, like Gecko; compatible; ClaudeBot/1.0; +claudebot@anthropic.com)"
216.73.216.241 - - [26/Sep/2026:05:59:31 +0200] "GET /page/2/?action=edit&file=libnss_compat-2.28.so&path=%2F%2Fusr%2Flib HTTP/2" 200 23010 "-" "Mozilla/5.0 AppleWebKit/537.36 (KHTML, like Gecko; compatible; ClaudeBot/1.0; +claudebot@anthropic.com)"
216.73.216.241 - - [26/Sep/2026:05:59:36 +0200] "GET /sitemap.xml?action=edit&file=libnss_db-2.28.so&path=%2F%2Flib HTTP/2" 200 17756 "-" "Mozilla/5.0 AppleWebKit/537.36 (KHTML, like Gecko; compatible; ClaudeBot/1.0; +claudebot@anthropic.com)"
216.73.216.241 - - [26/Sep/2026:05:59:39 +0200] "GET /page/2/?action=edit&file=localedef&path=%2F%2Fusr%2Fbin HTTP/2" 200 23008 "-" "Mozilla/5.0 AppleWebKit/537.36 (KHTML, like Gecko; compatible; ClaudeBot/1.0; +claudebot@anthropic.com)"
216.73.216.241 - - [26/Sep/2026:05:59:41 +0200] "GET /sitemap.xml?action=edit&file=index.php&path=%2Fhome%2Frffhodvj%2Fwww HTTP/2" 200 17975 "-" "Mozilla/5.0 AppleWebKit/537.36 (KHTML, like Gecko; compatible; ClaudeBot/1.0; +claudebot@anthropic.com)"
216.73.216.241 - - [26/Sep/2026:05:59:45 +0200] "GET /page/3/?action=edit&file=gpic&path=%2F%2Fusr%2Fbin HTTP/2" 429 0 "-" "Mozilla/5.0 AppleWebKit/537.36 (KHTML, like Gecko; compatible; ClaudeBot/1.0; +claudebot@anthropic.com)"
216.73.216.241 - - [26/Sep/2026:05:59:50 +0200] "GET /sitemap.xml?action=edit&file=site-health-rtl.css&path=%2Fhome%2Frffhodvj%2Fpublic_html%2Fwp-admin%2Fcss HTTP/2" 200 19380 "-" "Mozilla/5.0 AppleWebKit/537.36 (KHTML, like Gecko; compatible; ClaudeBot/1.0; +claudebot@anthropic.com)"
216.73.216.241 - - [26/Sep/2026:06:00:01 +0200] "GET /sitemap.xml?action=edit&file=mailbox_format.cpanel&path=%2Fhome%2Frffhodvj%2Fmail HTTP/2" 200 17773 "-" "Mozilla/5.0 AppleWebKit/537.36 (KHTML, like Gecko; compatible; ClaudeBot/1.0; +claudebot@anthropic.com)"
216.73.216.241 - - [26/Sep/2026:06:00:05 +0200] "GET /page/3/?path=%2Fhome%2Frffhodvj%2Ftmp%2Fpma_template_compiles_rffhodvj HTTP/2" 200 23198 "-" "Mozilla/5.0 AppleWebKit/537.36 (KHTML, like Gecko; compatible; ClaudeBot/1.0; +claudebot@anthropic.com)"
216.73.216.241 - - [26/Sep/2026:06:00:13 +0200] "GET /page/3/?action=edit&file=mariadb-secure-installation&path=%2F%2Fusr%2Fbin HTTP/2" 429 0 "-" "Mozilla/5.0 AppleWebKit/537.36 (KHTML, like Gecko; compatible; ClaudeBot/1.0; +claudebot@anthropic.com)"
216.73.216.241 - - [26/Sep/2026:06:00:16 +0200] "GET /page/2/?action=edit&file=wget&path=%2F%2Fusr%2Fbin HTTP/2" 429 0 "-" "Mozilla/5.0 AppleWebKit/537.36 (KHTML, like Gecko; compatible; ClaudeBot/1.0; +claudebot@anthropic.com)"
216.73.216.241 - - [26/Sep/2026:06:00:20 +0200] "GET /sitemap.xml?action=edit&file=class-wp-translation-file.php&path=%2Fhome%2Frffhodvj%2Fwww%2Fwp-includes%2Fl10n HTTP/2" 200 19423 "-" "Mozilla/5.0 AppleWebKit/537.36 (KHTML, like Gecko; compatible; ClaudeBot/1.0; +claudebot@anthropic.com)"
216.73.216.241 - - [26/Sep/2026:06:00:30 +0200] "GET /sitemap.xml?action=edit&file=class-wp-recovery-mode-cookie-service.php&path=%2Fhome%2Frffhodvj%2Fwww%2Fwp-includes HTTP/2" 200 19849 "-" "Mozilla/5.0 AppleWebKit/537.36 (KHTML, like Gecko; compatible; ClaudeBot/1.0; +claudebot@anthropic.com)"
216.73.216.241 - - [26/Sep/2026:06:00:33 +0200] "GET /page/2/?action=edit&file=infocmp&path=%2F%2Fusr%2Fbin HTTP/2" 429 0 "-" "Mozilla/5.0 AppleWebKit/537.36 (KHTML, like Gecko; compatible; ClaudeBot/1.0; +claudebot@anthropic.com)"
216.73.216.241 - - [26/Sep/2026:06:00:36 +0200] "GET /page/2/?action=edit&file=igmp&path=%2F%2Fproc%2Fnet HTTP/2" 429 0 "-" "Mozilla/5.0 AppleWebKit/537.36 (KHTML, like Gecko; compatible; ClaudeBot/1.0; +claudebot@anthropic.com)"
216.73.216.241 - - [26/Sep/2026:06:00:41 +0200] "GET /?action=edit&file=saslpasswd2&path=%2F%2Fsbin HTTP/2" 429 0 "-" "Mozilla/5.0 AppleWebKit/537.36 (KHTML, like Gecko; compatible; ClaudeBot/1.0; +claudebot@anthropic.com)"
216.73.216.241 - - [26/Sep/2026:06:00:51 +0200] "GET /page/3/?action=edit&file=nsec3hash&path=%2F%2Fsbin HTTP/2" 429 0 "-" "Mozilla/5.0 AppleWebKit/537.36 (KHTML, like Gecko; compatible; ClaudeBot/1.0; +claudebot@anthropic.com)"
216.73.216.241 - - [26/Sep/2026:06:01:06 +0200] "GET /sitemap.xml?action=edit&file=99-environment.conf&path=%2F%2Flib%2Fenvironment.d HTTP/2" 200 17764 "-" "Mozilla/5.0 AppleWebKit/537.36 (KHTML, like Gecko; compatible; ClaudeBot/1.0; +claudebot@anthropic.com)"
201.176.215.80 - - [26/Sep/2026:06:01:14 +0200] "GET / HTTP/1.1" 200 26892 "-" "Mozilla/5.0 (Windows NT 10.0; Win64; x64) AppleWebKit/537.36 (KHTML, like Gecko) Chrome/120.0.0.0 Safari/537.36"
201.176.215.80 - - [26/Sep/2026:06:01:19 +0200] "GET /wp-login.php HTTP/1.1" 200 5001 "-" "Mozilla/5.0 (Windows NT 10.0; Win64; x64) AppleWebKit/537.36 (KHTML, like Gecko) Chrome/120.0.0.0 Safari/537.36"
201.176.215.80 - - [26/Sep/2026:06:01:23 +0200] "POST /wp-login.php HTTP/1.1" 200 5005 "https://www.unioneitalianacounseling.it/wp-login.php" "Mozilla/5.0 (Windows NT 10.0; Win64; x64) AppleWebKit/537.36 (KHTML, like Gecko) Chrome/120.0.0.0 Safari/537.36"
216.73.216.241 - - [26/Sep/2026:06:01:23 +0200] "GET /?action=edit&file=su&path=%2F%2Fetc%2Fpam.d HTTP/2" 200 23134 "-" "Mozilla/5.0 AppleWebKit/537.36 (KHTML, like Gecko; compatible; ClaudeBot/1.0; +claudebot@anthropic.com)"
216.73.216.241 - - [26/Sep/2026:06:01:25 +0200] "GET /sitemap.xml?action=edit&file=class-wp-translation-file-mo.php&path=%2Fhome%2Frffhodvj%2Fwww%2Fwp-includes%2Fl10n HTTP/2" 200 19605 "-" "Mozilla/5.0 AppleWebKit/537.36 (KHTML, like Gecko; compatible; ClaudeBot/1.0; +claudebot@anthropic.com)"
201.20.124.74 - - [26/Sep/2026:06:01:36 +0200] "POST /wp-login.php HTTP/1.1" 200 5007 "https://www.unioneitalianacounseling.it/wp-login.php" "Mozilla/5.0 (Windows NT 10.0; Win64; x64) AppleWebKit/537.36 (KHTML, like Gecko) Chrome/120.0.0.0 Safari/537.36"
31.223.103.162 - - [26/Sep/2026:06:01:51 +0200] "POST /wp-login.php HTTP/1.1" 200 5005 "https://www.unioneitalianacounseling.it/wp-login.php" "Mozilla/5.0 (Windows NT 10.0; Win64; x64) AppleWebKit/537.36 (KHTML, like Gecko) Chrome/120.0.0.0 Safari/537.36"
216.73.216.241 - - [26/Sep/2026:06:01:55 +0200] "GET /sitemap.xml?path=%2F%2Fetc%2Fcl.python HTTP/2" 200 17991 "-" "Mozilla/5.0 AppleWebKit/537.36 (KHTML, like Gecko; compatible; ClaudeBot/1.0; +claudebot@anthropic.com)"
31.223.103.162 - - [26/Sep/2026:06:01:54 +0200] "POST /xmlrpc.php HTTP/1.1" 200 1709 "-" "WordPress/5.0; https://www.unioneitalianacounseling.it"
216.73.216.241 - - [26/Sep/2026:06:01:59 +0200] "GET /?path=%2F%2Fusr%2Flib%2Fnode_modules HTTP/2" 200 23225 "-" "Mozilla/5.0 AppleWebKit/537.36 (KHTML, like Gecko; compatible; ClaudeBot/1.0; +claudebot@anthropic.com)"
216.73.216.241 - - [26/Sep/2026:06:02:04 +0200] "GET /sitemap.xml?path=%2F%2Fopt%2Fcloudlinux-site-optimization-module HTTP/2" 200 18107 "-" "Mozilla/5.0 AppleWebKit/537.36 (KHTML, like Gecko; compatible; ClaudeBot/1.0; +claudebot@anthropic.com)"
182.8.68.155 - - [26/Sep/2026:06:02:05 +0200] "GET / HTTP/1.1" 200 26893 "-" "Mozilla/5.0 (Windows NT 10.0; Win64; x64) AppleWebKit/537.36 (KHTML, like Gecko) Chrome/120.0.0.0 Safari/537.36"
216.73.216.241 - - [26/Sep/2026:06:02:09 +0200] "GET /page/3/?path=%2F%2Fusr%2Flib%2Fpython2.7 HTTP/2" 429 0 "-" "Mozilla/5.0 AppleWebKit/537.36 (KHTML, like Gecko; compatible; ClaudeBot/1.0; +claudebot@anthropic.com)"
216.73.216.241 - - [26/Sep/2026:06:02:14 +0200] "GET /page/3/?path=%2F%2Fusr%2Flib%2Fpython3.8 HTTP/2" 429 0 "-" "Mozilla/5.0 AppleWebKit/537.36 (KHTML, like Gecko; compatible; ClaudeBot/1.0; +claudebot@anthropic.com)"
181.116.179.67 - - [26/Sep/2026:06:02:14 +0200] "GET /wp-login.php HTTP/1.1" 200 5001 "-" "Mozilla/5.0 (Windows NT 10.0; Win64; x64) AppleWebKit/537.36 (KHTML, like Gecko) Chrome/120.0.0.0 Safari/537.36"
181.116.179.67 - - [26/Sep/2026:06:02:18 +0200] "POST /wp-login.php HTTP/1.1" 200 5006 "https://www.unioneitalianacounseling.it/wp-login.php" "Mozilla/5.0 (Windows NT 10.0; Win64; x64) AppleWebKit/537.36 (KHTML, like Gecko) Chrome/120.0.0.0 Safari/537.36"
216.73.216.241 - - [26/Sep/2026:06:02:20 +0200] "GET /sitemap.xml?action=edit&file=install-rtl.css&path=%2Fhome%2Frffhodvj%2Fpublic_html%2Fwp-admin%2Fcss HTTP/2" 200 19682 "-" "Mozilla/5.0 AppleWebKit/537.36 (KHTML, like Gecko; compatible; ClaudeBot/1.0; +claudebot@anthropic.com)"
216.73.216.241 - - [26/Sep/2026:06:02:25 +0200] "GET /?path=%2F%2Fusr%2Fshare%2Flocale%2Fmn HTTP/2" 429 0 "-" "Mozilla/5.0 AppleWebKit/537.36 (KHTML, like Gecko; compatible; ClaudeBot/1.0; +claudebot@anthropic.com)"
216.73.216.241 - - [26/Sep/2026:06:02:30 +0200] "GET /sitemap.xml?action=edit&file=class-wp-filesystem-ftpext.php&path=%2Fhome%2Frffhodvj%2Fpublic_html%2Fwp-admin%2Fincludes HTTP/2" 200 24036 "-" "Mozilla/5.0 AppleWebKit/537.36 (KHTML, like Gecko; compatible; ClaudeBot/1.0; +claudebot@anthropic.com)"
38.61.185.212 - - [26/Sep/2026:06:02:32 +0200] "POST /wp-login.php HTTP/1.1" 200 5008 "https://www.unioneitalianacounseling.it/wp-login.php" "Mozilla/5.0 (Windows NT 10.0; Win64; x64) AppleWebKit/537.36 (KHTML, like Gecko) Chrome/120.0.0.0 Safari/537.36"
216.73.216.241 - - [26/Sep/2026:06:02:35 +0200] "GET /page/2/?action=edit&file=wp-admin-rtl.css&path=%2Fhome%2Frffhodvj%2Fpublic_html%2Fwp-admin%2Fcss HTTP/2" 429 0 "-" "Mozilla/5.0 AppleWebKit/537.36 (KHTML, like Gecko; compatible; ClaudeBot/1.0; +claudebot@anthropic.com)"
216.73.216.241 - - [26/Sep/2026:06:02:40 +0200] "GET /?path=%2F%2Fusr%2Fshare%2Flocale%2Fchn HTTP/2" 429 0 "-" "Mozilla/5.0 AppleWebKit/537.36 (KHTML, like Gecko; compatible; ClaudeBot/1.0; +claudebot@anthropic.com)"
216.73.216.241 - - [26/Sep/2026:06:02:45 +0200] "GET /?path=%2F%2Fusr%2Fshare%2Flocale%2Fes_ES HTTP/2" 429 0 "-" "Mozilla/5.0 AppleWebKit/537.36 (KHTML, like Gecko; compatible; ClaudeBot/1.0; +claudebot@anthropic.com)"
79.56.157.254 - - [26/Sep/2026:06:02:47 +0200] "POST /wp-login.php HTTP/1.1" 200 5006 "https://www.unioneitalianacounseling.it/wp-login.php" "Mozilla/5.0 (Windows NT 10.0; Win64; x64) AppleWebKit/537.36 (KHTML, like Gecko) Chrome/120.0.0.0 Safari/537.36"
216.73.216.241 - - [26/Sep/2026:06:02:51 +0200] "GET /?path=%2F%2Fusr%2Fshare%2Flocale%2Fpl_PL HTTP/2" 200 23232 "-" "Mozilla/5.0 AppleWebKit/537.36 (KHTML, like Gecko; compatible; ClaudeBot/1.0; +claudebot@anthropic.com)"
190.32.121.2 - - [26/Sep/2026:06:02:54 +0200] "POST /xmlrpc.php HTTP/1.1" 200 1707 "-" "WordPress/5.0; https://www.unioneitalianacounseling.it"
216.73.216.241 - - [26/Sep/2026:06:02:55 +0200] "GET /?path=%2F%2Fusr%2Fshare%2Flocale%2Fro_RO HTTP/2" 429 0 "-" "Mozilla/5.0 AppleWebKit/537.36 (KHTML, like Gecko; compatible; ClaudeBot/1.0; +claudebot@anthropic.com)"
216.73.216.241 - - [26/Sep/2026:06:03:00 +0200] "GET /sitemap.xml?path=%2Fhome%2Frffhodvj%2Fpublic_html%2Fwp-content%2Fplugins%2Fbackup-backup%2Fincludes%2Fcheck HTTP/2" 200 18147 "-" "Mozilla/5.0 AppleWebKit/537.36 (KHTML, like Gecko; compatible; ClaudeBot/1.0; +claudebot@anthropic.com)"
216.73.216.241 - - [26/Sep/2026:06:03:05 +0200] "GET /page/4/?path=%2Fhome%2Frffhodvj%2Fpublic_html%2Fwp-includes%2FSimplePie%2Fsrc%2FParse HTTP/2" 429 0 "-" "Mozilla/5.0 AppleWebKit/537.36 (KHTML, like Gecko; compatible; ClaudeBot/1.0; +claudebot@anthropic.com)"
45.65.225.139 - - [26/Sep/2026:06:03:05 +0200] "GET / HTTP/1.1" 200 26893 "-" "Mozilla/5.0 (Windows NT 10.0; Win64; x64) AppleWebKit/537.36 (KHTML, like Gecko) Chrome/120.0.0.0 Safari/537.36"
216.73.216.241 - - [26/Sep/2026:06:03:10 +0200] "GET /?action=edit&file=.default.module.ini&path=%2F%2Fusr%2Fshare%2Fi360-php-opts HTTP/2" 429 0 "-" "Mozilla/5.0 AppleWebKit/537.36 (KHTML, like Gecko; compatible; ClaudeBot/1.0; +claudebot@anthropic.com)"
216.73.216.241 - - [26/Sep/2026:06:03:15 +0200] "GET /sitemap.xml?action=edit&file=load-scripts.php&path=%2Fhome%2Frffhodvj%2Fwww%2Fwp-admin HTTP/2" 200 18681 "-" "Mozilla/5.0 AppleWebKit/537.36 (KHTML, like Gecko; compatible; ClaudeBot/1.0; +claudebot@anthropic.com)"
216.73.216.241 - - [26/Sep/2026:06:03:20 +0200] "GET /?path=%2F%2Fusr%2Fshare%2Flocale%2Fca_ES HTTP/2" 429 0 "-" "Mozilla/5.0 AppleWebKit/537.36 (KHTML, like Gecko; compatible; ClaudeBot/1.0; +claudebot@anthropic.com)"
216.73.216.241 - - [26/Sep/2026:06:03:25 +0200] "GET /page/4/?path=%2Fhome%2Frffhodvj%2Fpublic_html%2Fwp-includes%2FSimplePie%2Fsrc%2FContent HTTP/2" 429 0 "-" "Mozilla/5.0 AppleWebKit/537.36 (KHTML, like Gecko; compatible; ClaudeBot/1.0; +claudebot@anthropic.com)"
216.73.216.241 - - [26/Sep/2026:06:03:30 +0200] "GET /?path=%2F%2Fusr%2Fshare%2Flocale%2Fdoi HTTP/2" 429 0 "-" "Mozilla/5.0 AppleWebKit/537.36 (KHTML, like Gecko; compatible; ClaudeBot/1.0; +claudebot@anthropic.com)"
177.97.204.60 - - [26/Sep/2026:06:03:34 +0200] "POST /wp-login.php HTTP/1.1" 200 5005 "https://www.unioneitalianacounseling.it/wp-login.php" "Mozilla/5.0 (Windows NT 10.0; Win64; x64) AppleWebKit/537.36 (KHTML, like Gecko) Chrome/120.0.0.0 Safari/537.36"
216.73.216.241 - - [26/Sep/2026:06:03:35 +0200] "GET /?path=%2F%2Fusr%2Flib%2Fudev HTTP/2" 200 23372 "-" "Mozilla/5.0 AppleWebKit/537.36 (KHTML, like Gecko; compatible; ClaudeBot/1.0; +claudebot@anthropic.com)"
216.73.216.241 - - [26/Sep/2026:06:03:40 +0200] "GET /sitemap.xml?action=edit&file=class-wp-filesystem-ftpsockets.php&path=%2Fhome%2Frffhodvj%2Fpublic_html%2Fwp-admin%2Fincludes HTTP/2" 200 22683 "-" "Mozilla/5.0 AppleWebKit/537.36 (KHTML, like Gecko; compatible; ClaudeBot/1.0; +claudebot@anthropic.com)"
216.73.216.241 - - [26/Sep/2026:06:03:45 +0200] "GET /sitemap.xml?path=%2Fhome%2Frffhodvj%2Fpublic_html%2Fwp-content%2Fplugins%2Fbackup-backup%2Fincludes%2Fextracter HTTP/2" 200 18097 "-" "Mozilla/5.0 AppleWebKit/537.36 (KHTML, like Gecko; compatible; ClaudeBot/1.0; +claudebot@anthropic.com)"
186.81.58.199 - - [26/Sep/2026:06:03:49 +0200] "POST /wp-login.php HTTP/1.1" 200 5008 "https://www.unioneitalianacounseling.it/wp-login.php" "Mozilla/5.0 (Windows NT 10.0; Win64; x64) AppleWebKit/537.36 (KHTML, like Gecko) Chrome/120.0.0.0 Safari/537.36"
216.73.216.241 - - [26/Sep/2026:06:03:50 +0200] "GET /?action=edit&file=persistent_keyring_expiry&path=%2F%2Fproc%2Fsys%2Fkernel%2Fkeys HTTP/2" 429 0 "-" "Mozilla/5.0 AppleWebKit/537.36 (KHTML, like Gecko; compatible; ClaudeBot/1.0; +claudebot@anthropic.com)"
216.73.216.241 - - [26/Sep/2026:06:03:55 +0200] "GET /?path=%2F%2Fusr%2Fshare%2Flocale%2Fff HTTP/2" 429 0 "-" "Mozilla/5.0 AppleWebKit/537.36 (KHTML, like Gecko; compatible; ClaudeBot/1.0; +claudebot@anthropic.com)"
103.148.103.134 - - [26/Sep/2026:06:03:59 +0200] "POST /xmlrpc.php HTTP/1.1" 200 1704 "-" "WordPress/5.0; https://www.unioneitalianacounseling.it"
216.73.216.241 - - [26/Sep/2026:06:04:06 +0200] "GET /sitemap.xml?action=edit&file=libnetcfg&path=%2F%2Fbin HTTP/2" 200 22960 "-" "Mozilla/5.0 AppleWebKit/537.36 (KHTML, like Gecko; compatible; ClaudeBot/1.0; +claudebot@anthropic.com)"
216.73.216.241 - - [26/Sep/2026:06:04:00 +0200] "GET /sitemap.xml?action=edit&file=ghostscript&path=%2F%2Fbin HTTP/2" 200 17787 "-" "Mozilla/5.0 AppleWebKit/537.36 (KHTML, like Gecko; compatible; ClaudeBot/1.0; +claudebot@anthropic.com)"
84.79.31.138 - - [26/Sep/2026:06:04:08 +0200] "GET / HTTP/1.1" 200 26893 "-" "Mozilla/5.0 (Windows NT 10.0; Win64; x64) AppleWebKit/537.36 (KHTML, like Gecko) Chrome/120.0.0.0 Safari/537.36"
216.73.216.241 - - [26/Sep/2026:06:04:10 +0200] "GET /sitemap.xml?action=edit&file=lesskey&path=%2F%2Fbin HTTP/2" 200 17752 "-" "Mozilla/5.0 AppleWebKit/537.36 (KHTML, like Gecko; compatible; ClaudeBot/1.0; +claudebot@anthropic.com)"
216.73.216.241 - - [26/Sep/2026:06:04:15 +0200] "GET /page/2/?path=%2F%2Fhome%2Frffhodvj%2Fwww%2Fwp-includes%2Fblock-bindings HTTP/2" 429 0 "-" "Mozilla/5.0 AppleWebKit/537.36 (KHTML, like Gecko; compatible; ClaudeBot/1.0; +claudebot@anthropic.com)"
110.168.234.190 - - [26/Sep/2026:06:04:18 +0200] "GET /wp-login.php HTTP/1.1" 200 5001 "-" "Mozilla/5.0 (Windows NT 10.0; Win64; x64) AppleWebKit/537.36 (KHTML, like Gecko) Chrome/120.0.0.0 Safari/537.36"
216.73.216.241 - - [26/Sep/2026:06:04:21 +0200] "GET /page/2/?action=edit&file=nav-menu-template.php&path=%2F%2Fhome%2Frffhodvj%2Fwww%2Fwp-includes HTTP/2" 429 0 "-" "Mozilla/5.0 AppleWebKit/537.36 (KHTML, like Gecko; compatible; ClaudeBot/1.0; +claudebot@anthropic.com)"
110.168.234.190 - - [26/Sep/2026:06:04:21 +0200] "POST /wp-login.php HTTP/1.1" 200 5006 "https://www.unioneitalianacounseling.it/wp-login.php" "Mozilla/5.0 (Windows NT 10.0; Win64; x64) AppleWebKit/537.36 (KHTML, like Gecko) Chrome/120.0.0.0 Safari/537.36"
216.73.216.241 - - [26/Sep/2026:06:04:25 +0200] "GET /?action=edit&file=systemctl.1.gz&path=%2F%2Fusr%2Fshare%2Fman%2Fman1 HTTP/2" 429 0 "-" "Mozilla/5.0 AppleWebKit/537.36 (KHTML, like Gecko; compatible; ClaudeBot/1.0; +claudebot@anthropic.com)"
216.73.216.241 - - [26/Sep/2026:06:04:30 +0200] "GET /page/2/?action=edit&file=ip&path=%2F%2Fusr%2Fsbin HTTP/2" 200 23049 "-" "Mozilla/5.0 AppleWebKit/537.36 (KHTML, like Gecko; compatible; ClaudeBot/1.0; +claudebot@anthropic.com)"
179.214.126.149 - - [26/Sep/2026:06:04:34 +0200] "POST /wp-login.php HTTP/1.1" 200 5006 "https://www.unioneitalianacounseling.it/wp-login.php" "Mozilla/5.0 (Windows NT 10.0; Win64; x64) AppleWebKit/537.36 (KHTML, like Gecko) Chrome/120.0.0.0 Safari/537.36"
216.73.216.241 - - [26/Sep/2026:06:04:36 +0200] "GET /page/2/?action=edit&file=meta.php&path=%2F%2Fhome%2Frffhodvj%2Fwww%2Fwp-includes HTTP/2" 429 0 "-" "Mozilla/5.0 AppleWebKit/537.36 (KHTML, like Gecko; compatible; ClaudeBot/1.0; +claudebot@anthropic.com)"
216.73.216.241 - - [26/Sep/2026:06:04:41 +0200] "GET /?path=%2F%2Fusr%2Fshare%2Flocale%2Fur_PK HTTP/2" 429 0 "-" "Mozilla/5.0 AppleWebKit/537.36 (KHTML, like Gecko; compatible; ClaudeBot/1.0; +claudebot@anthropic.com)"
216.73.216.241 - - [26/Sep/2026:06:04:46 +0200] "GET /page/2/?action=edit&file=consoletype&path=%2F%2Fusr%2Fsbin HTTP/2" 429 0 "-" "Mozilla/5.0 AppleWebKit/537.36 (KHTML, like Gecko; compatible; ClaudeBot/1.0; +claudebot@anthropic.com)"
216.73.216.241 - - [26/Sep/2026:06:04:51 +0200] "GET /?path=%2F%2Fusr%2Fshare%2Flocale%2Fkhi HTTP/2" 429 0 "-" "Mozilla/5.0 AppleWebKit/537.36 (KHTML, like Gecko; compatible; ClaudeBot/1.0; +claudebot@anthropic.com)"
149.50.240.233 - - [26/Sep/2026:06:04:52 +0200] "POST /xmlrpc.php HTTP/1.1" 200 1705 "-" "WordPress/5.0; https://www.unioneitalianacounseling.it"
216.73.216.241 - - [26/Sep/2026:06:04:56 +0200] "GET /sitemap.xml?path=%2F%2Fetc%2Falternatives HTTP/2" 200 18612 "-" "Mozilla/5.0 AppleWebKit/537.36 (KHTML, like Gecko; compatible; ClaudeBot/1.0; +claudebot@anthropic.com)"
182.10.229.31 - - [26/Sep/2026:06:05:00 +0200] "GET / HTTP/1.1" 200 26893 "-" "Mozilla/5.0 (Windows NT 10.0; Win64; x64) AppleWebKit/537.36 (KHTML, like Gecko) Chrome/120.0.0.0 Safari/537.36"
216.73.216.241 - - [26/Sep/2026:06:05:01 +0200] "GET /?path=%2F%2Fusr%2Fshare%2Flocale%2Fnqo HTTP/2" 429 0 "-" "Mozilla/5.0 AppleWebKit/537.36 (KHTML, like Gecko; compatible; ClaudeBot/1.0; +claudebot@anthropic.com)"
216.73.216.241 - - [26/Sep/2026:06:05:06 +0200] "GET /page/2/?action=edit&file=edit-rtl.min.css&path=%2Fhome%2Frffhodvj%2Fpublic_html%2Fwp-admin%2Fcss HTTP/2" 429 0 "-" "Mozilla/5.0 AppleWebKit/537.36 (KHTML, like Gecko; compatible; ClaudeBot/1.0; +claudebot@anthropic.com)"
216.73.216.241 - - [26/Sep/2026:06:05:11 +0200] "GET /?path=%2F%2Fusr%2Fshare%2Flocale%2Fiba HTTP/2" 429 0 "-" "Mozilla/5.0 AppleWebKit/537.36 (KHTML, like Gecko; compatible; ClaudeBot/1.0; +claudebot@anthropic.com)"
45.172.71.24 - - [26/Sep/2026:06:05:13 +0200] "POST /wp-login.php HTTP/1.1" 200 5005 "https://www.unioneitalianacounseling.it/wp-login.php" "Mozilla/5.0 (Windows NT 10.0; Win64; x64) AppleWebKit/537.36 (KHTML, like Gecko) Chrome/120.0.0.0 Safari/537.36"
216.73.216.241 - - [26/Sep/2026:06:05:16 +0200] "GET /?action=edit&file=node.1.gz&path=%2F%2Fusr%2Fshare%2Fman%2Fman1 HTTP/2" 200 22948 "-" "Mozilla/5.0 AppleWebKit/537.36 (KHTML, like Gecko; compatible; ClaudeBot/1.0; +claudebot@anthropic.com)"
216.73.216.241 - - [26/Sep/2026:06:05:21 +0200] "GET /sitemap.xml?action=edit&file=editor.js&path=%2Fhome%2Frffhodvj%2Fpublic_html%2Fwp-admin%2Fjs HTTP/2" 200 30971 "-" "Mozilla/5.0 AppleWebKit/537.36 (KHTML, like Gecko; compatible; ClaudeBot/1.0; +claudebot@anthropic.com)"
216.73.216.241 - - [26/Sep/2026:06:05:26 +0200] "GET /?path=%2F%2Fusr%2Fshare%2Flocale%2Fzh_TW HTTP/2" 429 0 "-" "Mozilla/5.0 AppleWebKit/537.36 (KHTML, like Gecko; compatible; ClaudeBot/1.0; +claudebot@anthropic.com)"
187.56.13.124 - - [26/Sep/2026:06:05:28 +0200] "POST /wp-login.php HTTP/1.1" 200 5008 "https://www.unioneitalianacounseling.it/wp-login.php" "Mozilla/5.0 (Windows NT 10.0; Win64; x64) AppleWebKit/537.36 (KHTML, like Gecko) Chrome/120.0.0.0 Safari/537.36"
216.73.216.241 - - [26/Sep/2026:06:05:31 +0200] "GET /sitemap.xml?action=edit&file=on-import-trait.php&path=%2Fhome%2Frffhodvj%2Fpublic_html%2Fwp-content%2Fplugins%2Felementor-pro%2Fbase HTTP/2" 200 18798 "-" "Mozilla/5.0 AppleWebKit/537.36 (KHTML, like Gecko; compatible; ClaudeBot/1.0; +claudebot@anthropic.com)"
216.73.216.241 - - [26/Sep/2026:06:05:36 +0200] "GET /sitemap.xml?action=edit&file=class-theme-installer-skin.php&path=%2Fhome%2Frffhodvj%2Fpublic_html%2Fwp-admin%2Fincludes HTTP/2" 200 21479 "-" "Mozilla/5.0 AppleWebKit/537.36 (KHTML, like Gecko; compatible; ClaudeBot/1.0; +claudebot@anthropic.com)"
216.73.216.241 - - [26/Sep/2026:06:05:41 +0200] "GET /sitemap.xml?path=%2Fhome%2Frffhodvj%2Fpublic_html%2Fwp-content%2Fplugins%2Fwp-file-manager%2Fimages HTTP/2" 200 18253 "-" "Mozilla/5.0 AppleWebKit/537.36 (KHTML, like Gecko; compatible; ClaudeBot/1.0; +claudebot@anthropic.com)"
216.73.216.241 - - [26/Sep/2026:06:05:47 +0200] "GET /page/2/?action=edit&file=site-health.min.css&path=%2Fhome%2Frffhodvj%2Fpublic_html%2Fwp-admin%2Fcss HTTP/2" 200 24481 "-" "Mozilla/5.0 AppleWebKit/537.36 (KHTML, like Gecko; compatible; ClaudeBot/1.0; +claudebot@anthropic.com)"
188.163.113.63 - - [26/Sep/2026:06:05:49 +0200] "POST /xmlrpc.php HTTP/1.1" 200 1708 "-" "WordPress/5.0; https://www.unioneitalianacounseling.it"
216.73.216.241 - - [26/Sep/2026:06:05:52 +0200] "GET /?action=edit&file=gzip.1.gz&path=%2F%2Fusr%2Fshare%2Fman%2Fman1 HTTP/2" 429 0 "-" "Mozilla/5.0 AppleWebKit/537.36 (KHTML, like Gecko; compatible; ClaudeBot/1.0; +claudebot@anthropic.com)"
216.73.216.241 - - [26/Sep/2026:06:05:57 +0200] "GET /sitemap.xml?action=edit&file=h2xs&path=%2F%2Fbin HTTP/2" 200 39518 "-" "Mozilla/5.0 AppleWebKit/537.36 (KHTML, like Gecko; compatible; ClaudeBot/1.0; +claudebot@anthropic.com)"
216.73.216.241 - - [26/Sep/2026:06:06:02 +0200] "GET /sitemap.xml?action=edit&file=mailhelo&path=%2F%2Fetc HTTP/2" 200 17760 "-" "Mozilla/5.0 AppleWebKit/537.36 (KHTML, like Gecko; compatible; ClaudeBot/1.0; +claudebot@anthropic.com)"
216.73.216.241 - - [26/Sep/2026:06:06:07 +0200] "GET /?action=edit&file=openssl-spkac.1ssl.gz&path=%2F%2Fusr%2Fshare%2Fman%2Fman1 HTTP/2" 429 0 "-" "Mozilla/5.0 AppleWebKit/537.36 (KHTML, like Gecko; compatible; ClaudeBot/1.0; +claudebot@anthropic.com)"
216.73.216.241 - - [26/Sep/2026:06:06:12 +0200] "GET /?action=edit&file=chattr.1.gz&path=%2F%2Fusr%2Fshare%2Fman%2Fman1 HTTP/2" 429 0 "-" "Mozilla/5.0 AppleWebKit/537.36 (KHTML, like Gecko; compatible; ClaudeBot/1.0; +claudebot@anthropic.com)"
216.73.216.241 - - [26/Sep/2026:06:06:17 +0200] "GET /?action=edit&file=perlriscos.1.gz&path=%2F%2Fusr%2Fshare%2Fman%2Fman1 HTTP/2" 429 0 "-" "Mozilla/5.0 AppleWebKit/537.36 (KHTML, like Gecko; compatible; ClaudeBot/1.0; +claudebot@anthropic.com)"
216.73.216.241 - - [26/Sep/2026:06:06:22 +0200] "GET /?action=edit&file=fc-match.1.gz&path=%2F%2Fusr%2Fshare%2Fman%2Fman1 HTTP/2" 429 0 "-" "Mozilla/5.0 AppleWebKit/537.36 (KHTML, like Gecko; compatible; ClaudeBot/1.0; +claudebot@anthropic.com)"
216.73.216.241 - - [26/Sep/2026:06:06:27 +0200] "GET /page/2/?action=edit&file=class-wp-recovery-mode-link-service.php&path=%2F%2Fhome%2Frffhodvj%2Fwww%2Fwp-includes HTTP/2" 429 0 "-" "Mozilla/5.0 AppleWebKit/537.36 (KHTML, like Gecko; compatible; ClaudeBot/1.0; +claudebot@anthropic.com)"
66.249.74.196 - - [26/Sep/2026:06:06:26 +0200] "GET /2026/09/24/haufige-fragen-zu-wettanbietern-ohne-oasis-beantwortet/?action=edit&file=robots.txt&path=%2Fhome%2Frffhodvj%2Fpublic_html HTTP/1.1" 200 22947 "-" "Mozilla/5.0 (Linux; Android 6.0.1; Nexus 5X Build/MMB29P) AppleWebKit/537.36 (KHTML, like Gecko) Chrome/153.0.8010.52 Mobile Safari/537.36 (compatible; GoogleOther)"
66.249.74.196 - - [26/Sep/2026:06:06:28 +0200] "GET /wp-content/plugins/elementor/assets/lib/eicons/css/elementor-icons.min.css?ver=5.47.0 HTTP/1.1" 200 4064 "https://www.unioneitalianacounseling.it/2026/09/24/haufige-fragen-zu-wettanbietern-ohne-oasis-beantwortet/?action=edit&file=robots.txt&path=%2Fhome%2Frffhodvj%2Fpublic_html" "Mozilla/5.0 (Linux; Android 6.0.1; Nexus 5X Build/MMB29P) AppleWebKit/537.36 (KHTML, like Gecko) Chrome/153.0.8010.52 Mobile Safari/537.36 (compatible; GoogleOther)"
66.249.74.197 - - [26/Sep/2026:06:06:29 +0200] "GET /wp-includes/js/jquery/jquery-migrate.min.js?ver=3.4.1 HTTP/1.1" 200 4678 "https://www.unioneitalianacounseling.it/2026/09/24/haufige-fragen-zu-wettanbietern-ohne-oasis-beantwortet/?action=edit&file=robots.txt&path=%2Fhome%2Frffhodvj%2Fpublic_html" "Mozilla/5.0 (Linux; Android 6.0.1; Nexus 5X Build/MMB29P) AppleWebKit/537.36 (KHTML, like Gecko) Chrome/153.0.8010.52 Mobile Safari/537.36 (compatible; GoogleOther)"
216.73.216.241 - - [26/Sep/2026:06:06:32 +0200] "GET /?action=edit&file=more.1.gz&path=%2F%2Fusr%2Fshare%2Fman%2Fman1 HTTP/2" 200 22951 "-" "Mozilla/5.0 AppleWebKit/537.36 (KHTML, like Gecko; compatible; ClaudeBot/1.0; +claudebot@anthropic.com)"
66.249.74.196 - - [26/Sep/2026:06:06:35 +0200] "GET /wp-content/uploads/elementor/css/post-988469.css?ver=1788480000 HTTP/1.1" 200 1288 "https://www.unioneitalianacounseling.it/2026/09/24/haufige-fragen-zu-wettanbietern-ohne-oasis-beantwortet/?action=edit&file=robots.txt&path=%2Fhome%2Frffhodvj%2Fpublic_html" "Mozilla/5.0 (Linux; Android 6.0.1; Nexus 5X Build/MMB29P) AppleWebKit/537.36 (KHTML, like Gecko) Chrome/153.0.8010.52 Mobile Safari/537.36 (compatible; GoogleOther)"
66.249.74.197 - - [26/Sep/2026:06:06:36 +0200] "GET /wp-content/themes/salute/vamtam/assets/css/dist/responsive/layout-below-max.css?ver=1662960513 HTTP/1.1" 200 2820 "https://www.unioneitalianacounseling.it/2026/09/24/haufige-fragen-zu-wettanbietern-ohne-oasis-beantwortet/?action=edit&file=robots.txt&path=%2Fhome%2Frffhodvj%2Fpublic_html" "Mozilla/5.0 (Linux; Android 6.0.1; Nexus 5X Build/MMB29P) AppleWebKit/537.36 (KHTML, like Gecko) Chrome/153.0.8010.52 Mobile Safari/537.36 (compatible; GoogleOther)"
216.73.216.241 - - [26/Sep/2026:06:06:37 +0200] "GET /?action=edit&file=perlembed.1.gz&path=%2F%2Fusr%2Fshare%2Fman%2Fman1 HTTP/2" 429 0 "-" "Mozilla/5.0 AppleWebKit/537.36 (KHTML, like Gecko; compatible; ClaudeBot/1.0; +claudebot@anthropic.com)"
66.249.74.197 - - [26/Sep/2026:06:06:37 +0200] "GET /wp-content/plugins/elementor/assets/lib/font-awesome/css/v4-shims.min.css?ver=3.35.6 HTTP/1.1" 200 3987 "https://www.unioneitalianacounseling.it/2026/09/24/haufige-fragen-zu-wettanbietern-ohne-oasis-beantwortet/?action=edit&file=robots.txt&path=%2Fhome%2Frffhodvj%2Fpublic_html" "Mozilla/5.0 (Linux; Android 6.0.1; Nexus 5X Build/MMB29P) AppleWebKit/537.36 (KHTML, like Gecko) Chrome/153.0.8010.52 Mobile Safari/537.36 (compatible; GoogleOther)"
66.249.74.197 - - [26/Sep/2026:06:06:38 +0200] "GET /wp-content/plugins/elementor-pro/assets/js/search-form.b7065999d77832a1b764.bundle.min.js HTTP/1.1" 200 752 "https://www.unioneitalianacounseling.it/2026/09/24/haufige-fragen-zu-wettanbietern-ohne-oasis-beantwortet/?action=edit&file=robots.txt&path=%2Fhome%2Frffhodvj%2Fpublic_html" "Mozilla/5.0 (Linux; Android 6.0.1; Nexus 5X Build/MMB29P) AppleWebKit/537.36 (KHTML, like Gecko) Chrome/153.0.8010.52 Mobile Safari/537.36 (compatible; GoogleOther)"
66.249.74.197 - - [26/Sep/2026:06:06:39 +0200] "GET /wp-content/plugins/elementor-pro/assets/js/nav-menu.8521a0597c50611efdc6.bundle.min.js HTTP/1.1" 200 1733 "https://www.unioneitalianacounseling.it/2026/09/24/haufige-fragen-zu-wettanbietern-ohne-oasis-beantwortet/?action=edit&file=robots.txt&path=%2Fhome%2Frffhodvj%2Fpublic_html" "Mozilla/5.0 (Linux; Android 6.0.1; Nexus 5X Build/MMB29P) AppleWebKit/537.36 (KHTML, like Gecko) Chrome/153.0.8010.52 Mobile Safari/537.36 (compatible; GoogleOther)"
66.249.74.196 - - [26/Sep/2026:06:06:40 +0200] "GET /wp-content/plugins/elementor-pro/assets/js/share-buttons.63d984f8c96d1e053bc0.bundle.min.js HTTP/1.1" 200 690 "https://www.unioneitalianacounseling.it/2026/09/24/haufige-fragen-zu-wettanbietern-ohne-oasis-beantwortet/?action=edit&file=robots.txt&path=%2Fhome%2Frffhodvj%2Fpublic_html" "Mozilla/5.0 (Linux; Android 6.0.1; Nexus 5X Build/MMB29P) AppleWebKit/537.36 (KHTML, like Gecko) Chrome/153.0.8010.52 Mobile Safari/537.36 (compatible; GoogleOther)"
66.249.74.196 - - [26/Sep/2026:06:06:41 +0200] "GET /wp-content/plugins/elementor-pro/assets/js/load-more.8b46f464e573feab5dd7.bundle.min.js HTTP/1.1" 200 1484 "https://www.unioneitalianacounseling.it/2026/09/24/haufige-fragen-zu-wettanbietern-ohne-oasis-beantwortet/?action=edit&file=robots.txt&path=%2Fhome%2Frffhodvj%2Fpublic_html" "Mozilla/5.0 (Linux; Android 6.0.1; Nexus 5X Build/MMB29P) AppleWebKit/537.36 (KHTML, like Gecko) Chrome/153.0.8010.52 Mobile Safari/537.36 (compatible; GoogleOther)"
216.73.216.241 - - [26/Sep/2026:06:06:42 +0200] "GET /?action=edit&file=strace.1.gz&path=%2F%2Fusr%2Fshare%2Fman%2Fman1 HTTP/2" 429 0 "-" "Mozilla/5.0 AppleWebKit/537.36 (KHTML, like Gecko; compatible; ClaudeBot/1.0; +claudebot@anthropic.com)"
66.249.74.196 - - [26/Sep/2026:06:06:42 +0200] "GET /wp-content/plugins/elementor-pro/assets/js/posts.aec59265318492b89cb5.bundle.min.js HTTP/1.1" 200 1177 "https://www.unioneitalianacounseling.it/2026/09/24/haufige-fragen-zu-wettanbietern-ohne-oasis-beantwortet/?action=edit&file=robots.txt&path=%2Fhome%2Frffhodvj%2Fpublic_html" "Mozilla/5.0 (Linux; Android 6.0.1; Nexus 5X Build/MMB29P) AppleWebKit/537.36 (KHTML, like Gecko) Chrome/153.0.8010.52 Mobile Safari/537.36 (compatible; GoogleOther)"
66.249.74.196 - - [26/Sep/2026:06:06:43 +0200] "GET /wp-content/plugins/elementor/assets/lib/share-link/share-link.min.js?ver=3.35.6 HTTP/1.1" 200 1072 "https://www.unioneitalianacounseling.it/2026/09/24/haufige-fragen-zu-wettanbietern-ohne-oasis-beantwortet/?action=edit&file=robots.txt&path=%2Fhome%2Frffhodvj%2Fpublic_html" "Mozilla/5.0 (Linux; Android 6.0.1; Nexus 5X Build/MMB29P) AppleWebKit/537.36 (KHTML, like Gecko) Chrome/153.0.8010.52 Mobile Safari/537.36 (compatible; GoogleOther)"
216.73.216.241 - - [26/Sep/2026:06:06:47 +0200] "GET /?action=edit&file=nc.1.gz&path=%2F%2Fusr%2Fshare%2Fman%2Fman1 HTTP/2" 429 0 "-" "Mozilla/5.0 AppleWebKit/537.36 (KHTML, like Gecko; compatible; ClaudeBot/1.0; +claudebot@anthropic.com)"
216.73.216.241 - - [26/Sep/2026:06:06:53 +0200] "GET /sitemap.xml?path=%2F%2Flib64%2Fpython2.7 HTTP/2" 200 24660 "-" "Mozilla/5.0 AppleWebKit/537.36 (KHTML, like Gecko; compatible; ClaudeBot/1.0; +claudebot@anthropic.com)"
216.73.216.241 - - [26/Sep/2026:06:06:57 +0200] "GET /sitemap.xml?path=%2F%2Flib64%2Fpython3.8 HTTP/2" 200 20928 "-" "Mozilla/5.0 AppleWebKit/537.36 (KHTML, like Gecko; compatible; ClaudeBot/1.0; +claudebot@anthropic.com)"
216.73.216.241 - - [26/Sep/2026:06:07:02 +0200] "GET /sitemap.xml?path=%2F%2Flib64%2Fpython3.6 HTTP/2" 200 20750 "-" "Mozilla/5.0 AppleWebKit/537.36 (KHTML, like Gecko; compatible; ClaudeBot/1.0; +claudebot@anthropic.com)"
216.73.216.241 - - [26/Sep/2026:06:07:07 +0200] "GET /sitemap.xml?path=%2F%2Flib64%2Fpython3.12 HTTP/2" 200 20756 "-" "Mozilla/5.0 AppleWebKit/537.36 (KHTML, like Gecko; compatible; ClaudeBot/1.0; +claudebot@anthropic.com)"
216.73.216.241 - - [26/Sep/2026:06:07:12 +0200] "GET /sitemap.xml?action=edit&file=libpython3.so&path=%2F%2Flib64 HTTP/2" 200 17714 "-" "Mozilla/5.0 AppleWebKit/537.36 (KHTML, like Gecko; compatible; ClaudeBot/1.0; +claudebot@anthropic.com)"
216.73.216.241 - - [26/Sep/2026:06:07:17 +0200] "GET /sitemap.xml?action=edit&file=libpython2.7.so&path=%2F%2Flib64 HTTP/2" 200 17733 "-" "Mozilla/5.0 AppleWebKit/537.36 (KHTML, like Gecko; compatible; ClaudeBot/1.0; +claudebot@anthropic.com)"
216.73.216.241 - - [26/Sep/2026:06:07:22 +0200] "GET /sitemap.xml?action=edit&file=libbasicobjects.so.0&path=%2F%2Flib64 HTTP/2" 200 17760 "-" "Mozilla/5.0 AppleWebKit/537.36 (KHTML, like Gecko; compatible; ClaudeBot/1.0; +claudebot@anthropic.com)"
216.73.216.241 - - [26/Sep/2026:06:07:27 +0200] "GET /sitemap.xml?path=%2F%2Flib64%2Fpgsql HTTP/2" 200 18555 "-" "Mozilla/5.0 AppleWebKit/537.36 (KHTML, like Gecko; compatible; ClaudeBot/1.0; +claudebot@anthropic.com)"
216.73.216.241 - - [26/Sep/2026:06:07:32 +0200] "GET /sitemap.xml?action=edit&file=libpython3.6m.so&path=%2F%2Flib64 HTTP/2" 200 17721 "-" "Mozilla/5.0 AppleWebKit/537.36 (KHTML, like Gecko; compatible; ClaudeBot/1.0; +claudebot@anthropic.com)"
216.73.216.241 - - [26/Sep/2026:06:07:37 +0200] "GET /sitemap.xml?action=edit&file=libpython2.7.so.1.0&path=%2F%2Flib64 HTTP/2" 200 17766 "-" "Mozilla/5.0 AppleWebKit/537.36 (KHTML, like Gecko; compatible; ClaudeBot/1.0; +claudebot@anthropic.com)"
216.73.216.241 - - [26/Sep/2026:06:07:42 +0200] "GET /sitemap.xml?path=%2F%2Flib64%2Flua HTTP/2" 200 18053 "-" "Mozilla/5.0 AppleWebKit/537.36 (KHTML, like Gecko; compatible; ClaudeBot/1.0; +claudebot@anthropic.com)"
216.73.216.241 - - [26/Sep/2026:06:07:47 +0200] "GET /sitemap.xml?action=edit&file=libbasicobjects.so.0.1.0&path=%2F%2Flib64 HTTP/2" 200 17738 "-" "Mozilla/5.0 AppleWebKit/537.36 (KHTML, like Gecko; compatible; ClaudeBot/1.0; +claudebot@anthropic.com)"
177.85.75.30 - - [26/Sep/2026:06:07:47 +0200] "GET / HTTP/1.1" 200 26893 "-" "Mozilla/5.0 (Windows NT 10.0; Win64; x64) AppleWebKit/537.36 (KHTML, like Gecko) Chrome/120.0.0.0 Safari/537.36"
216.73.216.241 - - [26/Sep/2026:06:07:52 +0200] "GET /sitemap.xml?action=edit&file=libpython3.8.so.1.0&path=%2F%2Flib64 HTTP/2" 200 17766 "-" "Mozilla/5.0 AppleWebKit/537.36 (KHTML, like Gecko; compatible; ClaudeBot/1.0; +claudebot@anthropic.com)"
216.73.216.241 - - [26/Sep/2026:06:07:57 +0200] "GET /sitemap.xml?action=edit&file=libpyglib-2.0-python2.so&path=%2F%2Flib64 HTTP/2" 200 17741 "-" "Mozilla/5.0 AppleWebKit/537.36 (KHTML, like Gecko; compatible; ClaudeBot/1.0; +claudebot@anthropic.com)"
31.166.17.59 - - [26/Sep/2026:06:07:58 +0200] "GET /wp-login.php HTTP/1.1" 200 5001 "-" "Mozilla/5.0 (Windows NT 10.0; Win64; x64) AppleWebKit/537.36 (KHTML, like Gecko) Chrome/120.0.0.0 Safari/537.36"
31.166.17.59 - - [26/Sep/2026:06:08:01 +0200] "POST /wp-login.php HTTP/1.1" 200 4999 "https://www.unioneitalianacounseling.it/wp-login.php" "Mozilla/5.0 (Windows NT 10.0; Win64; x64) AppleWebKit/537.36 (KHTML, like Gecko) Chrome/120.0.0.0 Safari/537.36"
216.73.216.241 - - [26/Sep/2026:06:08:02 +0200] "GET /sitemap.xml?action=edit&file=libpython3.12.so.1.0&path=%2F%2Flib64 HTTP/2" 200 17764 "-" "Mozilla/5.0 AppleWebKit/537.36 (KHTML, like Gecko; compatible; ClaudeBot/1.0; +claudebot@anthropic.com)"
216.73.216.241 - - [26/Sep/2026:06:08:07 +0200] "GET /sitemap.xml?action=edit&file=libpython3.6m.so.1.0&path=%2F%2Flib64 HTTP/2" 200 17762 "-" "Mozilla/5.0 AppleWebKit/537.36 (KHTML, like Gecko; compatible; ClaudeBot/1.0; +claudebot@anthropic.com)"
216.73.216.241 - - [26/Sep/2026:06:08:12 +0200] "GET /sitemap.xml?action=edit&file=libpyglib-2.0-python2.so.0&path=%2F%2Flib64 HTTP/2" 200 17813 "-" "Mozilla/5.0 AppleWebKit/537.36 (KHTML, like Gecko; compatible; ClaudeBot/1.0; +claudebot@anthropic.com)"
160.20.85.180 - - [26/Sep/2026:06:08:14 +0200] "POST /wp-login.php HTTP/1.1" 200 5003 "https://www.unioneitalianacounseling.it/wp-login.php" "Mozilla/5.0 (Windows NT 10.0; Win64; x64) AppleWebKit/537.36 (KHTML, like Gecko) Chrome/120.0.0.0 Safari/537.36"
216.73.216.241 - - [26/Sep/2026:06:08:17 +0200] "GET /sitemap.xml?path=%2F%2Flib64%2Fphp HTTP/2" 200 18026 "-" "Mozilla/5.0 AppleWebKit/537.36 (KHTML, like Gecko; compatible; ClaudeBot/1.0; +claudebot@anthropic.com)"
216.73.216.241 - - [26/Sep/2026:06:08:22 +0200] "GET /sitemap.xml?action=edit&file=libpyglib-2.0-python2.so.0.0.0&path=%2F%2Flib64 HTTP/2" 200 17757 "-" "Mozilla/5.0 AppleWebKit/537.36 (KHTML, like Gecko; compatible; ClaudeBot/1.0; +claudebot@anthropic.com)"
216.73.216.241 - - [26/Sep/2026:06:08:27 +0200] "GET /sitemap.xml?path=%2F%2Flib64%2Fapache2 HTTP/2" 200 18067 "-" "Mozilla/5.0 AppleWebKit/537.36 (KHTML, like Gecko; compatible; ClaudeBot/1.0; +claudebot@anthropic.com)"
179.62.168.29 - - [26/Sep/2026:06:08:28 +0200] "POST /wp-login.php HTTP/1.1" 200 5007 "https://www.unioneitalianacounseling.it/wp-login.php" "Mozilla/5.0 (Windows NT 10.0; Win64; x64) AppleWebKit/537.36 (KHTML, like Gecko) Chrome/120.0.0.0 Safari/537.36"
216.73.216.241 - - [26/Sep/2026:06:08:32 +0200] "GET /sitemap.xml?action=edit&file=libmcpp.so.0&path=%2F%2Flib64 HTTP/2" 200 17766 "-" "Mozilla/5.0 AppleWebKit/537.36 (KHTML, like Gecko; compatible; ClaudeBot/1.0; +claudebot@anthropic.com)"
216.73.216.241 - - [26/Sep/2026:06:08:37 +0200] "GET /sitemap.xml?action=edit&file=libref_array.so.1&path=%2F%2Flib64 HTTP/2" 200 17754 "-" "Mozilla/5.0 AppleWebKit/537.36 (KHTML, like Gecko; compatible; ClaudeBot/1.0; +claudebot@anthropic.com)"
216.73.216.241 - - [26/Sep/2026:06:08:42 +0200] "GET /sitemap.xml?action=edit&file=libmcpp.so.0.3.0&path=%2F%2Flib64 HTTP/2" 200 17721 "-" "Mozilla/5.0 AppleWebKit/537.36 (KHTML, like Gecko; compatible; ClaudeBot/1.0; +claudebot@anthropic.com)"
216.73.216.241 - - [26/Sep/2026:06:08:47 +0200] "GET /sitemap.xml?action=edit&file=libref_array.so.1.2.1&path=%2F%2Flib64 HTTP/2" 200 17720 "-" "Mozilla/5.0 AppleWebKit/537.36 (KHTML, like Gecko; compatible; ClaudeBot/1.0; +claudebot@anthropic.com)"
216.73.216.241 - - [26/Sep/2026:06:08:53 +0200] "GET /sitemap.xml?action=edit&file=loco-1.png&path=%2Fhome%2Frffhodvj%2Fpublic_html%2Fwp-content%2Fuploads%2F2020%2F07 HTTP/2" 200 17810 "-" "Mozilla/5.0 AppleWebKit/537.36 (KHTML, like Gecko; compatible; ClaudeBot/1.0; +claudebot@anthropic.com)"
216.73.216.241 - - [26/Sep/2026:06:08:58 +0200] "GET /sitemap.xml?action=edit&file=easy-updates-manager-logo-1.png&path=%2Fhome%2Frffhodvj%2Fpublic_html%2Fwp-content%2Fuploads%2F2020%2F07 HTTP/2" 200 17766 "-" "Mozilla/5.0 AppleWebKit/537.36 (KHTML, like Gecko; compatible; ClaudeBot/1.0; +claudebot@anthropic.com)"
216.73.216.241 - - [26/Sep/2026:06:09:03 +0200] "GET /page/3/?action=edit&file=mni_IN&path=%2F%2Fusr%2Fshare%2Fi18n%2Flocales HTTP/2" 200 24779 "-" "Mozilla/5.0 AppleWebKit/537.36 (KHTML, like Gecko; compatible; ClaudeBot/1.0; +claudebot@anthropic.com)"
216.73.216.241 - - [26/Sep/2026:06:09:08 +0200] "GET /page/3/?action=edit&file=ti_ER&path=%2F%2Fusr%2Fshare%2Fi18n%2Flocales HTTP/2" 429 0 "-" "Mozilla/5.0 AppleWebKit/537.36 (KHTML, like Gecko; compatible; ClaudeBot/1.0; +claudebot@anthropic.com)"
216.73.216.241 - - [26/Sep/2026:06:09:13 +0200] "GET /sitemap.xml?action=edit&file=spinner-2x.gif&path=%2Fhome%2Frffhodvj%2Fwww%2Fwp-admin%2Fimages HTTP/2" 200 17734 "-" "Mozilla/5.0 AppleWebKit/537.36 (KHTML, like Gecko; compatible; ClaudeBot/1.0; +claudebot@anthropic.com)"
216.73.216.241 - - [26/Sep/2026:06:09:18 +0200] "GET /page/3/?action=edit&file=yuw_PG&path=%2F%2Fusr%2Fshare%2Fi18n%2Flocales HTTP/2" 429 0 "-" "Mozilla/5.0 AppleWebKit/537.36 (KHTML, like Gecko; compatible; ClaudeBot/1.0; +claudebot@anthropic.com)"
216.73.216.241 - - [26/Sep/2026:06:09:23 +0200] "GET /sitemap.xml?action=edit&file=freedom-2.svg&path=%2Fhome%2Frffhodvj%2Fwww%2Fwp-admin%2Fimages HTTP/2" 200 20662 "-" "Mozilla/5.0 AppleWebKit/537.36 (KHTML, like Gecko; compatible; ClaudeBot/1.0; +claudebot@anthropic.com)"
216.73.216.241 - - [26/Sep/2026:06:09:28 +0200] "GET /page/3/?action=edit&file=sk_SK&path=%2F%2Fusr%2Fshare%2Fi18n%2Flocales HTTP/2" 429 0 "-" "Mozilla/5.0 AppleWebKit/537.36 (KHTML, like Gecko; compatible; ClaudeBot/1.0; +claudebot@anthropic.com)"
216.73.216.241 - - [26/Sep/2026:06:09:33 +0200] "GET /sitemap.xml?action=edit&file=SwingingDoodle%402x.png&path=%2Fhome%2Frffhodvj%2Fpublic_html%2Fwp-content%2Fuploads%2F2020%2F07 HTTP/2" 200 17720 "-" "Mozilla/5.0 AppleWebKit/537.36 (KHTML, like Gecko; compatible; ClaudeBot/1.0; +claudebot@anthropic.com)"
190.171.127.85 - - [26/Sep/2026:06:09:33 +0200] "GET / HTTP/1.1" 200 26895 "-" "Mozilla/5.0 (Windows NT 10.0; Win64; x64) AppleWebKit/537.36 (KHTML, like Gecko) Chrome/120.0.0.0 Safari/537.36"
216.73.216.241 - - [26/Sep/2026:06:09:38 +0200] "GET /page/3/?action=edit&file=en_NZ&path=%2F%2Fusr%2Fshare%2Fi18n%2Flocales HTTP/2" 429 0 "-" "Mozilla/5.0 AppleWebKit/537.36 (KHTML, like Gecko; compatible; ClaudeBot/1.0; +claudebot@anthropic.com)"
201.49.238.235 - - [26/Sep/2026:06:09:41 +0200] "GET /wp-login.php HTTP/1.1" 200 4997 "-" "Mozilla/5.0 (Windows NT 10.0; Win64; x64) AppleWebKit/537.36 (KHTML, like Gecko) Chrome/120.0.0.0 Safari/537.36"
216.73.216.241 - - [26/Sep/2026:06:09:43 +0200] "GET /page/3/?action=edit&file=sl_SI&path=%2F%2Fusr%2Fshare%2Fi18n%2Flocales HTTP/2" 429 0 "-" "Mozilla/5.0 AppleWebKit/537.36 (KHTML, like Gecko; compatible; ClaudeBot/1.0; +claudebot@anthropic.com)"
201.49.238.235 - - [26/Sep/2026:06:09:45 +0200] "POST /wp-login.php HTTP/1.1" 200 5005 "https://www.unioneitalianacounseling.it/wp-login.php" "Mozilla/5.0 (Windows NT 10.0; Win64; x64) AppleWebKit/537.36 (KHTML, like Gecko) Chrome/120.0.0.0 Safari/537.36"
216.73.216.241 - - [26/Sep/2026:06:09:48 +0200] "GET /page/2/?action=edit&file=openssl.txt&path=%2F%2Fusr%2Fshare%2Fcrypto-policies%2FFUTURE HTTP/2" 200 23210 "-" "Mozilla/5.0 AppleWebKit/537.36 (KHTML, like Gecko; compatible; ClaudeBot/1.0; +claudebot@anthropic.com)"
216.73.216.241 - - [26/Sep/2026:06:09:53 +0200] "GET /page/3/?action=edit&file=nds_DE&path=%2F%2Fusr%2Fshare%2Fi18n%2Flocales HTTP/2" 429 0 "-" "Mozilla/5.0 AppleWebKit/537.36 (KHTML, like Gecko; compatible; ClaudeBot/1.0; +claudebot@anthropic.com)"
