216.73.216.241 - - [26/Sep/2026:05:45:19 +0200] "GET /sitemap.xml?path=%2F%2Flib%2F.build-id%2Ff5 HTTP/2" 200 18693 "-" "Mozilla/5.0 AppleWebKit/537.36 (KHTML, like Gecko; compatible; ClaudeBot/1.0; +claudebot@anthropic.com)"
216.73.216.241 - - [26/Sep/2026:05:45:24 +0200] "GET /sitemap.xml?path=%2F%2Flib%2F.build-id%2F5d HTTP/2" 200 19065 "-" "Mozilla/5.0 AppleWebKit/537.36 (KHTML, like Gecko; compatible; ClaudeBot/1.0; +claudebot@anthropic.com)"
66.249.74.198 - - [26/Sep/2026:05:45:28 +0200] "GET /wp-content/plugins/elementor/assets/js/frontend.min.js?ver=3.35.6 HTTP/1.1" 200 10050 "https://www.unioneitalianacounseling.it/2026/09/24/haufige-fragen-zu-wettanbietern-ohne-oasis-beantwortet/" "Mozilla/5.0 (Linux; Android 6.0.1; Nexus 5X Build/MMB29P) AppleWebKit/537.36 (KHTML, like Gecko) Chrome/153.0.8010.52 Mobile Safari/537.36 (compatible; Googlebot/2.1; +http://www.google.com/bot.html)"
216.73.216.241 - - [26/Sep/2026:05:45:29 +0200] "GET /sitemap.xml?path=%2F%2Flib%2F.build-id%2Fd8 HTTP/2" 200 18880 "-" "Mozilla/5.0 AppleWebKit/537.36 (KHTML, like Gecko; compatible; ClaudeBot/1.0; +claudebot@anthropic.com)"
216.73.216.241 - - [26/Sep/2026:05:45:34 +0200] "GET /sitemap.xml?path=%2F%2Flib%2F.build-id%2Fa8 HTTP/2" 200 19191 "-" "Mozilla/5.0 AppleWebKit/537.36 (KHTML, like Gecko; compatible; ClaudeBot/1.0; +claudebot@anthropic.com)"
216.73.216.241 - - [26/Sep/2026:05:45:39 +0200] "GET /sitemap.xml?path=%2F%2Flib%2F.build-id%2F3a HTTP/2" 200 18974 "-" "Mozilla/5.0 AppleWebKit/537.36 (KHTML, like Gecko; compatible; ClaudeBot/1.0; +claudebot@anthropic.com)"
216.73.216.241 - - [26/Sep/2026:05:45:44 +0200] "GET /sitemap.xml?path=%2F%2Flib%2F.build-id%2F0e HTTP/2" 200 19143 "-" "Mozilla/5.0 AppleWebKit/537.36 (KHTML, like Gecko; compatible; ClaudeBot/1.0; +claudebot@anthropic.com)"
216.73.216.241 - - [26/Sep/2026:05:45:49 +0200] "GET /sitemap.xml?path=%2F%2Flib%2F.build-id%2Ff8 HTTP/2" 200 18805 "-" "Mozilla/5.0 AppleWebKit/537.36 (KHTML, like Gecko; compatible; ClaudeBot/1.0; +claudebot@anthropic.com)"
216.73.216.241 - - [26/Sep/2026:05:45:54 +0200] "GET /sitemap.xml?path=%2F%2Flib%2F.build-id%2F4b HTTP/2" 200 18984 "-" "Mozilla/5.0 AppleWebKit/537.36 (KHTML, like Gecko; compatible; ClaudeBot/1.0; +claudebot@anthropic.com)"
216.73.216.241 - - [26/Sep/2026:05:45:59 +0200] "GET /sitemap.xml?path=%2F%2Flib%2F.build-id%2F7b HTTP/2" 200 19134 "-" "Mozilla/5.0 AppleWebKit/537.36 (KHTML, like Gecko; compatible; ClaudeBot/1.0; +claudebot@anthropic.com)"
216.73.216.241 - - [26/Sep/2026:05:46:04 +0200] "GET /sitemap.xml?path=%2F%2Flib%2F.build-id%2Fdd HTTP/2" 200 18980 "-" "Mozilla/5.0 AppleWebKit/537.36 (KHTML, like Gecko; compatible; ClaudeBot/1.0; +claudebot@anthropic.com)"
216.73.216.241 - - [26/Sep/2026:05:46:10 +0200] "GET /sitemap.xml?action=edit&file=admin-network-it_IT.mo&path=%2Fhome%2Frffhodvj%2Fpublic_html%2Fwp-content%2Flanguages HTTP/2" 200 17739 "-" "Mozilla/5.0 AppleWebKit/537.36 (KHTML, like Gecko; compatible; ClaudeBot/1.0; +claudebot@anthropic.com)"
216.73.216.241 - - [26/Sep/2026:05:46:13 +0200] "GET /page/2/?action=edit&file=smaps&path=%2F%2Fproc%2Fthread-self HTTP/2" 200 40687 "-" "Mozilla/5.0 AppleWebKit/537.36 (KHTML, like Gecko; compatible; ClaudeBot/1.0; +claudebot@anthropic.com)"
216.73.216.241 - - [26/Sep/2026:05:46:17 +0200] "GET /page/4/?action=edit&file=widgets.php&path=%2Fhome%2Frffhodvj%2Fpublic_html%2Fwp-includes HTTP/2" 200 39413 "-" "Mozilla/5.0 AppleWebKit/537.36 (KHTML, like Gecko; compatible; ClaudeBot/1.0; +claudebot@anthropic.com)"
216.73.216.241 - - [26/Sep/2026:05:46:22 +0200] "GET /page/2/?action=edit&file=fc-validate&path=%2F%2Fusr%2Fbin HTTP/2" 429 0 "-" "Mozilla/5.0 AppleWebKit/537.36 (KHTML, like Gecko; compatible; ClaudeBot/1.0; +claudebot@anthropic.com)"
216.73.216.241 - - [26/Sep/2026:05:46:26 +0200] "GET /?action=edit&file=host&path=%2F%2Fusr%2Fbin HTTP/2" 429 0 "-" "Mozilla/5.0 AppleWebKit/537.36 (KHTML, like Gecko; compatible; ClaudeBot/1.0; +claudebot@anthropic.com)"
216.73.216.241 - - [26/Sep/2026:05:46:30 +0200] "GET /sitemap.xml?action=edit&file=advanced-cache.php&path=%2Fhome%2Frffhodvj%2Fpublic_html%2Fwp-content HTTP/2" 200 18274 "-" "Mozilla/5.0 AppleWebKit/537.36 (KHTML, like Gecko; compatible; ClaudeBot/1.0; +claudebot@anthropic.com)"
216.73.216.241 - - [26/Sep/2026:05:46:35 +0200] "GET /?action=edit&file=credits.php&path=%2Fhome%2Frffhodvj%2Fpublic_html%2Fwp-admin%2Fincludes HTTP/2" 429 0 "-" "Mozilla/5.0 AppleWebKit/537.36 (KHTML, like Gecko; compatible; ClaudeBot/1.0; +claudebot@anthropic.com)"
216.73.216.241 - - [26/Sep/2026:05:46:40 +0200] "GET /sitemap.xml?path=%2Fhome%2Frffhodvj%2Fpublic_html%2Fwp-content%2Fplugins%2Fthe-post-grid%2Ftemplates%2Flayouts HTTP/2" 200 18195 "-" "Mozilla/5.0 AppleWebKit/537.36 (KHTML, like Gecko; compatible; ClaudeBot/1.0; +claudebot@anthropic.com)"
216.73.216.241 - - [26/Sep/2026:05:46:45 +0200] "GET /sitemap.xml?action=edit&file=version.php&path=%2Fhome%2Frffhodvj%2Fwww%2Fwp-includes HTTP/2" 200 18122 "-" "Mozilla/5.0 AppleWebKit/537.36 (KHTML, like Gecko; compatible; ClaudeBot/1.0; +claudebot@anthropic.com)"
216.73.216.241 - - [26/Sep/2026:05:46:50 +0200] "GET /sitemap.xml?path=%2Fhome%2Frffhodvj%2Fpublic_html%2Fwp-content%2Fuploads%2F2021 HTTP/2" 200 18131 "-" "Mozilla/5.0 AppleWebKit/537.36 (KHTML, like Gecko; compatible; ClaudeBot/1.0; +claudebot@anthropic.com)"
216.73.216.241 - - [26/Sep/2026:05:46:55 +0200] "GET /sitemap.xml?action=edit&file=update-core.php&path=%2Fhome%2Frffhodvj%2Fwww%2Fwp-admin HTTP/2" 200 29027 "-" "Mozilla/5.0 AppleWebKit/537.36 (KHTML, like Gecko; compatible; ClaudeBot/1.0; +claudebot@anthropic.com)"
216.73.216.241 - - [26/Sep/2026:05:47:00 +0200] "GET /sitemap.xml?action=edit&file=class-wp-meta-query.php&path=%2Fhome%2Frffhodvj%2Fwww%2Fwp-includes HTTP/2" 200 25388 "-" "Mozilla/5.0 AppleWebKit/537.36 (KHTML, like Gecko; compatible; ClaudeBot/1.0; +claudebot@anthropic.com)"
216.73.216.241 - - [26/Sep/2026:05:47:06 +0200] "GET /sitemap.xml?action=edit&file=import.php&path=%2Fhome%2Frffhodvj%2Fwww%2Fwp-admin HTTP/2" 200 20413 "-" "Mozilla/5.0 AppleWebKit/537.36 (KHTML, like Gecko; compatible; ClaudeBot/1.0; +claudebot@anthropic.com)"
216.73.216.241 - - [26/Sep/2026:05:47:11 +0200] "GET /sitemap.xml?action=edit&file=edit-form-advanced.php&path=%2Fhome%2Frffhodvj%2Fwww%2Fwp-admin HTTP/2" 200 26819 "-" "Mozilla/5.0 AppleWebKit/537.36 (KHTML, like Gecko; compatible; ClaudeBot/1.0; +claudebot@anthropic.com)"
216.73.216.241 - - [26/Sep/2026:05:47:15 +0200] "GET /page/2/?action=edit&file=realpath&path=%2F%2Fusr%2Fbin HTTP/2" 200 23039 "-" "Mozilla/5.0 AppleWebKit/537.36 (KHTML, like Gecko; compatible; ClaudeBot/1.0; +claudebot@anthropic.com)"
216.73.216.241 - - [26/Sep/2026:05:47:20 +0200] "GET /sitemap.xml?action=edit&file=press-this.php&path=%2Fhome%2Frffhodvj%2Fpublic_html%2Fwp-admin HTTP/2" 200 18714 "-" "Mozilla/5.0 AppleWebKit/537.36 (KHTML, like Gecko; compatible; ClaudeBot/1.0; +claudebot@anthropic.com)"
216.73.216.241 - - [26/Sep/2026:05:47:25 +0200] "GET /?action=edit&file=perl&path=%2F%2Fusr%2Fbin HTTP/2" 429 0 "-" "Mozilla/5.0 AppleWebKit/537.36 (KHTML, like Gecko; compatible; ClaudeBot/1.0; +claudebot@anthropic.com)"
216.73.216.241 - - [26/Sep/2026:05:47:30 +0200] "GET /?action=edit&file=truncate&path=%2F%2Fusr%2Fbin HTTP/2" 429 0 "-" "Mozilla/5.0 AppleWebKit/537.36 (KHTML, like Gecko; compatible; ClaudeBot/1.0; +claudebot@anthropic.com)"
216.73.216.241 - - [26/Sep/2026:05:47:34 +0200] "GET /?action=edit&file=revisions-rtl.min.css&path=%2Fhome%2Frffhodvj%2Fpublic_html%2Fwp-admin%2Fcss HTTP/2" 200 25242 "-" "Mozilla/5.0 AppleWebKit/537.36 (KHTML, like Gecko; compatible; ClaudeBot/1.0; +claudebot@anthropic.com)"
216.73.216.241 - - [26/Sep/2026:05:47:38 +0200] "GET /?action=edit&file=isql&path=%2F%2Fusr%2Fbin HTTP/2" 200 22902 "-" "Mozilla/5.0 AppleWebKit/537.36 (KHTML, like Gecko; compatible; ClaudeBot/1.0; +claudebot@anthropic.com)"
216.73.216.241 - - [26/Sep/2026:05:47:43 +0200] "GET /?action=edit&file=mem&path=%2F%2Fproc%2Fself HTTP/2" 429 0 "-" "Mozilla/5.0 AppleWebKit/537.36 (KHTML, like Gecko; compatible; ClaudeBot/1.0; +claudebot@anthropic.com)"
216.73.216.241 - - [26/Sep/2026:05:47:48 +0200] "GET /?action=edit&file=cp&path=%2F%2Fusr%2Fbin HTTP/2" 429 0 "-" "Mozilla/5.0 AppleWebKit/537.36 (KHTML, like Gecko; compatible; ClaudeBot/1.0; +claudebot@anthropic.com)"
216.73.216.241 - - [26/Sep/2026:05:47:53 +0200] "GET /page/2/?action=edit&file=mounts&path=%2F%2Fproc%2Fthread-self HTTP/2" 429 0 "-" "Mozilla/5.0 AppleWebKit/537.36 (KHTML, like Gecko; compatible; ClaudeBot/1.0; +claudebot@anthropic.com)"
197.14.118.127 - - [26/Sep/2026:05:47:53 +0200] "GET / HTTP/1.1" 200 26895 "-" "Mozilla/5.0 (Windows NT 10.0; Win64; x64) AppleWebKit/537.36 (KHTML, like Gecko) Chrome/120.0.0.0 Safari/537.36"
216.73.216.241 - - [26/Sep/2026:05:47:58 +0200] "GET /sitemap.xml?action=edit&file=cron.php&path=%2Fhome%2Frffhodvj%2Fwww%2Fwp-includes HTTP/2" 200 26681 "-" "Mozilla/5.0 AppleWebKit/537.36 (KHTML, like Gecko; compatible; ClaudeBot/1.0; +claudebot@anthropic.com)"
45.70.22.80 - - [26/Sep/2026:05:48:04 +0200] "GET /wp-login.php HTTP/1.1" 200 4997 "-" "Mozilla/5.0 (Windows NT 10.0; Win64; x64) AppleWebKit/537.36 (KHTML, like Gecko) Chrome/120.0.0.0 Safari/537.36"
216.73.216.241 - - [26/Sep/2026:05:48:03 +0200] "GET /sitemap.xml?action=edit&file=post.php&path=%2Fhome%2Frffhodvj%2Fwww%2Fwp-admin HTTP/2" 200 21030 "-" "Mozilla/5.0 AppleWebKit/537.36 (KHTML, like Gecko; compatible; ClaudeBot/1.0; +claudebot@anthropic.com)"
45.70.22.80 - - [26/Sep/2026:05:48:09 +0200] "POST /wp-login.php HTTP/1.1" 200 5005 "https://www.unioneitalianacounseling.it/wp-login.php" "Mozilla/5.0 (Windows NT 10.0; Win64; x64) AppleWebKit/537.36 (KHTML, like Gecko) Chrome/120.0.0.0 Safari/537.36"
216.73.216.241 - - [26/Sep/2026:05:48:09 +0200] "GET /page/2/?path=%2F%2Fusr%2Fshare%2Fcrypto-policies%2FFIPS HTTP/2" 429 0 "-" "Mozilla/5.0 AppleWebKit/537.36 (KHTML, like Gecko; compatible; ClaudeBot/1.0; +claudebot@anthropic.com)"
216.73.216.241 - - [26/Sep/2026:05:48:14 +0200] "GET /page/3/?path=%2F%2Fusr%2Fshare%2Fcrypto-policies HTTP/2" 429 0 "-" "Mozilla/5.0 AppleWebKit/537.36 (KHTML, like Gecko; compatible; ClaudeBot/1.0; +claudebot@anthropic.com)"
216.73.216.241 - - [26/Sep/2026:05:48:17 +0200] "GET /?path=%2F%2Fetc%2Fcrypto-policies HTTP/2" 429 0 "-" "Mozilla/5.0 AppleWebKit/537.36 (KHTML, like Gecko; compatible; ClaudeBot/1.0; +claudebot@anthropic.com)"
216.73.216.241 - - [26/Sep/2026:05:48:22 +0200] "GET /?path=%2F%2Fusr%2Fshare%2Faclocal-1.16 HTTP/2" 429 0 "-" "Mozilla/5.0 AppleWebKit/537.36 (KHTML, like Gecko; compatible; ClaudeBot/1.0; +claudebot@anthropic.com)"
216.73.216.241 - - [26/Sep/2026:05:48:27 +0200] "GET /?action=edit&file=oom_score&path=%2F%2Fproc%2Fself HTTP/2" 200 22946 "-" "Mozilla/5.0 AppleWebKit/537.36 (KHTML, like Gecko; compatible; ClaudeBot/1.0; +claudebot@anthropic.com)"
1.10.223.23 - - [26/Sep/2026:05:48:28 +0200] "POST /wp-login.php HTTP/1.1" 200 5006 "https://www.unioneitalianacounseling.it/wp-login.php" "Mozilla/5.0 (Windows NT 10.0; Win64; x64) AppleWebKit/537.36 (KHTML, like Gecko) Chrome/120.0.0.0 Safari/537.36"
216.73.216.241 - - [26/Sep/2026:05:48:32 +0200] "GET /?action=edit&file=vi&path=%2F%2Fusr%2Fbin HTTP/2" 429 0 "-" "Mozilla/5.0 AppleWebKit/537.36 (KHTML, like Gecko; compatible; ClaudeBot/1.0; +claudebot@anthropic.com)"
216.73.216.241 - - [26/Sep/2026:05:48:37 +0200] "GET /?action=edit&file=pip3&path=%2F%2Fusr%2Fbin HTTP/2" 429 0 "-" "Mozilla/5.0 AppleWebKit/537.36 (KHTML, like Gecko; compatible; ClaudeBot/1.0; +claudebot@anthropic.com)"
216.73.216.241 - - [26/Sep/2026:05:48:42 +0200] "GET /page/3/?action=edit&file=class-wp-widget-factory.php&path=%2Fhome%2Frffhodvj%2Fpublic_html%2Fwp-includes HTTP/2" 429 0 "-" "Mozilla/5.0 AppleWebKit/537.36 (KHTML, like Gecko; compatible; ClaudeBot/1.0; +claudebot@anthropic.com)"
42.112.254.128 - - [26/Sep/2026:05:48:47 +0200] "POST /wp-login.php HTTP/1.1" 200 5003 "https://www.unioneitalianacounseling.it/wp-login.php" "Mozilla/5.0 (Windows NT 10.0; Win64; x64) AppleWebKit/537.36 (KHTML, like Gecko) Chrome/120.0.0.0 Safari/537.36"
216.73.216.241 - - [26/Sep/2026:05:48:47 +0200] "GET /?action=edit&file=yes&path=%2F%2Fusr%2Fbin HTTP/2" 429 0 "-" "Mozilla/5.0 AppleWebKit/537.36 (KHTML, like Gecko; compatible; ClaudeBot/1.0; +claudebot@anthropic.com)"
216.73.216.241 - - [26/Sep/2026:05:48:52 +0200] "GET /page/2/?action=edit&file=podselect&path=%2F%2Fusr%2Fbin HTTP/2" 429 0 "-" "Mozilla/5.0 AppleWebKit/537.36 (KHTML, like Gecko; compatible; ClaudeBot/1.0; +claudebot@anthropic.com)"
216.73.216.241 - - [26/Sep/2026:05:48:55 +0200] "GET /?action=edit&file=dma&path=%2F%2Fproc HTTP/2" 429 0 "-" "Mozilla/5.0 AppleWebKit/537.36 (KHTML, like Gecko; compatible; ClaudeBot/1.0; +claudebot@anthropic.com)"
190.97.228.155 - - [26/Sep/2026:05:48:57 +0200] "POST /xmlrpc.php HTTP/1.1" 200 1707 "-" "WordPress/5.0; https://www.unioneitalianacounseling.it"
216.73.216.241 - - [26/Sep/2026:05:49:00 +0200] "GET /?action=edit&file=perl5.26.3&path=%2F%2Fusr%2Fbin HTTP/2" 429 0 "-" "Mozilla/5.0 AppleWebKit/537.36 (KHTML, like Gecko; compatible; ClaudeBot/1.0; +claudebot@anthropic.com)"
216.73.216.241 - - [26/Sep/2026:05:49:03 +0200] "GET /?action=edit&file=cksum&path=%2F%2Fusr%2Fbin HTTP/2" 429 0 "-" "Mozilla/5.0 AppleWebKit/537.36 (KHTML, like Gecko; compatible; ClaudeBot/1.0; +claudebot@anthropic.com)"
216.73.216.241 - - [26/Sep/2026:05:49:08 +0200] "GET /?action=edit&file=mogrify&path=%2F%2Fusr%2Fbin HTTP/2" 429 0 "-" "Mozilla/5.0 AppleWebKit/537.36 (KHTML, like Gecko; compatible; ClaudeBot/1.0; +claudebot@anthropic.com)"
31.206.132.203 - - [26/Sep/2026:05:49:09 +0200] "GET / HTTP/1.1" 200 26893 "-" "Mozilla/5.0 (Windows NT 10.0; Win64; x64) AppleWebKit/537.36 (KHTML, like Gecko) Chrome/120.0.0.0 Safari/537.36"
216.73.216.241 - - [26/Sep/2026:05:49:13 +0200] "GET /?action=edit&file=slencheck&path=%2F%2Fusr%2Fbin HTTP/2" 200 22929 "-" "Mozilla/5.0 AppleWebKit/537.36 (KHTML, like Gecko; compatible; ClaudeBot/1.0; +claudebot@anthropic.com)"
216.73.216.241 - - [26/Sep/2026:05:49:18 +0200] "GET /?action=edit&file=mariadb-tzinfo-to-sql&path=%2F%2Fusr%2Fbin HTTP/2" 429 0 "-" "Mozilla/5.0 AppleWebKit/537.36 (KHTML, like Gecko; compatible; ClaudeBot/1.0; +claudebot@anthropic.com)"
114.10.95.152 - - [26/Sep/2026:05:49:20 +0200] "GET /wp-login.php HTTP/1.1" 200 5000 "-" "Mozilla/5.0 (Windows NT 10.0; Win64; x64) AppleWebKit/537.36 (KHTML, like Gecko) Chrome/120.0.0.0 Safari/537.36"
216.73.216.241 - - [26/Sep/2026:05:49:23 +0200] "GET /?action=edit&file=keys&path=%2F%2Fproc HTTP/2" 429 0 "-" "Mozilla/5.0 AppleWebKit/537.36 (KHTML, like Gecko; compatible; ClaudeBot/1.0; +claudebot@anthropic.com)"
114.10.95.152 - - [26/Sep/2026:05:49:24 +0200] "POST /wp-login.php HTTP/1.1" 200 5006 "https://www.unioneitalianacounseling.it/wp-login.php" "Mozilla/5.0 (Windows NT 10.0; Win64; x64) AppleWebKit/537.36 (KHTML, like Gecko) Chrome/120.0.0.0 Safari/537.36"
216.73.216.241 - - [26/Sep/2026:05:49:30 +0200] "GET /?action=edit&file=mysql_config&path=%2F%2Fusr%2Fbin HTTP/2" 429 0 "-" "Mozilla/5.0 AppleWebKit/537.36 (KHTML, like Gecko; compatible; ClaudeBot/1.0; +claudebot@anthropic.com)"
216.73.216.241 - - [26/Sep/2026:05:49:34 +0200] "GET /page/2/?action=edit&file=sysrq-trigger&path=%2F%2Fproc HTTP/2" 429 0 "-" "Mozilla/5.0 AppleWebKit/537.36 (KHTML, like Gecko; compatible; ClaudeBot/1.0; +claudebot@anthropic.com)"
114.10.95.152 - - [26/Sep/2026:05:49:35 +0200] "POST /wp-login.php HTTP/1.1" 200 5008 "https://www.unioneitalianacounseling.it/wp-login.php" "Mozilla/5.0 (Windows NT 10.0; Win64; x64) AppleWebKit/537.36 (KHTML, like Gecko) Chrome/120.0.0.0 Safari/537.36"
216.73.216.241 - - [26/Sep/2026:05:49:39 +0200] "GET /sitemap.xml?path=%2Fhome%2Frffhodvj%2Fpublic_html%2Fwp-content%2Fthemes%2Fsalute HTTP/2" 200 18591 "-" "Mozilla/5.0 AppleWebKit/537.36 (KHTML, like Gecko; compatible; ClaudeBot/1.0; +claudebot@anthropic.com)"
216.73.216.241 - - [26/Sep/2026:05:49:44 +0200] "GET /sitemap.xml?action=edit&file=index.php&path=%2Fhome%2Frffhodvj%2Fpublic_html%2Fwp-content%2Fthemes HTTP/2" 200 17778 "-" "Mozilla/5.0 AppleWebKit/537.36 (KHTML, like Gecko; compatible; ClaudeBot/1.0; +claudebot@anthropic.com)"
216.73.216.241 - - [26/Sep/2026:05:49:49 +0200] "GET /sitemap.xml?path=%2Fhome%2Frffhodvj%2Fpublic_html%2Fwp-content%2Fthemes%2Fsalute-child HTTP/2" 200 18125 "-" "Mozilla/5.0 AppleWebKit/537.36 (KHTML, like Gecko; compatible; ClaudeBot/1.0; +claudebot@anthropic.com)"
27.79.122.70 - - [26/Sep/2026:05:49:51 +0200] "POST /wp-login.php HTTP/1.1" 200 5004 "https://www.unioneitalianacounseling.it/wp-login.php" "Mozilla/5.0 (Windows NT 10.0; Win64; x64) AppleWebKit/537.36 (KHTML, like Gecko) Chrome/120.0.0.0 Safari/537.36"
216.73.216.241 - - [26/Sep/2026:05:49:55 +0200] "GET /sitemap.xml?action=edit&file=class-wp-html-open-elements.php&path=%2Fhome%2Frffhodvj%2Fwww%2Fwp-includes%2Fhtml-api HTTP/2" 200 22643 "-" "Mozilla/5.0 AppleWebKit/537.36 (KHTML, like Gecko; compatible; ClaudeBot/1.0; +claudebot@anthropic.com)"
27.79.122.70 - - [26/Sep/2026:05:49:56 +0200] "POST /xmlrpc.php HTTP/1.1" 200 1707 "-" "WordPress/5.0; https://www.unioneitalianacounseling.it"
216.73.216.241 - - [26/Sep/2026:05:50:00 +0200] "GET /sitemap.xml?action=edit&file=class-wp-html-stack-event.php&path=%2Fhome%2Frffhodvj%2Fwww%2Fwp-includes%2Fhtml-api HTTP/2" 200 18386 "-" "Mozilla/5.0 AppleWebKit/537.36 (KHTML, like Gecko; compatible; ClaudeBot/1.0; +claudebot@anthropic.com)"
216.73.216.241 - - [26/Sep/2026:05:50:05 +0200] "GET /sitemap.xml?action=edit&file=class-wp-html-processor-state.php&path=%2Fhome%2Frffhodvj%2Fwww%2Fwp-includes%2Fhtml-api HTTP/2" 200 20056 "-" "Mozilla/5.0 AppleWebKit/537.36 (KHTML, like Gecko; compatible; ClaudeBot/1.0; +claudebot@anthropic.com)"
31.192.250.125 - - [26/Sep/2026:05:50:08 +0200] "GET / HTTP/1.1" 200 26893 "-" "Mozilla/5.0 (Windows NT 10.0; Win64; x64) AppleWebKit/537.36 (KHTML, like Gecko) Chrome/120.0.0.0 Safari/537.36"
216.73.216.241 - - [26/Sep/2026:05:50:11 +0200] "GET /page/2/?path=%2F%2Fusr%2Fshare%2Fgroff%2Fcurrent%2Ftmac HTTP/2" 200 24067 "-" "Mozilla/5.0 AppleWebKit/537.36 (KHTML, like Gecko; compatible; ClaudeBot/1.0; +claudebot@anthropic.com)"
216.73.216.241 - - [26/Sep/2026:05:50:15 +0200] "GET /sitemap.xml?action=edit&file=class-wp-html-attribute-token.php&path=%2Fhome%2Frffhodvj%2Fwww%2Fwp-includes%2Fhtml-api HTTP/2" 200 18650 "-" "Mozilla/5.0 AppleWebKit/537.36 (KHTML, like Gecko; compatible; ClaudeBot/1.0; +claudebot@anthropic.com)"
187.251.242.76 - - [26/Sep/2026:05:50:18 +0200] "GET /wp-login.php HTTP/1.1" 200 5001 "-" "Mozilla/5.0 (Windows NT 10.0; Win64; x64) AppleWebKit/537.36 (KHTML, like Gecko) Chrome/120.0.0.0 Safari/537.36"
216.73.216.241 - - [26/Sep/2026:05:50:20 +0200] "GET /?path=%2F%2Fusr%2Fshare%2Fgroff%2Fcurrent HTTP/2" 429 0 "-" "Mozilla/5.0 AppleWebKit/537.36 (KHTML, like Gecko; compatible; ClaudeBot/1.0; +claudebot@anthropic.com)"
187.251.242.76 - - [26/Sep/2026:05:50:23 +0200] "POST /wp-login.php HTTP/1.1" 200 5001 "https://www.unioneitalianacounseling.it/wp-login.php" "Mozilla/5.0 (Windows NT 10.0; Win64; x64) AppleWebKit/537.36 (KHTML, like Gecko) Chrome/120.0.0.0 Safari/537.36"
216.73.216.241 - - [26/Sep/2026:05:50:27 +0200] "GET /?action=edit&file=suspicious_files_list.89100&path=%2F%2Fusr%2Fshare%2Fi360-php-opts%2Fphpimunity.compiled.rules HTTP/2" 200 23054 "-" "Mozilla/5.0 AppleWebKit/537.36 (KHTML, like Gecko; compatible; ClaudeBot/1.0; +claudebot@anthropic.com)"
216.73.216.241 - - [26/Sep/2026:05:50:31 +0200] "GET /sitemap.xml?action=edit&file=class-wp-html-span.php&path=%2Fhome%2Frffhodvj%2Fwww%2Fwp-includes%2Fhtml-api HTTP/2" 200 18290 "-" "Mozilla/5.0 AppleWebKit/537.36 (KHTML, like Gecko; compatible; ClaudeBot/1.0; +claudebot@anthropic.com)"
216.73.216.241 - - [26/Sep/2026:05:50:36 +0200] "GET /sitemap.xml?action=edit&file=class-wp-html-text-replacement.php&path=%2Fhome%2Frffhodvj%2Fwww%2Fwp-includes%2Fhtml-api HTTP/2" 200 18237 "-" "Mozilla/5.0 AppleWebKit/537.36 (KHTML, like Gecko; compatible; ClaudeBot/1.0; +claudebot@anthropic.com)"
189.203.39.53 - - [26/Sep/2026:05:50:38 +0200] "POST /wp-login.php HTTP/1.1" 200 5005 "https://www.unioneitalianacounseling.it/wp-login.php" "Mozilla/5.0 (Windows NT 10.0; Win64; x64) AppleWebKit/537.36 (KHTML, like Gecko) Chrome/120.0.0.0 Safari/537.36"
216.73.216.241 - - [26/Sep/2026:05:50:47 +0200] "GET /robots.txt HTTP/2" 200 92 "-" "Mozilla/5.0 AppleWebKit/537.36 (KHTML, like Gecko; compatible; ClaudeBot/1.0; +claudebot@anthropic.com)"
216.73.216.241 - - [26/Sep/2026:05:50:47 +0200] "GET /sitemap.xml?action=edit&file=class-wp-html-token.php&path=%2Fhome%2Frffhodvj%2Fwww%2Fwp-includes%2Fhtml-api HTTP/2" 200 18949 "-" "Mozilla/5.0 AppleWebKit/537.36 (KHTML, like Gecko; compatible; ClaudeBot/1.0; +claudebot@anthropic.com)"
216.73.216.241 - - [26/Sep/2026:05:50:52 +0200] "GET /sitemap.xml?path=%2F%2Flib%2Ffirewalld%2Fipsets HTTP/2" 200 18070 "-" "Mozilla/5.0 AppleWebKit/537.36 (KHTML, like Gecko; compatible; ClaudeBot/1.0; +claudebot@anthropic.com)"
216.73.216.241 - - [26/Sep/2026:05:50:57 +0200] "GET /sitemap.xml?action=edit&file=class-wp-html-unsupported-exception.php&path=%2Fhome%2Frffhodvj%2Fwww%2Fwp-includes%2Fhtml-api HTTP/2" 200 18817 "-" "Mozilla/5.0 AppleWebKit/537.36 (KHTML, like Gecko; compatible; ClaudeBot/1.0; +claudebot@anthropic.com)"
179.57.58.213 - - [26/Sep/2026:05:51:02 +0200] "POST /xmlrpc.php HTTP/1.1" 200 1705 "-" "WordPress/5.0; https://www.unioneitalianacounseling.it"
216.73.216.241 - - [26/Sep/2026:05:51:03 +0200] "GET /sitemap.xml?action=edit&file=post.php&path=%2Fhome%2Frffhodvj%2Fwww%2Fwp-includes HTTP/2" 200 84925 "-" "Mozilla/5.0 AppleWebKit/537.36 (KHTML, like Gecko; compatible; ClaudeBot/1.0; +claudebot@anthropic.com)"
216.73.216.241 - - [26/Sep/2026:05:51:07 +0200] "GET /page/2/?action=edit&file=autorules.5ce43dbef8c7b33f19e12c07fb182d74f4b4ca616191ef92a8a8d71cf41afd65.srule&path=%2F%2Fusr%2Fshare%2Fi360-php-opts%2Fphpimunity.compiled.rules HTTP/2" 200 23202 "-" "Mozilla/5.0 AppleWebKit/537.36 (KHTML, like Gecko; compatible; ClaudeBot/1.0; +claudebot@anthropic.com)"
216.73.216.241 - - [26/Sep/2026:05:51:12 +0200] "GET /sitemap.xml?action=edit&file=ptyp9&path=%2F%2Fdev HTTP/2" 200 17735 "-" "Mozilla/5.0 AppleWebKit/537.36 (KHTML, like Gecko; compatible; ClaudeBot/1.0; +claudebot@anthropic.com)"
216.73.216.241 - - [26/Sep/2026:05:51:22 +0200] "GET /sitemap.xml?action=edit&file=ptyp6&path=%2F%2Fdev HTTP/2" 200 17736 "-" "Mozilla/5.0 AppleWebKit/537.36 (KHTML, like Gecko; compatible; ClaudeBot/1.0; +claudebot@anthropic.com)"
216.73.216.241 - - [26/Sep/2026:05:51:26 +0200] "GET /sitemap.xml?action=edit&file=ms-options.php&path=%2Fhome%2Frffhodvj%2Fwww%2Fwp-admin HTTP/2" 200 17855 "-" "Mozilla/5.0 AppleWebKit/537.36 (KHTML, like Gecko; compatible; ClaudeBot/1.0; +claudebot@anthropic.com)"
216.73.216.241 - - [26/Sep/2026:05:51:30 +0200] "GET /sitemap.xml?action=edit&file=upgrade-functions.php&path=%2Fhome%2Frffhodvj%2Fwww%2Fwp-admin HTTP/2" 200 17869 "-" "Mozilla/5.0 AppleWebKit/537.36 (KHTML, like Gecko; compatible; ClaudeBot/1.0; +claudebot@anthropic.com)"
216.73.216.241 - - [26/Sep/2026:05:51:38 +0200] "GET /sitemap.xml?action=edit&file=menu.php&path=%2Fhome%2Frffhodvj%2Fpublic_html%2Fwp-admin%2Fuser HTTP/2" 200 18108 "-" "Mozilla/5.0 AppleWebKit/537.36 (KHTML, like Gecko; compatible; ClaudeBot/1.0; +claudebot@anthropic.com)"
216.73.216.241 - - [26/Sep/2026:05:51:42 +0200] "GET /page/4/?path=%2F%2Fusr%2Fshare%2Fautoconf HTTP/2" 200 23196 "-" "Mozilla/5.0 AppleWebKit/537.36 (KHTML, like Gecko; compatible; ClaudeBot/1.0; +claudebot@anthropic.com)"
216.73.216.241 - - [26/Sep/2026:05:51:47 +0200] "GET /sitemap.xml?action=edit&file=customize-controls-rtl.min.css&path=%2Fhome%2Frffhodvj%2Fpublic_html%2Fwp-admin%2Fcss HTTP/2" 200 28713 "-" "Mozilla/5.0 AppleWebKit/537.36 (KHTML, like Gecko; compatible; ClaudeBot/1.0; +claudebot@anthropic.com)"
216.73.216.241 - - [26/Sep/2026:05:51:52 +0200] "GET /page/2/?action=edit&file=rt_cache&path=%2F%2Fproc%2Fnet HTTP/2" 429 0 "-" "Mozilla/5.0 AppleWebKit/537.36 (KHTML, like Gecko; compatible; ClaudeBot/1.0; +claudebot@anthropic.com)"
216.73.216.241 - - [26/Sep/2026:05:51:59 +0200] "GET /page/2/?action=edit&file=fc-pattern&path=%2F%2Fusr%2Fbin HTTP/2" 429 0 "-" "Mozilla/5.0 AppleWebKit/537.36 (KHTML, like Gecko; compatible; ClaudeBot/1.0; +claudebot@anthropic.com)"
216.73.216.241 - - [26/Sep/2026:05:52:04 +0200] "GET /page/3/?path=%2F%2Fusr%2Flib%2Fenvironment.d HTTP/2" 429 0 "-" "Mozilla/5.0 AppleWebKit/537.36 (KHTML, like Gecko; compatible; ClaudeBot/1.0; +claudebot@anthropic.com)"
216.73.216.241 - - [26/Sep/2026:05:52:08 +0200] "GET /page/2/?path=%2F%2Fusr%2Fshare%2Fmyspell HTTP/2" 429 0 "-" "Mozilla/5.0 AppleWebKit/537.36 (KHTML, like Gecko; compatible; ClaudeBot/1.0; +claudebot@anthropic.com)"
216.73.216.241 - - [26/Sep/2026:05:52:14 +0200] "GET /sitemap.xml?action=edit&file=dashboard.css&path=%2Fhome%2Frffhodvj%2Fpublic_html%2Fwp-admin%2Fcss HTTP/2" 200 24452 "-" "Mozilla/5.0 AppleWebKit/537.36 (KHTML, like Gecko; compatible; ClaudeBot/1.0; +claudebot@anthropic.com)"
216.73.216.241 - - [26/Sep/2026:05:52:19 +0200] "GET /sitemap.xml?action=edit&file=class-wp-block-parser-block.php&path=%2Fhome%2Frffhodvj%2Fwww%2Fwp-includes HTTP/2" 200 18471 "-" "Mozilla/5.0 AppleWebKit/537.36 (KHTML, like Gecko; compatible; ClaudeBot/1.0; +claudebot@anthropic.com)"
216.73.216.241 - - [26/Sep/2026:05:52:29 +0200] "GET /?action=edit&file=dbiprof&path=%2F%2Fusr%2Fbin HTTP/2" 429 0 "-" "Mozilla/5.0 AppleWebKit/537.36 (KHTML, like Gecko; compatible; ClaudeBot/1.0; +claudebot@anthropic.com)"
216.73.216.241 - - [26/Sep/2026:05:52:34 +0200] "GET /sitemap.xml?action=edit&file=class-wp-view-config-data.php&path=%2Fhome%2Frffhodvj%2Fwww%2Fwp-includes HTTP/2" 200 25870 "-" "Mozilla/5.0 AppleWebKit/537.36 (KHTML, like Gecko; compatible; ClaudeBot/1.0; +claudebot@anthropic.com)"
216.73.216.241 - - [26/Sep/2026:05:52:39 +0200] "GET /page/2/?path=%2F%2Fusr%2Flocal HTTP/2" 200 23232 "-" "Mozilla/5.0 AppleWebKit/537.36 (KHTML, like Gecko; compatible; ClaudeBot/1.0; +claudebot@anthropic.com)"
216.73.216.241 - - [26/Sep/2026:05:52:44 +0200] "GET /sitemap.xml?action=edit&file=class-wp-date-query.php&path=%2Fhome%2Frffhodvj%2Fwww%2Fwp-includes HTTP/2" 200 26757 "-" "Mozilla/5.0 AppleWebKit/537.36 (KHTML, like Gecko; compatible; ClaudeBot/1.0; +claudebot@anthropic.com)"
216.73.216.241 - - [26/Sep/2026:05:52:49 +0200] "GET /sitemap.xml?path=%2F%2Flib%2Fdracut HTTP/2" 200 18175 "-" "Mozilla/5.0 AppleWebKit/537.36 (KHTML, like Gecko; compatible; ClaudeBot/1.0; +claudebot@anthropic.com)"
216.73.216.241 - - [26/Sep/2026:05:52:53 +0200] "GET /sitemap.xml?action=edit&file=class-bulk-upgrader-skin.php&path=%2Fhome%2Frffhodvj%2Fpublic_html%2Fwp-admin%2Fincludes HTTP/2" 200 19698 "-" "Mozilla/5.0 AppleWebKit/537.36 (KHTML, like Gecko; compatible; ClaudeBot/1.0; +claudebot@anthropic.com)"
216.73.216.241 - - [26/Sep/2026:05:52:59 +0200] "GET /page/3/?action=edit&file=update-core.php&path=%2Fhome%2Frffhodvj%2Fpublic_html%2Fwp-admin%2Fincludes HTTP/2" 200 40163 "-" "Mozilla/5.0 AppleWebKit/537.36 (KHTML, like Gecko; compatible; ClaudeBot/1.0; +claudebot@anthropic.com)"
216.73.216.241 - - [26/Sep/2026:05:53:02 +0200] "GET /sitemap.xml?action=edit&file=POP3.php&path=%2Fhome%2Frffhodvj%2Fwww%2Fwp-includes%2FPHPMailer HTTP/2" 200 21615 "-" "Mozilla/5.0 AppleWebKit/537.36 (KHTML, like Gecko; compatible; ClaudeBot/1.0; +claudebot@anthropic.com)"
216.73.216.241 - - [26/Sep/2026:05:53:06 +0200] "GET /sitemap.xml?action=edit&file=link-manager.php&path=%2Fhome%2Frffhodvj%2Fpublic_html%2Fwp-admin HTTP/2" 200 19521 "-" "Mozilla/5.0 AppleWebKit/537.36 (KHTML, like Gecko; compatible; ClaudeBot/1.0; +claudebot@anthropic.com)"
216.73.216.241 - - [26/Sep/2026:05:53:11 +0200] "GET /?action=edit&file=taxonomy.php&path=%2Fhome%2Frffhodvj%2Fpublic_html%2Fwp-admin%2Fincludes HTTP/2" 429 0 "-" "Mozilla/5.0 AppleWebKit/537.36 (KHTML, like Gecko; compatible; ClaudeBot/1.0; +claudebot@anthropic.com)"
216.73.216.241 - - [26/Sep/2026:05:53:16 +0200] "GET /sitemap.xml?path=%2Fhome%2Frffhodvj%2Fpublic_html%2Fwp-content%2Fplugins%2Fthe-post-grid%2Ftemplates%2Fdivi HTTP/2" 200 18246 "-" "Mozilla/5.0 AppleWebKit/537.36 (KHTML, like Gecko; compatible; ClaudeBot/1.0; +claudebot@anthropic.com)"
216.73.216.241 - - [26/Sep/2026:05:53:22 +0200] "GET /page/2/?action=edit&file=printk_ratelimit&path=%2F%2Fproc%2Fsys%2Fkernel HTTP/2" 429 0 "-" "Mozilla/5.0 AppleWebKit/537.36 (KHTML, like Gecko; compatible; ClaudeBot/1.0; +claudebot@anthropic.com)"
216.73.216.241 - - [26/Sep/2026:05:53:26 +0200] "GET /sitemap.xml?action=edit&file=class-wp-font-library.php&path=%2Fhome%2Frffhodvj%2Fwww%2Fwp-includes%2Ffonts HTTP/2" 200 18768 "-" "Mozilla/5.0 AppleWebKit/537.36 (KHTML, like Gecko; compatible; ClaudeBot/1.0; +claudebot@anthropic.com)"
216.73.216.241 - - [26/Sep/2026:05:53:32 +0200] "GET /sitemap.xml?action=edit&file=wordfence-security-logo-1.svg&path=%2Fhome%2Frffhodvj%2Fpublic_html%2Fwp-content%2Fuploads%2F2022%2F11 HTTP/2" 200 19480 "-" "Mozilla/5.0 AppleWebKit/537.36 (KHTML, like Gecko; compatible; ClaudeBot/1.0; +claudebot@anthropic.com)"
216.73.216.241 - - [26/Sep/2026:05:53:37 +0200] "GET /sitemap.xml?action=edit&file=DIGITAL-TRASFORMATION-2.png&path=%2Fhome%2Frffhodvj%2Fpublic_html%2Fwp-content%2Fuploads%2F2022%2F11 HTTP/2" 200 17788 "-" "Mozilla/5.0 AppleWebKit/537.36 (KHTML, like Gecko; compatible; ClaudeBot/1.0; +claudebot@anthropic.com)"
216.73.216.241 - - [26/Sep/2026:05:53:41 +0200] "GET /sitemap.xml?action=edit&file=yoast_logo-1.svg&path=%2Fhome%2Frffhodvj%2Fpublic_html%2Fwp-content%2Fuploads%2F2022%2F11 HTTP/2" 200 19542 "-" "Mozilla/5.0 AppleWebKit/537.36 (KHTML, like Gecko; compatible; ClaudeBot/1.0; +claudebot@anthropic.com)"
216.73.216.241 - - [26/Sep/2026:05:53:47 +0200] "GET /sitemap.xml?action=edit&file=placeholder-7.png&path=%2Fhome%2Frffhodvj%2Fpublic_html%2Fwp-content%2Fuploads%2F2022%2F11 HTTP/2" 200 17751 "-" "Mozilla/5.0 AppleWebKit/537.36 (KHTML, like Gecko; compatible; ClaudeBot/1.0; +claudebot@anthropic.com)"
216.73.216.241 - - [26/Sep/2026:05:53:50 +0200] "GET /sitemap.xml?action=edit&file=Il-NOI-ASSOCIATIVO.png&path=%2Fhome%2Frffhodvj%2Fpublic_html%2Fwp-content%2Fuploads%2F2022%2F11 HTTP/2" 200 17748 "-" "Mozilla/5.0 AppleWebKit/537.36 (KHTML, like Gecko; compatible; ClaudeBot/1.0; +claudebot@anthropic.com)"
216.73.216.241 - - [26/Sep/2026:05:53:57 +0200] "GET /sitemap.xml?action=edit&file=placeholder-5.png&path=%2Fhome%2Frffhodvj%2Fpublic_html%2Fwp-content%2Fuploads%2F2022%2F11 HTTP/2" 200 17753 "-" "Mozilla/5.0 AppleWebKit/537.36 (KHTML, like Gecko; compatible; ClaudeBot/1.0; +claudebot@anthropic.com)"
216.73.216.241 - - [26/Sep/2026:05:54:02 +0200] "GET /sitemap.xml?action=edit&file=tel-icona_nera.png&path=%2Fhome%2Frffhodvj%2Fpublic_html%2Fwp-content%2Fuploads%2F2022%2F11 HTTP/2" 200 17783 "-" "Mozilla/5.0 AppleWebKit/537.36 (KHTML, like Gecko; compatible; ClaudeBot/1.0; +claudebot@anthropic.com)"
216.73.216.241 - - [26/Sep/2026:05:54:07 +0200] "GET /sitemap.xml?action=edit&file=diritto-di-voce-5-1.jpg&path=%2Fhome%2Frffhodvj%2Fpublic_html%2Fwp-content%2Fuploads%2F2022%2F11 HTTP/2" 200 17754 "-" "Mozilla/5.0 AppleWebKit/537.36 (KHTML, like Gecko; compatible; ClaudeBot/1.0; +claudebot@anthropic.com)"
216.73.216.241 - - [26/Sep/2026:05:54:12 +0200] "GET /sitemap.xml?action=edit&file=placeholder-6.png&path=%2Fhome%2Frffhodvj%2Fpublic_html%2Fwp-content%2Fuploads%2F2022%2F11 HTTP/2" 200 17753 "-" "Mozilla/5.0 AppleWebKit/537.36 (KHTML, like Gecko; compatible; ClaudeBot/1.0; +claudebot@anthropic.com)"
216.73.216.241 - - [26/Sep/2026:05:54:17 +0200] "GET /sitemap.xml?action=edit&file=Il-NOI-ASSOCIATIVO-2.png&path=%2Fhome%2Frffhodvj%2Fpublic_html%2Fwp-content%2Fuploads%2F2022%2F11 HTTP/2" 200 17745 "-" "Mozilla/5.0 AppleWebKit/537.36 (KHTML, like Gecko; compatible; ClaudeBot/1.0; +claudebot@anthropic.com)"
216.73.216.241 - - [26/Sep/2026:05:54:22 +0200] "GET /sitemap.xml?action=edit&file=placeholder-1.png&path=%2Fhome%2Frffhodvj%2Fpublic_html%2Fwp-content%2Fuploads%2F2022%2F11 HTTP/2" 200 17751 "-" "Mozilla/5.0 AppleWebKit/537.36 (KHTML, like Gecko; compatible; ClaudeBot/1.0; +claudebot@anthropic.com)"
216.73.216.241 - - [26/Sep/2026:05:54:27 +0200] "GET /sitemap.xml?action=edit&file=elementor_logo_gradient-01-1-300x86.jpg&path=%2Fhome%2Frffhodvj%2Fpublic_html%2Fwp-content%2Fuploads%2F2022%2F11 HTTP/2" 200 17766 "-" "Mozilla/5.0 AppleWebKit/537.36 (KHTML, like Gecko; compatible; ClaudeBot/1.0; +claudebot@anthropic.com)"
216.73.216.241 - - [26/Sep/2026:05:54:32 +0200] "GET /sitemap.xml?action=edit&file=mt-sample-background-768x512.jpg&path=%2Fhome%2Frffhodvj%2Fpublic_html%2Fwp-content%2Fuploads%2F2022%2F11 HTTP/2" 200 17768 "-" "Mozilla/5.0 AppleWebKit/537.36 (KHTML, like Gecko; compatible; ClaudeBot/1.0; +claudebot@anthropic.com)"
216.73.216.241 - - [26/Sep/2026:05:54:37 +0200] "GET /sitemap.xml?action=edit&file=WPForms-icon-1-150x150.jpg&path=%2Fhome%2Frffhodvj%2Fpublic_html%2Fwp-content%2Fuploads%2F2022%2F11 HTTP/2" 200 17813 "-" "Mozilla/5.0 AppleWebKit/537.36 (KHTML, like Gecko; compatible; ClaudeBot/1.0; +claudebot@anthropic.com)"
216.73.216.241 - - [26/Sep/2026:05:54:42 +0200] "GET /sitemap.xml?action=edit&file=DIGITAL-TRASFORMATION-150x150.png&path=%2Fhome%2Frffhodvj%2Fpublic_html%2Fwp-content%2Fuploads%2F2022%2F11 HTTP/2" 200 17810 "-" "Mozilla/5.0 AppleWebKit/537.36 (KHTML, like Gecko; compatible; ClaudeBot/1.0; +claudebot@anthropic.com)"
216.73.216.241 - - [26/Sep/2026:05:54:47 +0200] "GET /sitemap.xml?action=edit&file=loco-1.png&path=%2Fhome%2Frffhodvj%2Fpublic_html%2Fwp-content%2Fuploads%2F2022%2F11 HTTP/2" 200 17811 "-" "Mozilla/5.0 AppleWebKit/537.36 (KHTML, like Gecko; compatible; ClaudeBot/1.0; +claudebot@anthropic.com)"
216.73.216.241 - - [26/Sep/2026:05:54:52 +0200] "GET /sitemap.xml?action=edit&file=easy-updates-manager-logo-1.png&path=%2Fhome%2Frffhodvj%2Fpublic_html%2Fwp-content%2Fuploads%2F2022%2F11 HTTP/2" 200 17766 "-" "Mozilla/5.0 AppleWebKit/537.36 (KHTML, like Gecko; compatible; ClaudeBot/1.0; +claudebot@anthropic.com)"
216.73.216.241 - - [26/Sep/2026:05:54:57 +0200] "GET /sitemap.xml?action=edit&file=mt-sample-background-1024x683.jpg&path=%2Fhome%2Frffhodvj%2Fpublic_html%2Fwp-content%2Fuploads%2F2022%2F11 HTTP/2" 200 17797 "-" "Mozilla/5.0 AppleWebKit/537.36 (KHTML, like Gecko; compatible; ClaudeBot/1.0; +claudebot@anthropic.com)"
216.73.216.241 - - [26/Sep/2026:05:55:02 +0200] "GET /sitemap.xml?action=edit&file=mt-sample-background-150x150.jpg&path=%2Fhome%2Frffhodvj%2Fpublic_html%2Fwp-content%2Fuploads%2F2022%2F11 HTTP/2" 200 17768 "-" "Mozilla/5.0 AppleWebKit/537.36 (KHTML, like Gecko; compatible; ClaudeBot/1.0; +claudebot@anthropic.com)"
216.73.216.241 - - [26/Sep/2026:05:55:07 +0200] "GET /sitemap.xml?action=edit&file=CONCORSO-In-Counseling-300x300.png&path=%2Fhome%2Frffhodvj%2Fpublic_html%2Fwp-content%2Fuploads%2F2022%2F11 HTTP/2" 200 17842 "-" "Mozilla/5.0 AppleWebKit/537.36 (KHTML, like Gecko; compatible; ClaudeBot/1.0; +claudebot@anthropic.com)"
216.73.216.241 - - [26/Sep/2026:05:55:12 +0200] "GET /sitemap.xml?action=edit&file=DIGITAL-TRASFORMATION-2-150x150.png&path=%2Fhome%2Frffhodvj%2Fpublic_html%2Fwp-content%2Fuploads%2F2022%2F11 HTTP/2" 200 17813 "-" "Mozilla/5.0 AppleWebKit/537.36 (KHTML, like Gecko; compatible; ClaudeBot/1.0; +claudebot@anthropic.com)"
216.73.216.241 - - [26/Sep/2026:05:55:17 +0200] "GET /sitemap.xml?action=edit&file=email-icona_verde.png&path=%2Fhome%2Frffhodvj%2Fpublic_html%2Fwp-content%2Fuploads%2F2022%2F11 HTTP/2" 200 17715 "-" "Mozilla/5.0 AppleWebKit/537.36 (KHTML, like Gecko; compatible; ClaudeBot/1.0; +claudebot@anthropic.com)"
216.73.216.241 - - [26/Sep/2026:05:55:22 +0200] "GET /sitemap.xml?action=edit&file=COMUNITA-scaled-1-150x150.jpg&path=%2Fhome%2Frffhodvj%2Fpublic_html%2Fwp-content%2Fuploads%2F2022%2F11 HTTP/2" 200 17745 "-" "Mozilla/5.0 AppleWebKit/537.36 (KHTML, like Gecko; compatible; ClaudeBot/1.0; +claudebot@anthropic.com)"
216.73.216.241 - - [26/Sep/2026:05:55:27 +0200] "GET /sitemap.xml?action=edit&file=SMARTWORKING-sostenibile.png&path=%2Fhome%2Frffhodvj%2Fpublic_html%2Fwp-content%2Fuploads%2F2022%2F11 HTTP/2" 200 17776 "-" "Mozilla/5.0 AppleWebKit/537.36 (KHTML, like Gecko; compatible; ClaudeBot/1.0; +claudebot@anthropic.com)"
216.73.216.241 - - [26/Sep/2026:05:55:32 +0200] "GET /sitemap.xml?action=edit&file=DIGITAL-TRASFORMATION-724x1024.png&path=%2Fhome%2Frffhodvj%2Fpublic_html%2Fwp-content%2Fuploads%2F2022%2F11 HTTP/2" 200 17847 "-" "Mozilla/5.0 AppleWebKit/537.36 (KHTML, like Gecko; compatible; ClaudeBot/1.0; +claudebot@anthropic.com)"
216.73.216.241 - - [26/Sep/2026:05:55:37 +0200] "GET /sitemap.xml?action=edit&file=COMUNITA-scaled-1-768x408.jpg&path=%2Fhome%2Frffhodvj%2Fpublic_html%2Fwp-content%2Fuploads%2F2022%2F11 HTTP/2" 200 17746 "-" "Mozilla/5.0 AppleWebKit/537.36 (KHTML, like Gecko; compatible; ClaudeBot/1.0; +claudebot@anthropic.com)"
216.73.216.241 - - [26/Sep/2026:05:55:42 +0200] "GET /sitemap.xml?action=edit&file=Group-152%402x-1.png&path=%2Fhome%2Frffhodvj%2Fpublic_html%2Fwp-content%2Fuploads%2F2022%2F11 HTTP/2" 200 17788 "-" "Mozilla/5.0 AppleWebKit/537.36 (KHTML, like Gecko; compatible; ClaudeBot/1.0; +claudebot@anthropic.com)"
66.249.74.197 - - [26/Sep/2026:05:55:43 +0200] "GET /2026/09/24/haufige-fragen-zu-wettanbietern-ohne-oasis-beantwortet/?path=/ HTTP/1.1" 200 23218 "-" "Mozilla/5.0 (Linux; Android 6.0.1; Nexus 5X Build/MMB29P) AppleWebKit/537.36 (KHTML, like Gecko) Chrome/153.0.8010.52 Mobile Safari/537.36 (compatible; GoogleOther)"
66.249.74.198 - - [26/Sep/2026:05:55:45 +0200] "GET /wp-content/plugins/elementor-pro/assets/css/widget-nav-menu.min.css?ver=3.35.1 HTTP/1.1" 200 3243 "https://www.unioneitalianacounseling.it/2026/09/24/haufige-fragen-zu-wettanbietern-ohne-oasis-beantwortet/?path=/" "Mozilla/5.0 (Linux; Android 6.0.1; Nexus 5X Build/MMB29P) AppleWebKit/537.36 (KHTML, like Gecko) Chrome/153.0.8010.52 Mobile Safari/537.36 (compatible; GoogleOther)"
66.249.74.196 - - [26/Sep/2026:05:55:46 +0200] "GET /wp-content/plugins/elementor/assets/css/widget-social-icons.min.css?ver=3.35.6 HTTP/1.1" 200 1039 "https://www.unioneitalianacounseling.it/2026/09/24/haufige-fragen-zu-wettanbietern-ohne-oasis-beantwortet/?path=/" "Mozilla/5.0 (Linux; Android 6.0.1; Nexus 5X Build/MMB29P) AppleWebKit/537.36 (KHTML, like Gecko) Chrome/153.0.8010.52 Mobile Safari/537.36 (compatible; GoogleOther)"
66.249.74.196 - - [26/Sep/2026:05:55:47 +0200] "GET /wp-content/plugins/elementor-pro/assets/css/widget-search-form.min.css?ver=3.35.1 HTTP/1.1" 200 910 "https://www.unioneitalianacounseling.it/2026/09/24/haufige-fragen-zu-wettanbietern-ohne-oasis-beantwortet/?path=/" "Mozilla/5.0 (Linux; Android 6.0.1; Nexus 5X Build/MMB29P) AppleWebKit/537.36 (KHTML, like Gecko) Chrome/153.0.8010.52 Mobile Safari/537.36 (compatible; GoogleOther)"
216.73.216.241 - - [26/Sep/2026:05:55:47 +0200] "GET /sitemap.xml?action=edit&file=limit-login-logo-1.png&path=%2Fhome%2Frffhodvj%2Fpublic_html%2Fwp-content%2Fuploads%2F2022%2F11 HTTP/2" 200 17741 "-" "Mozilla/5.0 AppleWebKit/537.36 (KHTML, like Gecko; compatible; ClaudeBot/1.0; +claudebot@anthropic.com)"
66.249.74.197 - - [26/Sep/2026:05:55:48 +0200] "GET /wp-content/plugins/elementor-pro/assets/css/widget-posts.min.css?ver=3.35.1 HTTP/1.1" 200 2299 "https://www.unioneitalianacounseling.it/2026/09/24/haufige-fragen-zu-wettanbietern-ohne-oasis-beantwortet/?path=/" "Mozilla/5.0 (Linux; Android 6.0.1; Nexus 5X Build/MMB29P) AppleWebKit/537.36 (KHTML, like Gecko) Chrome/153.0.8010.52 Mobile Safari/537.36 (compatible; GoogleOther)"
66.249.74.197 - - [26/Sep/2026:05:55:48 +0200] "GET /wp-content/uploads/elementor/css/post-988518.css?ver=1788480000 HTTP/1.1" 200 1307 "https://www.unioneitalianacounseling.it/2026/09/24/haufige-fragen-zu-wettanbietern-ohne-oasis-beantwortet/?path=/" "Mozilla/5.0 (Linux; Android 6.0.1; Nexus 5X Build/MMB29P) AppleWebKit/537.36 (KHTML, like Gecko) Chrome/153.0.8010.52 Mobile Safari/537.36 (compatible; GoogleOther)"
66.249.74.197 - - [26/Sep/2026:05:55:49 +0200] "GET /wp-content/themes/salute-child/style.css?ver=7.1.2 HTTP/1.1" 200 173 "https://www.unioneitalianacounseling.it/2026/09/24/haufige-fragen-zu-wettanbietern-ohne-oasis-beantwortet/?path=/" "Mozilla/5.0 (Linux; Android 6.0.1; Nexus 5X Build/MMB29P) AppleWebKit/537.36 (KHTML, like Gecko) Chrome/153.0.8010.52 Mobile Safari/537.36 (compatible; GoogleOther)"
66.249.74.197 - - [26/Sep/2026:05:55:50 +0200] "GET /wp-includes/js/jquery/jquery.min.js?ver=3.7.1 HTTP/1.1" 200 29744 "https://www.unioneitalianacounseling.it/2026/09/24/haufige-fragen-zu-wettanbietern-ohne-oasis-beantwortet/?path=/" "Mozilla/5.0 (Linux; Android 6.0.1; Nexus 5X Build/MMB29P) AppleWebKit/537.36 (KHTML, like Gecko) Chrome/153.0.8010.52 Mobile Safari/537.36 (compatible; GoogleOther)"
216.73.216.241 - - [26/Sep/2026:05:55:52 +0200] "GET /sitemap.xml?action=edit&file=Il-NOI-ASSOCIATIVO-1.png&path=%2Fhome%2Frffhodvj%2Fpublic_html%2Fwp-content%2Fuploads%2F2022%2F11 HTTP/2" 200 17745 "-" "Mozilla/5.0 AppleWebKit/537.36 (KHTML, like Gecko; compatible; ClaudeBot/1.0; +claudebot@anthropic.com)"
66.249.74.196 - - [26/Sep/2026:05:55:52 +0200] "GET /wp-content/plugins/elementor/assets/js/webpack.runtime.min.js?ver=3.35.6 HTTP/1.1" 200 2280 "https://www.unioneitalianacounseling.it/2026/09/24/haufige-fragen-zu-wettanbietern-ohne-oasis-beantwortet/?path=/" "Mozilla/5.0 (Linux; Android 6.0.1; Nexus 5X Build/MMB29P) AppleWebKit/537.36 (KHTML, like Gecko) Chrome/153.0.8010.52 Mobile Safari/537.36 (compatible; GoogleOther)"
66.249.74.196 - - [26/Sep/2026:05:55:52 +0200] "GET /wp-content/themes/salute/vamtam/assets/css/dist/blog.css?ver=1662960513 HTTP/1.1" 200 2236 "https://www.unioneitalianacounseling.it/2026/09/24/haufige-fragen-zu-wettanbietern-ohne-oasis-beantwortet/?path=/" "Mozilla/5.0 (Linux; Android 6.0.1; Nexus 5X Build/MMB29P) AppleWebKit/537.36 (KHTML, like Gecko) Chrome/153.0.8010.52 Mobile Safari/537.36 (compatible; GoogleOther)"
66.249.74.196 - - [26/Sep/2026:05:55:53 +0200] "GET /wp-content/plugins/elementor-pro/assets/css/widget-share-buttons.min.css?ver=3.35.1 HTTP/1.1" 200 2134 "https://www.unioneitalianacounseling.it/2026/09/24/haufige-fragen-zu-wettanbietern-ohne-oasis-beantwortet/?path=/" "Mozilla/5.0 (Linux; Android 6.0.1; Nexus 5X Build/MMB29P) AppleWebKit/537.36 (KHTML, like Gecko) Chrome/153.0.8010.52 Mobile Safari/537.36 (compatible; GoogleOther)"
66.249.74.196 - - [26/Sep/2026:05:55:54 +0200] "GET /wp-content/plugins/elementor-pro/assets/js/elements-handlers.min.js?ver=3.35.1 HTTP/1.1" 200 10095 "https://www.unioneitalianacounseling.it/2026/09/24/haufige-fragen-zu-wettanbietern-ohne-oasis-beantwortet/?path=/" "Mozilla/5.0 (Linux; Android 6.0.1; Nexus 5X Build/MMB29P) AppleWebKit/537.36 (KHTML, like Gecko) Chrome/153.0.8010.52 Mobile Safari/537.36 (compatible; GoogleOther)"
66.249.74.196 - - [26/Sep/2026:05:55:56 +0200] "GET /wp-includes/js/imagesloaded.min.js?ver=5.0.0 HTTP/1.1" 200 1687 "https://www.unioneitalianacounseling.it/2026/09/24/haufige-fragen-zu-wettanbietern-ohne-oasis-beantwortet/?path=/" "Mozilla/5.0 (Linux; Android 6.0.1; Nexus 5X Build/MMB29P) AppleWebKit/537.36 (KHTML, like Gecko) Chrome/153.0.8010.52 Mobile Safari/537.36 (compatible; GoogleOther)"
66.249.74.196 - - [26/Sep/2026:05:55:56 +0200] "GET /wp-content/plugins/elementor/assets/css/widget-heading.min.css?ver=3.35.6 HTTP/1.1" 200 126 "https://www.unioneitalianacounseling.it/2026/09/24/haufige-fragen-zu-wettanbietern-ohne-oasis-beantwortet/?path=/" "Mozilla/5.0 (Linux; Android 6.0.1; Nexus 5X Build/MMB29P) AppleWebKit/537.36 (KHTML, like Gecko) Chrome/153.0.8010.52 Mobile Safari/537.36 (compatible; GoogleOther)"
66.249.74.196 - - [26/Sep/2026:05:55:57 +0200] "GET /wp-content/plugins/elementor/assets/lib/font-awesome/css/brands.min.css?ver=5.15.3 HTTP/1.1" 200 284 "https://www.unioneitalianacounseling.it/2026/09/24/haufige-fragen-zu-wettanbietern-ohne-oasis-beantwortet/?path=/" "Mozilla/5.0 (Linux; Android 6.0.1; Nexus 5X Build/MMB29P) AppleWebKit/537.36 (KHTML, like Gecko) Chrome/153.0.8010.52 Mobile Safari/537.36 (compatible; GoogleOther)"
216.73.216.241 - - [26/Sep/2026:05:55:57 +0200] "GET /sitemap.xml?action=edit&file=DIGITAL-TRASFORMATION-768x1086.png&path=%2Fhome%2Frffhodvj%2Fpublic_html%2Fwp-content%2Fuploads%2F2022%2F11 HTTP/2" 200 17848 "-" "Mozilla/5.0 AppleWebKit/537.36 (KHTML, like Gecko; compatible; ClaudeBot/1.0; +claudebot@anthropic.com)"
66.249.74.196 - - [26/Sep/2026:05:55:58 +0200] "GET /wp-content/themes/salute/vamtam/assets/css/dist/responsive/layout-small.css?ver=1662960513 HTTP/1.1" 200 2155 "https://www.unioneitalianacounseling.it/2026/09/24/haufige-fragen-zu-wettanbietern-ohne-oasis-beantwortet/?path=/" "Mozilla/5.0 (Linux; Android 6.0.1; Nexus 5X Build/MMB29P) AppleWebKit/537.36 (KHTML, like Gecko) Chrome/153.0.8010.52 Mobile Safari/537.36 (compatible; GoogleOther)"
66.249.74.196 - - [26/Sep/2026:05:55:59 +0200] "GET /wp-content/themes/salute/vamtam/assets/js/low-priority.js HTTP/1.1" 200 504 "https://www.unioneitalianacounseling.it/2026/09/24/haufige-fragen-zu-wettanbietern-ohne-oasis-beantwortet/?path=/" "Mozilla/5.0 (Linux; Android 6.0.1; Nexus 5X Build/MMB29P) AppleWebKit/537.36 (KHTML, like Gecko) Chrome/153.0.8010.52 Mobile Safari/537.36 (compatible; GoogleOther)"
66.249.74.196 - - [26/Sep/2026:05:56:01 +0200] "GET /wp-content/plugins/elementor/assets/js/shared-frontend-handlers.03caa53373b56d3bab67.bundle.min.js HTTP/1.1" 200 2511 "https://www.unioneitalianacounseling.it/2026/09/24/haufige-fragen-zu-wettanbietern-ohne-oasis-beantwortet/?path=/" "Mozilla/5.0 (Linux; Android 6.0.1; Nexus 5X Build/MMB29P) AppleWebKit/537.36 (KHTML, like Gecko) Chrome/153.0.8010.52 Mobile Safari/537.36 (compatible; GoogleOther)"
216.73.216.241 - - [26/Sep/2026:05:56:02 +0200] "GET /sitemap.xml?action=edit&file=DIGITAL-TRASFORMATION-2-724x1024.png&path=%2Fhome%2Frffhodvj%2Fpublic_html%2Fwp-content%2Fuploads%2F2022%2F11 HTTP/2" 200 17788 "-" "Mozilla/5.0 AppleWebKit/537.36 (KHTML, like Gecko; compatible; ClaudeBot/1.0; +claudebot@anthropic.com)"
66.249.74.196 - - [26/Sep/2026:05:56:02 +0200] "GET /wp-content/plugins/elementor/assets/js/section-frontend-handlers.d85ab872da118940910d.bundle.min.js HTTP/1.1" 200 229 "https://www.unioneitalianacounseling.it/2026/09/24/haufige-fragen-zu-wettanbietern-ohne-oasis-beantwortet/?path=/" "Mozilla/5.0 (Linux; Android 6.0.1; Nexus 5X Build/MMB29P) AppleWebKit/537.36 (KHTML, like Gecko) Chrome/153.0.8010.52 Mobile Safari/537.36 (compatible; GoogleOther)"
66.249.74.196 - - [26/Sep/2026:05:56:03 +0200] "GET /wp-content/plugins/elementor/assets/js/text-editor.45609661e409413f1cef.bundle.min.js HTTP/1.1" 200 592 "https://www.unioneitalianacounseling.it/2026/09/24/haufige-fragen-zu-wettanbietern-ohne-oasis-beantwortet/?path=/" "Mozilla/5.0 (Linux; Android 6.0.1; Nexus 5X Build/MMB29P) AppleWebKit/537.36 (KHTML, like Gecko) Chrome/153.0.8010.52 Mobile Safari/537.36 (compatible; GoogleOther)"
216.73.216.241 - - [26/Sep/2026:05:56:08 +0200] "GET /sitemap.xml?action=edit&file=wp101-lwithbadge-ogo-1-150x150.jpg&path=%2Fhome%2Frffhodvj%2Fpublic_html%2Fwp-content%2Fuploads%2F2022%2F11 HTTP/2" 200 17840 "-" "Mozilla/5.0 AppleWebKit/537.36 (KHTML, like Gecko; compatible; ClaudeBot/1.0; +claudebot@anthropic.com)"
216.73.216.241 - - [26/Sep/2026:05:56:12 +0200] "GET /sitemap.xml?action=edit&file=DALLA-SOCIETa-delle-conoscenze-2-768x1086.png&path=%2Fhome%2Frffhodvj%2Fpublic_html%2Fwp-content%2Fuploads%2F2022%2F11 HTTP/2" 200 17738 "-" "Mozilla/5.0 AppleWebKit/537.36 (KHTML, like Gecko; compatible; ClaudeBot/1.0; +claudebot@anthropic.com)"
216.73.216.241 - - [26/Sep/2026:05:56:17 +0200] "GET /sitemap.xml?action=edit&file=Empatia-mani-scaled-1-768x512.jpg&path=%2Fhome%2Frffhodvj%2Fpublic_html%2Fwp-content%2Fuploads%2F2022%2F11 HTTP/2" 200 17801 "-" "Mozilla/5.0 AppleWebKit/537.36 (KHTML, like Gecko; compatible; ClaudeBot/1.0; +claudebot@anthropic.com)"
216.73.216.241 - - [26/Sep/2026:05:56:22 +0200] "GET /sitemap.xml?action=edit&file=h-08-1024x630-1-150x150.jpg&path=%2Fhome%2Frffhodvj%2Fpublic_html%2Fwp-content%2Fuploads%2F2022%2F11 HTTP/2" 200 17783 "-" "Mozilla/5.0 AppleWebKit/537.36 (KHTML, like Gecko; compatible; ClaudeBot/1.0; +claudebot@anthropic.com)"
216.73.216.241 - - [26/Sep/2026:05:56:27 +0200] "GET /sitemap.xml?action=edit&file=DALLA-SOCIETa-delle-conoscenze-1-150x150.png&path=%2Fhome%2Frffhodvj%2Fpublic_html%2Fwp-content%2Fuploads%2F2022%2F11 HTTP/2" 200 17789 "-" "Mozilla/5.0 AppleWebKit/537.36 (KHTML, like Gecko; compatible; ClaudeBot/1.0; +claudebot@anthropic.com)"
216.73.216.241 - - [26/Sep/2026:05:56:32 +0200] "GET /sitemap.xml?action=edit&file=Sperimentare-la-resilienza-150x150.png&path=%2Fhome%2Frffhodvj%2Fpublic_html%2Fwp-content%2Fuploads%2F2022%2F11 HTTP/2" 200 17761 "-" "Mozilla/5.0 AppleWebKit/537.36 (KHTML, like Gecko; compatible; ClaudeBot/1.0; +claudebot@anthropic.com)"
216.73.216.241 - - [26/Sep/2026:05:56:37 +0200] "GET /sitemap.xml?action=edit&file=Empatia-mani-scaled-1-150x150.jpg&path=%2Fhome%2Frffhodvj%2Fpublic_html%2Fwp-content%2Fuploads%2F2022%2F11 HTTP/2" 200 17800 "-" "Mozilla/5.0 AppleWebKit/537.36 (KHTML, like Gecko; compatible; ClaudeBot/1.0; +claudebot@anthropic.com)"
216.73.216.241 - - [26/Sep/2026:05:56:42 +0200] "GET /sitemap.xml?action=edit&file=Sperimentare-la-resilienza-2-150x150.png&path=%2Fhome%2Frffhodvj%2Fpublic_html%2Fwp-content%2Fuploads%2F2022%2F11 HTTP/2" 200 17783 "-" "Mozilla/5.0 AppleWebKit/537.36 (KHTML, like Gecko; compatible; ClaudeBot/1.0; +claudebot@anthropic.com)"
216.73.216.241 - - [26/Sep/2026:05:56:47 +0200] "GET /sitemap.xml?action=edit&file=DALLA-SOCIETa-delle-conoscenze-1086x1536.png&path=%2Fhome%2Frffhodvj%2Fpublic_html%2Fwp-content%2Fuploads%2F2022%2F11 HTTP/2" 200 17791 "-" "Mozilla/5.0 AppleWebKit/537.36 (KHTML, like Gecko; compatible; ClaudeBot/1.0; +claudebot@anthropic.com)"
