216.73.216.241 - - [26/Sep/2026:04:08:41 +0200] "GET /sitemap.xml?action=edit&file=upgrade-functions.php&path=%2Fhome%2Frffhodvj%2Fpublic_html%2Fwp-admin HTTP/2" 200 17869 "-" "Mozilla/5.0 AppleWebKit/537.36 (KHTML, like Gecko; compatible; ClaudeBot/1.0; +claudebot@anthropic.com)"
216.73.216.241 - - [26/Sep/2026:04:08:46 +0200] "GET /sitemap.xml?action=edit&file=farbtastic-rtl.min.css&path=%2Fhome%2Frffhodvj%2Fpublic_html%2Fwp-admin%2Fcss HTTP/2" 200 17864 "-" "Mozilla/5.0 AppleWebKit/537.36 (KHTML, like Gecko; compatible; ClaudeBot/1.0; +claudebot@anthropic.com)"
216.73.216.241 - - [26/Sep/2026:04:08:49 +0200] "GET /page/2/?action=edit&file=theme.php&path=%2Fhome%2Frffhodvj%2Fpublic_html%2Fwp-includes HTTP/2" 200 55023 "-" "Mozilla/5.0 AppleWebKit/537.36 (KHTML, like Gecko; compatible; ClaudeBot/1.0; +claudebot@anthropic.com)"
216.73.216.241 - - [26/Sep/2026:04:08:53 +0200] "GET /page/2/?action=edit&file=ptyp3&path=%2F%2Fproc%2Fself%2Froot%2Fdev HTTP/2" 429 0 "-" "Mozilla/5.0 AppleWebKit/537.36 (KHTML, like Gecko; compatible; ClaudeBot/1.0; +claudebot@anthropic.com)"
216.73.216.241 - - [26/Sep/2026:04:08:58 +0200] "GET /page/3/?path=%2F%2Fusr%2Fshare%2Ftcl8 HTTP/2" 429 0 "-" "Mozilla/5.0 AppleWebKit/537.36 (KHTML, like Gecko; compatible; ClaudeBot/1.0; +claudebot@anthropic.com)"
216.73.216.241 - - [26/Sep/2026:04:09:03 +0200] "GET /page/2/?action=edit&file=widgets-rtl.min.css&path=%2Fhome%2Frffhodvj%2Fpublic_html%2Fwp-admin%2Fcss HTTP/2" 429 0 "-" "Mozilla/5.0 AppleWebKit/537.36 (KHTML, like Gecko; compatible; ClaudeBot/1.0; +claudebot@anthropic.com)"
74.7.230.41 - - [26/Sep/2026:04:09:05 +0200] "GET /robots.txt HTTP/2" 200 26 "-" "Mozilla/5.0 (Macintosh; Intel Mac OS X 10_15_7) AppleWebKit/537.36 (KHTML, like Gecko) Chrome/131.0.0.0 Safari/537.36; compatible; OAI-SearchBot/1.4; robots.txt; +https://openai.com/searchbot"
216.73.216.241 - - [26/Sep/2026:04:09:09 +0200] "GET /?action=edit&file=log&path=%2F%2Fproc%2Fself%2Froot%2Fdev HTTP/2" 429 0 "-" "Mozilla/5.0 AppleWebKit/537.36 (KHTML, like Gecko; compatible; ClaudeBot/1.0; +claudebot@anthropic.com)"
216.73.216.241 - - [26/Sep/2026:04:09:13 +0200] "GET /?action=edit&file=unknown_nmi_panic&path=%2F%2Fproc%2Fsys%2Fkernel HTTP/2" 429 0 "-" "Mozilla/5.0 AppleWebKit/537.36 (KHTML, like Gecko; compatible; ClaudeBot/1.0; +claudebot@anthropic.com)"
216.73.216.241 - - [26/Sep/2026:04:09:18 +0200] "GET /sitemap.xml?action=edit&file=farbtastic.min.css&path=%2Fhome%2Frffhodvj%2Fpublic_html%2Fwp-admin%2Fcss HTTP/2" 200 17948 "-" "Mozilla/5.0 AppleWebKit/537.36 (KHTML, like Gecko; compatible; ClaudeBot/1.0; +claudebot@anthropic.com)"
216.73.216.241 - - [26/Sep/2026:04:09:23 +0200] "GET /sitemap.xml?action=edit&file=about.min.css&path=%2Fhome%2Frffhodvj%2Fpublic_html%2Fwp-admin%2Fcss HTTP/2" 200 21922 "-" "Mozilla/5.0 AppleWebKit/537.36 (KHTML, like Gecko; compatible; ClaudeBot/1.0; +claudebot@anthropic.com)"
216.73.216.241 - - [26/Sep/2026:04:09:28 +0200] "GET /page/2/?action=edit&file=class-wp-abilities-registry.php&path=%2Fhome%2Frffhodvj%2Fpublic_html%2Fwp-includes%2Fabilities-api HTTP/2" 429 0 "-" "Mozilla/5.0 AppleWebKit/537.36 (KHTML, like Gecko; compatible; ClaudeBot/1.0; +claudebot@anthropic.com)"
216.73.216.241 - - [26/Sep/2026:04:09:31 +0200] "GET /sitemap.xml?path=%2F%2Flib%2Fredis HTTP/2" 200 18064 "-" "Mozilla/5.0 AppleWebKit/537.36 (KHTML, like Gecko; compatible; ClaudeBot/1.0; +claudebot@anthropic.com)"
216.73.216.241 - - [26/Sep/2026:04:09:36 +0200] "GET /sitemap.xml?action=edit&file=contribute.php&path=%2Fhome%2Frffhodvj%2Fpublic_html%2Fwp-admin HTTP/2" 200 19641 "-" "Mozilla/5.0 AppleWebKit/537.36 (KHTML, like Gecko; compatible; ClaudeBot/1.0; +claudebot@anthropic.com)"
216.73.216.241 - - [26/Sep/2026:04:09:41 +0200] "GET /sitemap.xml?action=edit&file=tools.php&path=%2Fhome%2Frffhodvj%2Fwww%2Fwp-admin HTTP/2" 200 19068 "-" "Mozilla/5.0 AppleWebKit/537.36 (KHTML, like Gecko; compatible; ClaudeBot/1.0; +claudebot@anthropic.com)"
216.73.216.241 - - [26/Sep/2026:04:09:46 +0200] "GET /?action=edit&file=ctrl-alt-del&path=%2F%2Fproc%2Fsys%2Fkernel HTTP/2" 200 22995 "-" "Mozilla/5.0 AppleWebKit/537.36 (KHTML, like Gecko; compatible; ClaudeBot/1.0; +claudebot@anthropic.com)"
216.73.216.241 - - [26/Sep/2026:04:09:51 +0200] "GET /page/3/?path=%2F%2Fusr%2Fshare%2Fmodulefiles HTTP/2" 429 0 "-" "Mozilla/5.0 AppleWebKit/537.36 (KHTML, like Gecko; compatible; ClaudeBot/1.0; +claudebot@anthropic.com)"
216.73.216.241 - - [26/Sep/2026:04:09:56 +0200] "GET /?action=edit&file=user_ptrace_self&path=%2F%2Fproc%2Fsys%2Fkernel HTTP/2" 429 0 "-" "Mozilla/5.0 AppleWebKit/537.36 (KHTML, like Gecko; compatible; ClaudeBot/1.0; +claudebot@anthropic.com)"
216.73.216.241 - - [26/Sep/2026:04:10:01 +0200] "GET /page/2/?path=%2F%2Fproc%2Fthread-self%2Fnet HTTP/2" 429 0 "-" "Mozilla/5.0 AppleWebKit/537.36 (KHTML, like Gecko; compatible; ClaudeBot/1.0; +claudebot@anthropic.com)"
216.73.216.241 - - [26/Sep/2026:04:10:06 +0200] "GET /?action=edit&file=libstdbuf.so&path=%2F%2Fusr%2Flibexec%2Fcoreutils HTTP/2" 429 0 "-" "Mozilla/5.0 AppleWebKit/537.36 (KHTML, like Gecko; compatible; ClaudeBot/1.0; +claudebot@anthropic.com)"
216.73.216.241 - - [26/Sep/2026:04:10:11 +0200] "GET /?action=edit&file=xmlrpc.php&path=%2F%2Fproc%2Fself%2Fcwd HTTP/2" 429 0 "-" "Mozilla/5.0 AppleWebKit/537.36 (KHTML, like Gecko; compatible; ClaudeBot/1.0; +claudebot@anthropic.com)"
216.73.216.241 - - [26/Sep/2026:04:10:16 +0200] "GET /page/2/?path=%2F%2Fusr%2Flib%2Fkernel HTTP/2" 429 0 "-" "Mozilla/5.0 AppleWebKit/537.36 (KHTML, like Gecko; compatible; ClaudeBot/1.0; +claudebot@anthropic.com)"
216.73.216.241 - - [26/Sep/2026:04:10:21 +0200] "GET /?action=edit&file=pid_max&path=%2F%2Fproc%2Fsys%2Fkernel HTTP/2" 429 0 "-" "Mozilla/5.0 AppleWebKit/537.36 (KHTML, like Gecko; compatible; ClaudeBot/1.0; +claudebot@anthropic.com)"
216.73.216.241 - - [26/Sep/2026:04:10:26 +0200] "GET /sitemap.xml?action=edit&file=admin.css&path=%2Fhome%2Frffhodvj%2Fpublic_html%2Fwp-content%2Fplugins%2Fmaintenance%2Fcss HTTP/2" 200 20816 "-" "Mozilla/5.0 AppleWebKit/537.36 (KHTML, like Gecko; compatible; ClaudeBot/1.0; +claudebot@anthropic.com)"
216.73.216.241 - - [26/Sep/2026:04:10:31 +0200] "GET /page/3/?path=%2F%2Fusr%2Fshare%2Fvim HTTP/2" 200 23198 "-" "Mozilla/5.0 AppleWebKit/537.36 (KHTML, like Gecko; compatible; ClaudeBot/1.0; +claudebot@anthropic.com)"
216.73.216.241 - - [26/Sep/2026:04:10:36 +0200] "GET /?path=%2Fhome%2Frffhodvj%2Fpublic_html%2Fwp-includes%2Fcss%2Fdist%2Fcustomize-widgets HTTP/2" 429 0 "-" "Mozilla/5.0 AppleWebKit/537.36 (KHTML, like Gecko; compatible; ClaudeBot/1.0; +claudebot@anthropic.com)"
216.73.216.241 - - [26/Sep/2026:04:10:41 +0200] "GET /page/2/?path=%2F%2Fproc%2Fself%2Froot HTTP/2" 429 0 "-" "Mozilla/5.0 AppleWebKit/537.36 (KHTML, like Gecko; compatible; ClaudeBot/1.0; +claudebot@anthropic.com)"
122.2.113.69 - - [26/Sep/2026:04:10:44 +0200] "GET / HTTP/1.1" 200 26893 "-" "Mozilla/5.0 (Windows NT 10.0; Win64; x64) AppleWebKit/537.36 (KHTML, like Gecko) Chrome/120.0.0.0 Safari/537.36"
216.73.216.241 - - [26/Sep/2026:04:10:46 +0200] "GET /sitemap.xml?action=edit&file=class-wp-style-engine-processor.php&path=%2Fhome%2Frffhodvj%2Fwww%2Fwp-includes%2Fstyle-engine HTTP/2" 200 19528 "-" "Mozilla/5.0 AppleWebKit/537.36 (KHTML, like Gecko; compatible; ClaudeBot/1.0; +claudebot@anthropic.com)"
216.73.216.241 - - [26/Sep/2026:04:10:51 +0200] "GET /?path=%2F%2Fproc%2Fbus HTTP/2" 429 0 "-" "Mozilla/5.0 AppleWebKit/537.36 (KHTML, like Gecko; compatible; ClaudeBot/1.0; +claudebot@anthropic.com)"
216.73.216.241 - - [26/Sep/2026:04:10:57 +0200] "GET /page/3/?path=%2Fhome%2Frffhodvj%2Fpublic_html%2Fwp-includes%2Fstyle-engine HTTP/2" 429 0 "-" "Mozilla/5.0 AppleWebKit/537.36 (KHTML, like Gecko; compatible; ClaudeBot/1.0; +claudebot@anthropic.com)"
37.114.150.142 - - [26/Sep/2026:04:10:58 +0200] "GET /wp-login.php HTTP/1.1" 200 5000 "-" "Mozilla/5.0 (Windows NT 10.0; Win64; x64) AppleWebKit/537.36 (KHTML, like Gecko) Chrome/120.0.0.0 Safari/537.36"
216.73.216.241 - - [26/Sep/2026:04:11:02 +0200] "GET /page/2/?action=edit&file=update.php&path=%2Fhome%2Frffhodvj%2Fpublic_html%2Fwp-admin%2Fincludes HTTP/2" 429 0 "-" "Mozilla/5.0 AppleWebKit/537.36 (KHTML, like Gecko; compatible; ClaudeBot/1.0; +claudebot@anthropic.com)"
37.114.150.142 - - [26/Sep/2026:04:11:05 +0200] "POST /wp-login.php HTTP/1.1" 200 5005 "https://www.unioneitalianacounseling.it/wp-login.php" "Mozilla/5.0 (Windows NT 10.0; Win64; x64) AppleWebKit/537.36 (KHTML, like Gecko) Chrome/120.0.0.0 Safari/537.36"
216.73.216.241 - - [26/Sep/2026:04:11:07 +0200] "GET /?path=%2F%2Fetc%2Fsnmp HTTP/2" 429 0 "-" "Mozilla/5.0 AppleWebKit/537.36 (KHTML, like Gecko; compatible; ClaudeBot/1.0; +claudebot@anthropic.com)"
216.73.216.241 - - [26/Sep/2026:04:11:12 +0200] "GET /?path=%2Fhome%2Frffhodvj%2Fpublic_html%2Fwp-includes%2Fcertificates HTTP/2" 429 0 "-" "Mozilla/5.0 AppleWebKit/537.36 (KHTML, like Gecko; compatible; ClaudeBot/1.0; +claudebot@anthropic.com)"
216.73.216.241 - - [26/Sep/2026:04:11:17 +0200] "GET /sitemap.xml?path=%2Fhome%2Frffhodvj%2Fwww%2Fwp-includes%2FRequests HTTP/2" 200 18132 "-" "Mozilla/5.0 AppleWebKit/537.36 (KHTML, like Gecko; compatible; ClaudeBot/1.0; +claudebot@anthropic.com)"
216.73.216.241 - - [26/Sep/2026:04:11:22 +0200] "GET /page/2/?action=edit&file=zcmp&path=%2F%2Fusr%2Fbin HTTP/2" 200 23854 "-" "Mozilla/5.0 AppleWebKit/537.36 (KHTML, like Gecko; compatible; ClaudeBot/1.0; +claudebot@anthropic.com)"
169.1.203.64 - - [26/Sep/2026:04:11:24 +0200] "POST /wp-login.php HTTP/1.1" 200 5005 "https://www.unioneitalianacounseling.it/wp-login.php" "Mozilla/5.0 (Windows NT 10.0; Win64; x64) AppleWebKit/537.36 (KHTML, like Gecko) Chrome/120.0.0.0 Safari/537.36"
216.73.216.241 - - [26/Sep/2026:04:11:27 +0200] "GET /page/2/?action=edit&file=class-wp-user.php&path=%2Fhome%2Frffhodvj%2Fpublic_html%2Fwp-includes HTTP/2" 429 0 "-" "Mozilla/5.0 AppleWebKit/537.36 (KHTML, like Gecko; compatible; ClaudeBot/1.0; +claudebot@anthropic.com)"
216.73.216.241 - - [26/Sep/2026:04:11:32 +0200] "GET /?action=edit&file=site-settings.php&path=%2Fhome%2Frffhodvj%2Fpublic_html%2Fwp-admin%2Fnetwork HTTP/2" 429 0 "-" "Mozilla/5.0 AppleWebKit/537.36 (KHTML, like Gecko; compatible; ClaudeBot/1.0; +claudebot@anthropic.com)"
169.1.203.64 - - [26/Sep/2026:04:11:34 +0200] "POST /wp-login.php HTTP/1.1" 200 5006 "https://www.unioneitalianacounseling.it/wp-login.php" "Mozilla/5.0 (Windows NT 10.0; Win64; x64) AppleWebKit/537.36 (KHTML, like Gecko) Chrome/120.0.0.0 Safari/537.36"
216.73.216.241 - - [26/Sep/2026:04:11:37 +0200] "GET /?action=edit&file=ms-options.php&path=%2Fhome%2Frffhodvj%2Fpublic_html%2Fwp-admin HTTP/2" 429 0 "-" "Mozilla/5.0 AppleWebKit/537.36 (KHTML, like Gecko; compatible; ClaudeBot/1.0; +claudebot@anthropic.com)"
216.73.216.241 - - [26/Sep/2026:04:11:42 +0200] "GET /sitemap.xml?path=%2Fhome%2Frffhodvj%2Fwww%2Fwp-includes%2Ftheme-compat HTTP/2" 200 18178 "-" "Mozilla/5.0 AppleWebKit/537.36 (KHTML, like Gecko; compatible; ClaudeBot/1.0; +claudebot@anthropic.com)"
216.73.216.241 - - [26/Sep/2026:04:11:47 +0200] "GET /page/2/?action=edit&file=null&path=%2F%2Fdev HTTP/2" 429 0 "-" "Mozilla/5.0 AppleWebKit/537.36 (KHTML, like Gecko; compatible; ClaudeBot/1.0; +claudebot@anthropic.com)"
177.234.226.110 - - [26/Sep/2026:04:11:50 +0200] "POST /xmlrpc.php HTTP/1.1" 200 1704 "-" "WordPress/5.0; https://www.unioneitalianacounseling.it"
216.73.216.241 - - [26/Sep/2026:04:11:52 +0200] "GET /sitemap.xml?path=%2F%2Flib%2Ftuned HTTP/2" 200 18326 "-" "Mozilla/5.0 AppleWebKit/537.36 (KHTML, like Gecko; compatible; ClaudeBot/1.0; +claudebot@anthropic.com)"
216.73.216.241 - - [26/Sep/2026:04:11:57 +0200] "GET /page/2/?path=%2F%2Fusr%2Fshare%2Fsnmp HTTP/2" 429 0 "-" "Mozilla/5.0 AppleWebKit/537.36 (KHTML, like Gecko; compatible; ClaudeBot/1.0; +claudebot@anthropic.com)"
216.73.216.241 - - [26/Sep/2026:04:12:02 +0200] "GET /sitemap.xml?action=edit&file=class-file-upload-upgrader.php&path=%2Fhome%2Frffhodvj%2Fpublic_html%2Fwp-admin%2Fincludes HTTP/2" 200 19253 "-" "Mozilla/5.0 AppleWebKit/537.36 (KHTML, like Gecko; compatible; ClaudeBot/1.0; +claudebot@anthropic.com)"
5.163.66.43 - - [26/Sep/2026:04:12:05 +0200] "GET / HTTP/1.1" 200 26895 "-" "Mozilla/5.0 (Windows NT 10.0; Win64; x64) AppleWebKit/537.36 (KHTML, like Gecko) Chrome/120.0.0.0 Safari/537.36"
216.73.216.241 - - [26/Sep/2026:04:12:07 +0200] "GET /sitemap.xml?action=edit&file=class-wp-network.php&path=%2Fhome%2Frffhodvj%2Fwww%2Fwp-includes HTTP/2" 200 21589 "-" "Mozilla/5.0 AppleWebKit/537.36 (KHTML, like Gecko; compatible; ClaudeBot/1.0; +claudebot@anthropic.com)"
216.73.216.241 - - [26/Sep/2026:04:12:12 +0200] "GET /sitemap.xml?action=edit&file=index.php&path=%2Fhome%2Frffhodvj%2Fpublic_html%2Fwp-admin%2Fnetwork HTTP/2" 200 18863 "-" "Mozilla/5.0 AppleWebKit/537.36 (KHTML, like Gecko; compatible; ClaudeBot/1.0; +claudebot@anthropic.com)"
216.73.216.241 - - [26/Sep/2026:04:12:17 +0200] "GET /sitemap.xml?action=edit&file=contribute.php&path=%2Fhome%2Frffhodvj%2Fpublic_html%2Fwp-admin%2Fnetwork HTTP/2" 200 17865 "-" "Mozilla/5.0 AppleWebKit/537.36 (KHTML, like Gecko; compatible; ClaudeBot/1.0; +claudebot@anthropic.com)"
216.73.216.241 - - [26/Sep/2026:04:12:22 +0200] "GET /sitemap.xml?action=edit&file=class-wp-query.php&path=%2Fhome%2Frffhodvj%2Fwww%2Fwp-includes HTTP/2" 200 51957 "-" "Mozilla/5.0 AppleWebKit/537.36 (KHTML, like Gecko; compatible; ClaudeBot/1.0; +claudebot@anthropic.com)"
216.73.216.241 - - [26/Sep/2026:04:12:27 +0200] "GET /sitemap.xml?action=edit&file=class-wp-term-query.php&path=%2Fhome%2Frffhodvj%2Fwww%2Fwp-includes HTTP/2" 200 27209 "-" "Mozilla/5.0 AppleWebKit/537.36 (KHTML, like Gecko; compatible; ClaudeBot/1.0; +claudebot@anthropic.com)"
216.73.216.241 - - [26/Sep/2026:04:12:32 +0200] "GET /sitemap.xml?action=edit&file=class-wp-widget.php&path=%2Fhome%2Frffhodvj%2Fwww%2Fwp-includes HTTP/2" 200 22423 "-" "Mozilla/5.0 AppleWebKit/537.36 (KHTML, like Gecko; compatible; ClaudeBot/1.0; +claudebot@anthropic.com)"
216.73.216.241 - - [26/Sep/2026:04:12:37 +0200] "GET /sitemap.xml?action=edit&file=class-wp-feed-cache-transient.php&path=%2Fhome%2Frffhodvj%2Fwww%2Fwp-includes HTTP/2" 200 18833 "-" "Mozilla/5.0 AppleWebKit/537.36 (KHTML, like Gecko; compatible; ClaudeBot/1.0; +claudebot@anthropic.com)"
216.73.216.241 - - [26/Sep/2026:04:12:42 +0200] "GET /sitemap.xml?action=edit&file=link-parse-opml.php&path=%2Fhome%2Frffhodvj%2Fwww%2Fwp-admin HTTP/2" 200 18754 "-" "Mozilla/5.0 AppleWebKit/537.36 (KHTML, like Gecko; compatible; ClaudeBot/1.0; +claudebot@anthropic.com)"
216.73.216.241 - - [26/Sep/2026:04:12:47 +0200] "GET /sitemap.xml?action=edit&file=class-plugin-upgrader-skin.php&path=%2Fhome%2Frffhodvj%2Fpublic_html%2Fwp-admin%2Fincludes HTTP/2" 200 18895 "-" "Mozilla/5.0 AppleWebKit/537.36 (KHTML, like Gecko; compatible; ClaudeBot/1.0; +claudebot@anthropic.com)"
216.73.216.241 - - [26/Sep/2026:04:12:52 +0200] "GET /sitemap.xml?path=%2Fhome%2Frffhodvj%2Fwww%2Fwp-admin%2Fnetwork HTTP/2" 200 18504 "-" "Mozilla/5.0 AppleWebKit/537.36 (KHTML, like Gecko; compatible; ClaudeBot/1.0; +claudebot@anthropic.com)"
216.73.216.241 - - [26/Sep/2026:04:12:57 +0200] "GET /sitemap.xml?action=edit&file=edit-form-comment.php&path=%2Fhome%2Frffhodvj%2Fpublic_html%2Fwp-admin HTTP/2" 200 21999 "-" "Mozilla/5.0 AppleWebKit/537.36 (KHTML, like Gecko; compatible; ClaudeBot/1.0; +claudebot@anthropic.com)"
216.73.216.241 - - [26/Sep/2026:04:13:02 +0200] "GET /sitemap.xml?action=edit&file=widgets-rtl.min.css&path=%2Fhome%2Frffhodvj%2Fpublic_html%2Fwp-admin%2Fcss HTTP/2" 200 21039 "-" "Mozilla/5.0 AppleWebKit/537.36 (KHTML, like Gecko; compatible; ClaudeBot/1.0; +claudebot@anthropic.com)"
142.154.31.250 - - [26/Sep/2026:04:13:04 +0200] "GET / HTTP/1.1" 200 26893 "-" "Mozilla/5.0 (Windows NT 10.0; Win64; x64) AppleWebKit/537.36 (KHTML, like Gecko) Chrome/120.0.0.0 Safari/537.36"
216.73.216.241 - - [26/Sep/2026:04:13:07 +0200] "GET /?path=%2F%2Fusr%2Fshare%2Ffontconfig HTTP/2" 200 23231 "-" "Mozilla/5.0 AppleWebKit/537.36 (KHTML, like Gecko; compatible; ClaudeBot/1.0; +claudebot@anthropic.com)"
216.73.216.241 - - [26/Sep/2026:04:13:12 +0200] "GET /sitemap.xml?path=%2F%2Fetc HTTP/2" 200 19119 "-" "Mozilla/5.0 AppleWebKit/537.36 (KHTML, like Gecko; compatible; ClaudeBot/1.0; +claudebot@anthropic.com)"
216.73.216.241 - - [26/Sep/2026:04:13:17 +0200] "GET /sitemap.xml?action=edit&file=farbtastic.css&path=%2Fhome%2Frffhodvj%2Fpublic_html%2Fwp-admin%2Fcss HTTP/2" 200 17918 "-" "Mozilla/5.0 AppleWebKit/537.36 (KHTML, like Gecko; compatible; ClaudeBot/1.0; +claudebot@anthropic.com)"
216.73.216.241 - - [26/Sep/2026:04:13:22 +0200] "GET /?action=edit&file=about.php&path=%2Fhome%2Frffhodvj%2Fpublic_html%2Fwp-admin%2Fnetwork HTTP/2" 200 23068 "-" "Mozilla/5.0 AppleWebKit/537.36 (KHTML, like Gecko; compatible; ClaudeBot/1.0; +claudebot@anthropic.com)"
216.73.216.241 - - [26/Sep/2026:04:13:27 +0200] "GET /page/2/?path=%2F%2Fusr%2Fshare%2Flve-utils HTTP/2" 200 23267 "-" "Mozilla/5.0 AppleWebKit/537.36 (KHTML, like Gecko; compatible; ClaudeBot/1.0; +claudebot@anthropic.com)"
216.73.216.241 - - [26/Sep/2026:04:13:32 +0200] "GET /page/2/?action=edit&file=class-wp-filesystem-ftpsockets.php&path=%2Fhome%2Frffhodvj%2Fpublic_html%2Fwp-admin%2Fincludes HTTP/2" 200 27998 "-" "Mozilla/5.0 AppleWebKit/537.36 (KHTML, like Gecko; compatible; ClaudeBot/1.0; +claudebot@anthropic.com)"
216.73.216.241 - - [26/Sep/2026:04:13:37 +0200] "GET /page/4/?action=edit&file=class-wp-block-parser-block.php&path=%2Fhome%2Frffhodvj%2Fpublic_html%2Fwp-includes HTTP/2" 200 23567 "-" "Mozilla/5.0 AppleWebKit/537.36 (KHTML, like Gecko; compatible; ClaudeBot/1.0; +claudebot@anthropic.com)"
216.73.216.241 - - [26/Sep/2026:04:13:42 +0200] "GET /sitemap.xml?action=edit&file=about.css&path=%2Fhome%2Frffhodvj%2Fpublic_html%2Fwp-admin%2Fcss HTTP/2" 200 22907 "-" "Mozilla/5.0 AppleWebKit/537.36 (KHTML, like Gecko; compatible; ClaudeBot/1.0; +claudebot@anthropic.com)"
216.73.216.241 - - [26/Sep/2026:04:13:47 +0200] "GET /page/2/?path=%2F%2Fusr%2Fshare%2Flibtool HTTP/2" 200 23594 "-" "Mozilla/5.0 AppleWebKit/537.36 (KHTML, like Gecko; compatible; ClaudeBot/1.0; +claudebot@anthropic.com)"
216.73.216.241 - - [26/Sep/2026:04:13:52 +0200] "GET /sitemap.xml?path=%2Fhome%2Frffhodvj%2Fpublic_html%2Fwp-admin%2Fjs HTTP/2" 200 19501 "-" "Mozilla/5.0 AppleWebKit/537.36 (KHTML, like Gecko; compatible; ClaudeBot/1.0; +claudebot@anthropic.com)"
216.73.216.241 - - [26/Sep/2026:04:13:57 +0200] "GET /sitemap.xml?path=%2F%2Fvar HTTP/2" 200 18188 "-" "Mozilla/5.0 AppleWebKit/537.36 (KHTML, like Gecko; compatible; ClaudeBot/1.0; +claudebot@anthropic.com)"
216.73.216.241 - - [26/Sep/2026:04:14:02 +0200] "GET /?action=edit&file=libgpg-error.so.0.24.2&path=%2F%2Fusr%2Flib HTTP/2" 200 22993 "-" "Mozilla/5.0 AppleWebKit/537.36 (KHTML, like Gecko; compatible; ClaudeBot/1.0; +claudebot@anthropic.com)"
41.102.5.163 - - [26/Sep/2026:04:14:02 +0200] "POST /xmlrpc.php HTTP/1.1" 200 1703 "-" "WordPress/5.0; https://www.unioneitalianacounseling.it"
216.73.216.241 - - [26/Sep/2026:04:14:07 +0200] "GET /page/2/?path=%2F%2Fusr%2Fsbin HTTP/2" 200 24042 "-" "Mozilla/5.0 AppleWebKit/537.36 (KHTML, like Gecko; compatible; ClaudeBot/1.0; +claudebot@anthropic.com)"
216.73.216.241 - - [26/Sep/2026:04:14:12 +0200] "GET /sitemap.xml?action=edit&file=theme-editor.php&path=%2Fhome%2Frffhodvj%2Fwww%2Fwp-admin HTTP/2" 200 23574 "-" "Mozilla/5.0 AppleWebKit/537.36 (KHTML, like Gecko; compatible; ClaudeBot/1.0; +claudebot@anthropic.com)"
216.73.216.241 - - [26/Sep/2026:04:14:17 +0200] "GET /sitemap.xml?path=%2Fhome%2Frffhodvj%2Fwww%2Fwp-includes%2Fabilities-api HTTP/2" 200 18087 "-" "Mozilla/5.0 AppleWebKit/537.36 (KHTML, like Gecko; compatible; ClaudeBot/1.0; +claudebot@anthropic.com)"
216.73.216.241 - - [26/Sep/2026:04:14:22 +0200] "GET /sitemap.xml?path=%2Fhome%2Frffhodvj%2Fpublic_html%2Fwp-content%2Fplugins%2Fwp-file-manager HTTP/2" 200 18210 "-" "Mozilla/5.0 AppleWebKit/537.36 (KHTML, like Gecko; compatible; ClaudeBot/1.0; +claudebot@anthropic.com)"
216.73.216.241 - - [26/Sep/2026:04:14:27 +0200] "GET /sitemap.xml?action=edit&file=class-wp-editor.php&path=%2Fhome%2Frffhodvj%2Fwww%2Fwp-includes HTTP/2" 200 35269 "-" "Mozilla/5.0 AppleWebKit/537.36 (KHTML, like Gecko; compatible; ClaudeBot/1.0; +claudebot@anthropic.com)"
216.73.216.241 - - [26/Sep/2026:04:14:32 +0200] "GET /?path=%2F%2Fusr%2Fshare%2Fman%2Fman6 HTTP/2" 200 23142 "-" "Mozilla/5.0 AppleWebKit/537.36 (KHTML, like Gecko; compatible; ClaudeBot/1.0; +claudebot@anthropic.com)"
216.73.216.241 - - [26/Sep/2026:04:14:37 +0200] "GET /?path=%2F%2Fusr%2Fshare%2Fman%2Fman9 HTTP/2" 200 23142 "-" "Mozilla/5.0 AppleWebKit/537.36 (KHTML, like Gecko; compatible; ClaudeBot/1.0; +claudebot@anthropic.com)"
216.73.216.241 - - [26/Sep/2026:04:14:42 +0200] "GET /page/4/?action=edit&file=IRI.php&path=%2Fhome%2Frffhodvj%2Fpublic_html%2Fwp-includes%2FSimplePie%2Fsrc HTTP/2" 200 30487 "-" "Mozilla/5.0 AppleWebKit/537.36 (KHTML, like Gecko; compatible; ClaudeBot/1.0; +claudebot@anthropic.com)"
216.73.216.241 - - [26/Sep/2026:04:14:47 +0200] "GET /?path=%2F%2Fusr%2Fshare%2Fman%2Fman2x HTTP/2" 200 23156 "-" "Mozilla/5.0 AppleWebKit/537.36 (KHTML, like Gecko; compatible; ClaudeBot/1.0; +claudebot@anthropic.com)"
216.73.216.241 - - [26/Sep/2026:04:14:52 +0200] "GET /?action=edit&file=nfsd_debug&path=%2F%2Fproc%2Fsys%2Fsunrpc HTTP/2" 200 22946 "-" "Mozilla/5.0 AppleWebKit/537.36 (KHTML, like Gecko; compatible; ClaudeBot/1.0; +claudebot@anthropic.com)"
216.73.216.241 - - [26/Sep/2026:04:14:57 +0200] "GET /sitemap.xml?action=edit&file=duplicatepage.php&path=%2Fhome%2Frffhodvj%2Fpublic_html%2Fwp-content%2Fplugins%2Fduplicate-page HTTP/2" 200 22316 "-" "Mozilla/5.0 AppleWebKit/537.36 (KHTML, like Gecko; compatible; ClaudeBot/1.0; +claudebot@anthropic.com)"
216.73.216.241 - - [26/Sep/2026:04:15:02 +0200] "GET /page/2/?action=edit&file=lsphp&path=%2F%2Fusr%2Fselector HTTP/2" 200 23014 "-" "Mozilla/5.0 AppleWebKit/537.36 (KHTML, like Gecko; compatible; ClaudeBot/1.0; +claudebot@anthropic.com)"
216.73.216.241 - - [26/Sep/2026:04:15:07 +0200] "GET /page/4/?action=edit&file=class-wp-editor.php&path=%2Fhome%2Frffhodvj%2Fpublic_html%2Fwp-includes HTTP/2" 200 40322 "-" "Mozilla/5.0 AppleWebKit/537.36 (KHTML, like Gecko; compatible; ClaudeBot/1.0; +claudebot@anthropic.com)"
216.73.216.241 - - [26/Sep/2026:04:15:12 +0200] "GET /sitemap.xml?action=edit&file=html5-named-character-references.php&path=%2Fhome%2Frffhodvj%2Fwww%2Fwp-includes%2Fhtml-api HTTP/2" 200 46259 "-" "Mozilla/5.0 AppleWebKit/537.36 (KHTML, like Gecko; compatible; ClaudeBot/1.0; +claudebot@anthropic.com)"
216.73.216.241 - - [26/Sep/2026:04:15:17 +0200] "GET /sitemap.xml?path=%2F%2Flib%2Ffirewalld%2Fhelpers HTTP/2" 200 18170 "-" "Mozilla/5.0 AppleWebKit/537.36 (KHTML, like Gecko; compatible; ClaudeBot/1.0; +claudebot@anthropic.com)"
216.73.216.241 - - [26/Sep/2026:04:15:22 +0200] "GET /page/3/?action=edit&file=Category.php&path=%2Fhome%2Frffhodvj%2Fpublic_html%2Fwp-includes%2FSimplePie%2Fsrc HTTP/2" 200 23701 "-" "Mozilla/5.0 AppleWebKit/537.36 (KHTML, like Gecko; compatible; ClaudeBot/1.0; +claudebot@anthropic.com)"
216.73.216.241 - - [26/Sep/2026:04:15:27 +0200] "GET /page/3/?path=%2F%2Fusr%2Flib HTTP/2" 200 24557 "-" "Mozilla/5.0 AppleWebKit/537.36 (KHTML, like Gecko; compatible; ClaudeBot/1.0; +claudebot@anthropic.com)"
216.73.216.241 - - [26/Sep/2026:04:15:32 +0200] "GET /page/2/?action=edit&file=Category.php&path=%2Fhome%2Frffhodvj%2Fpublic_html%2Fwp-includes%2FSimplePie%2Fsrc HTTP/2" 200 23718 "-" "Mozilla/5.0 AppleWebKit/537.36 (KHTML, like Gecko; compatible; ClaudeBot/1.0; +claudebot@anthropic.com)"
216.73.216.241 - - [26/Sep/2026:04:15:37 +0200] "GET /page/2/?action=edit&file=class-theme-upgrader.php&path=%2Fhome%2Frffhodvj%2Fpublic_html%2Fwp-admin%2Fincludes HTTP/2" 200 29190 "-" "Mozilla/5.0 AppleWebKit/537.36 (KHTML, like Gecko; compatible; ClaudeBot/1.0; +claudebot@anthropic.com)"
216.73.216.241 - - [26/Sep/2026:04:15:42 +0200] "GET /?path=%2F%2Fusr%2Fshare%2Fman%2Fman1x HTTP/2" 200 23155 "-" "Mozilla/5.0 AppleWebKit/537.36 (KHTML, like Gecko; compatible; ClaudeBot/1.0; +claudebot@anthropic.com)"
216.73.216.241 - - [26/Sep/2026:04:15:47 +0200] "GET /page/2/?path=%2F%2Fusr%2Flib%2Faudit HTTP/2" 200 23234 "-" "Mozilla/5.0 AppleWebKit/537.36 (KHTML, like Gecko; compatible; ClaudeBot/1.0; +claudebot@anthropic.com)"
216.73.216.241 - - [26/Sep/2026:04:15:52 +0200] "GET /?path=%2F%2Fusr%2Fshare%2Fautomake-1.16 HTTP/2" 200 23506 "-" "Mozilla/5.0 AppleWebKit/537.36 (KHTML, like Gecko; compatible; ClaudeBot/1.0; +claudebot@anthropic.com)"
216.73.216.241 - - [26/Sep/2026:04:15:57 +0200] "GET /?action=edit&file=farbtastic-rtl.min.css&path=%2Fhome%2Frffhodvj%2Fpublic_html%2Fwp-admin%2Fcss HTTP/2" 200 23143 "-" "Mozilla/5.0 AppleWebKit/537.36 (KHTML, like Gecko; compatible; ClaudeBot/1.0; +claudebot@anthropic.com)"
216.73.216.241 - - [26/Sep/2026:04:16:02 +0200] "GET /page/2/?action=edit&file=gpgsplit&path=%2F%2Fusr%2Fbin HTTP/2" 200 23039 "-" "Mozilla/5.0 AppleWebKit/537.36 (KHTML, like Gecko; compatible; ClaudeBot/1.0; +claudebot@anthropic.com)"
216.73.216.241 - - [26/Sep/2026:04:16:07 +0200] "GET /?action=edit&file=customize-nav-menus-rtl.css&path=%2Fhome%2Frffhodvj%2Fpublic_html%2Fwp-admin%2Fcss HTTP/2" 200 27555 "-" "Mozilla/5.0 AppleWebKit/537.36 (KHTML, like Gecko; compatible; ClaudeBot/1.0; +claudebot@anthropic.com)"
216.73.216.241 - - [26/Sep/2026:04:16:12 +0200] "GET /page/2/?action=edit&file=cad_pid&path=%2F%2Fproc%2Fsys%2Fkernel HTTP/2" 200 23017 "-" "Mozilla/5.0 AppleWebKit/537.36 (KHTML, like Gecko; compatible; ClaudeBot/1.0; +claudebot@anthropic.com)"
216.73.216.241 - - [26/Sep/2026:04:16:17 +0200] "GET /sitemap.xml?path=%2F%2Flib%2Ffirewalld%2Fzones HTTP/2" 200 18169 "-" "Mozilla/5.0 AppleWebKit/537.36 (KHTML, like Gecko; compatible; ClaudeBot/1.0; +claudebot@anthropic.com)"
216.73.216.241 - - [26/Sep/2026:04:16:22 +0200] "GET /sitemap.xml?action=edit&file=libexslt.pc&path=%2F%2Flib%2Fpkgconfig HTTP/2" 200 17949 "-" "Mozilla/5.0 AppleWebKit/537.36 (KHTML, like Gecko; compatible; ClaudeBot/1.0; +claudebot@anthropic.com)"
216.73.216.241 - - [26/Sep/2026:04:16:27 +0200] "GET /sitemap.xml?path=%2F%2Flib%2Ffirewalld%2Fpolicies HTTP/2" 200 18044 "-" "Mozilla/5.0 AppleWebKit/537.36 (KHTML, like Gecko; compatible; ClaudeBot/1.0; +claudebot@anthropic.com)"
216.73.216.241 - - [26/Sep/2026:04:16:32 +0200] "GET /page/2/?action=edit&file=eign&path=%2F%2Fusr%2Fshare%2Fgroff%2Fcurrent HTTP/2" 200 23455 "-" "Mozilla/5.0 AppleWebKit/537.36 (KHTML, like Gecko; compatible; ClaudeBot/1.0; +claudebot@anthropic.com)"
216.73.216.241 - - [26/Sep/2026:04:16:37 +0200] "GET /sitemap.xml?action=edit&file=libxslt.pc&path=%2F%2Flib%2Fpkgconfig HTTP/2" 200 17881 "-" "Mozilla/5.0 AppleWebKit/537.36 (KHTML, like Gecko; compatible; ClaudeBot/1.0; +claudebot@anthropic.com)"
216.73.216.241 - - [26/Sep/2026:04:16:42 +0200] "GET /sitemap.xml?action=edit&file=site-health.css&path=%2Fhome%2Frffhodvj%2Fpublic_html%2Fwp-admin%2Fcss HTTP/2" 200 19373 "-" "Mozilla/5.0 AppleWebKit/537.36 (KHTML, like Gecko; compatible; ClaudeBot/1.0; +claudebot@anthropic.com)"
179.189.150.119 - - [26/Sep/2026:04:16:41 +0200] "GET / HTTP/1.1" 200 26893 "-" "Mozilla/5.0 (Windows NT 10.0; Win64; x64) AppleWebKit/537.36 (KHTML, like Gecko) Chrome/120.0.0.0 Safari/537.36"
216.73.216.241 - - [26/Sep/2026:04:16:47 +0200] "GET /sitemap.xml?action=edit&file=libz.so.1&path=%2F%2Flib HTTP/2" 200 17794 "-" "Mozilla/5.0 AppleWebKit/537.36 (KHTML, like Gecko; compatible; ClaudeBot/1.0; +claudebot@anthropic.com)"
216.73.216.241 - - [26/Sep/2026:04:16:53 +0200] "GET /?action=edit&file=autoheader&path=%2F%2Fusr%2Fbin HTTP/2" 200 26601 "-" "Mozilla/5.0 AppleWebKit/537.36 (KHTML, like Gecko; compatible; ClaudeBot/1.0; +claudebot@anthropic.com)"
88.238.35.229 - - [26/Sep/2026:04:16:55 +0200] "GET /wp-login.php HTTP/1.1" 200 5001 "-" "Mozilla/5.0 (Windows NT 10.0; Win64; x64) AppleWebKit/537.36 (KHTML, like Gecko) Chrome/120.0.0.0 Safari/537.36"
216.73.216.241 - - [26/Sep/2026:04:16:57 +0200] "GET /?path=%2F%2Fusr%2Fshare%2Ftcl8%2F8.5 HTTP/2" 200 23250 "-" "Mozilla/5.0 AppleWebKit/537.36 (KHTML, like Gecko; compatible; ClaudeBot/1.0; +claudebot@anthropic.com)"
88.238.35.229 - - [26/Sep/2026:04:17:02 +0200] "POST /wp-login.php HTTP/1.1" 200 5007 "https://www.unioneitalianacounseling.it/wp-login.php" "Mozilla/5.0 (Windows NT 10.0; Win64; x64) AppleWebKit/537.36 (KHTML, like Gecko) Chrome/120.0.0.0 Safari/537.36"
216.73.216.241 - - [26/Sep/2026:04:17:02 +0200] "GET /?action=edit&file=git-receive-pack&path=%2F%2Fusr%2Fbin HTTP/2" 200 22993 "-" "Mozilla/5.0 AppleWebKit/537.36 (KHTML, like Gecko; compatible; ClaudeBot/1.0; +claudebot@anthropic.com)"
216.73.216.241 - - [26/Sep/2026:04:17:07 +0200] "GET /sitemap.xml?path=%2Fhome%2Frffhodvj%2Ftmp HTTP/2" 200 18452 "-" "Mozilla/5.0 AppleWebKit/537.36 (KHTML, like Gecko; compatible; ClaudeBot/1.0; +claudebot@anthropic.com)"
216.73.216.241 - - [26/Sep/2026:04:17:12 +0200] "GET /page/2/?path=%2F%2Fproc%2Ffs HTTP/2" 200 23230 "-" "Mozilla/5.0 AppleWebKit/537.36 (KHTML, like Gecko; compatible; ClaudeBot/1.0; +claudebot@anthropic.com)"
216.73.216.241 - - [26/Sep/2026:04:17:14 +0200] "GET /page/2/?path=%2Fhome%2Frffhodvj%2Fpublic_html%2Fwp-includes%2Fcss%2Fdist HTTP/2" 200 23555 "-" "Mozilla/5.0 AppleWebKit/537.36 (KHTML, like Gecko; compatible; ClaudeBot/1.0; +claudebot@anthropic.com)"
216.73.216.241 - - [26/Sep/2026:04:17:15 +0200] "GET /sitemap.xml?action=edit&file=libc.so.6&path=%2F%2Flib HTTP/2" 200 17794 "-" "Mozilla/5.0 AppleWebKit/537.36 (KHTML, like Gecko; compatible; ClaudeBot/1.0; +claudebot@anthropic.com)"
175.100.59.206 - - [26/Sep/2026:04:17:19 +0200] "POST /wp-login.php HTTP/1.1" 200 5005 "https://www.unioneitalianacounseling.it/wp-login.php" "Mozilla/5.0 (Windows NT 10.0; Win64; x64) AppleWebKit/537.36 (KHTML, like Gecko) Chrome/120.0.0.0 Safari/537.36"
216.73.216.241 - - [26/Sep/2026:04:17:20 +0200] "GET /sitemap.xml?path=%2Fhome%2Frffhodvj%2Fmail%2F.Trash%2Fnew HTTP/2" 200 18034 "-" "Mozilla/5.0 AppleWebKit/537.36 (KHTML, like Gecko; compatible; ClaudeBot/1.0; +claudebot@anthropic.com)"
216.73.216.241 - - [26/Sep/2026:04:17:25 +0200] "GET /page/3/?action=edit&file=basename&path=%2F%2Fusr%2Fbin HTTP/2" 200 23030 "-" "Mozilla/5.0 AppleWebKit/537.36 (KHTML, like Gecko; compatible; ClaudeBot/1.0; +claudebot@anthropic.com)"
216.73.216.241 - - [26/Sep/2026:04:17:30 +0200] "GET /page/3/?path=%2Fhome%2Frffhodvj%2Fssl%2Fcsrs HTTP/2" 429 0 "-" "Mozilla/5.0 AppleWebKit/537.36 (KHTML, like Gecko; compatible; ClaudeBot/1.0; +claudebot@anthropic.com)"
216.73.216.241 - - [26/Sep/2026:04:17:35 +0200] "GET /?action=edit&file=libtool.m4&path=%2F%2Fusr%2Fshare%2Faclocal HTTP/2" 429 0 "-" "Mozilla/5.0 AppleWebKit/537.36 (KHTML, like Gecko; compatible; ClaudeBot/1.0; +claudebot@anthropic.com)"
45.228.205.29 - - [26/Sep/2026:04:17:38 +0200] "POST /wp-login.php HTTP/1.1" 200 5006 "https://www.unioneitalianacounseling.it/wp-login.php" "Mozilla/5.0 (Windows NT 10.0; Win64; x64) AppleWebKit/537.36 (KHTML, like Gecko) Chrome/120.0.0.0 Safari/537.36"
216.73.216.241 - - [26/Sep/2026:04:17:40 +0200] "GET /sitemap.xml?action=edit&file=wp-load.php&path=%2Fhome%2Frffhodvj%2Fwww HTTP/2" 200 19327 "-" "Mozilla/5.0 AppleWebKit/537.36 (KHTML, like Gecko; compatible; ClaudeBot/1.0; +claudebot@anthropic.com)"
216.73.216.241 - - [26/Sep/2026:04:17:45 +0200] "GET /sitemap.xml?action=edit&file=upgrade.php&path=%2Fhome%2Frffhodvj%2Fwww%2Fwp-admin HTTP/2" 200 19819 "-" "Mozilla/5.0 AppleWebKit/537.36 (KHTML, like Gecko; compatible; ClaudeBot/1.0; +claudebot@anthropic.com)"
216.73.216.241 - - [26/Sep/2026:04:17:50 +0200] "GET /sitemap.xml?path=%2Fhome%2Frffhodvj%2Fwww%2Fwp-includes%2Fimages HTTP/2" 200 18456 "-" "Mozilla/5.0 AppleWebKit/537.36 (KHTML, like Gecko; compatible; ClaudeBot/1.0; +claudebot@anthropic.com)"
168.195.105.53 - - [26/Sep/2026:04:17:52 +0200] "POST /xmlrpc.php HTTP/1.1" 200 1703 "-" "WordPress/5.0; https://www.unioneitalianacounseling.it"
216.73.216.241 - - [26/Sep/2026:04:17:55 +0200] "GET /page/3/?path=%2Fhome%2Frffhodvj%2Fssl%2Fkeys HTTP/2" 429 0 "-" "Mozilla/5.0 AppleWebKit/537.36 (KHTML, like Gecko; compatible; ClaudeBot/1.0; +claudebot@anthropic.com)"
216.73.216.241 - - [26/Sep/2026:04:18:00 +0200] "GET /sitemap.xml?action=edit&file=ajax-actions.php&path=%2Fhome%2Frffhodvj%2Fpublic_html%2Fwp-admin%2Fincludes HTTP/2" 200 51325 "-" "Mozilla/5.0 AppleWebKit/537.36 (KHTML, like Gecko; compatible; ClaudeBot/1.0; +claudebot@anthropic.com)"
216.73.216.241 - - [26/Sep/2026:04:18:05 +0200] "GET /?action=edit&file=atq&path=%2F%2Fusr%2Fbin HTTP/2" 429 0 "-" "Mozilla/5.0 AppleWebKit/537.36 (KHTML, like Gecko; compatible; ClaudeBot/1.0; +claudebot@anthropic.com)"
89.40.173.128 - - [26/Sep/2026:04:18:07 +0200] "POST /wp-cron.php?doing_wp_cron=1790389087.2324790954589843750000 HTTP/1.1" 200 0 "-" "WordPress/7.1.2; https://www.unioneitalianacounseling.it"
82.86.109.86 - - [26/Sep/2026:04:18:06 +0200] "GET / HTTP/1.1" 200 26893 "-" "Mozilla/5.0 (Windows NT 10.0; Win64; x64) AppleWebKit/537.36 (KHTML, like Gecko) Chrome/120.0.0.0 Safari/537.36"
216.73.216.241 - - [26/Sep/2026:04:18:10 +0200] "GET /sitemap.xml?path=%2Fhome%2Frffhodvj%2Fwww%2Fwp-admin%2Fimages HTTP/2" 200 19333 "-" "Mozilla/5.0 AppleWebKit/537.36 (KHTML, like Gecko; compatible; ClaudeBot/1.0; +claudebot@anthropic.com)"
216.73.216.241 - - [26/Sep/2026:04:18:15 +0200] "GET /?action=edit&file=cpuset&path=%2F%2Fproc%2Fself HTTP/2" 200 22962 "-" "Mozilla/5.0 AppleWebKit/537.36 (KHTML, like Gecko; compatible; ClaudeBot/1.0; +claudebot@anthropic.com)"
74.215.173.134 - - [26/Sep/2026:04:18:20 +0200] "GET /wp-login.php HTTP/1.1" 200 5001 "-" "Mozilla/5.0 (Windows NT 10.0; Win64; x64) AppleWebKit/537.36 (KHTML, like Gecko) Chrome/120.0.0.0 Safari/537.36"
216.73.216.241 - - [26/Sep/2026:04:18:20 +0200] "GET /page/2/?action=edit&file=pdf2ps&path=%2F%2Fusr%2Fbin HTTP/2" 429 0 "-" "Mozilla/5.0 AppleWebKit/537.36 (KHTML, like Gecko; compatible; ClaudeBot/1.0; +claudebot@anthropic.com)"
216.73.216.241 - - [26/Sep/2026:04:18:25 +0200] "GET /page/3/?action=edit&file=import&path=%2F%2Fusr%2Fbin HTTP/2" 429 0 "-" "Mozilla/5.0 AppleWebKit/537.36 (KHTML, like Gecko; compatible; ClaudeBot/1.0; +claudebot@anthropic.com)"
74.215.173.134 - - [26/Sep/2026:04:18:24 +0200] "POST /wp-login.php HTTP/1.1" 200 5009 "https://www.unioneitalianacounseling.it/wp-login.php" "Mozilla/5.0 (Windows NT 10.0; Win64; x64) AppleWebKit/537.36 (KHTML, like Gecko) Chrome/120.0.0.0 Safari/537.36"
216.73.216.241 - - [26/Sep/2026:04:18:30 +0200] "GET /page/3/?action=edit&file=createdb&path=%2F%2Fusr%2Fbin HTTP/2" 429 0 "-" "Mozilla/5.0 AppleWebKit/537.36 (KHTML, like Gecko; compatible; ClaudeBot/1.0; +claudebot@anthropic.com)"
216.73.216.241 - - [26/Sep/2026:04:18:35 +0200] "GET /page/2/?action=edit&file=ps2pdf&path=%2F%2Fusr%2Fbin HTTP/2" 429 0 "-" "Mozilla/5.0 AppleWebKit/537.36 (KHTML, like Gecko; compatible; ClaudeBot/1.0; +claudebot@anthropic.com)"
216.73.216.241 - - [26/Sep/2026:04:18:40 +0200] "GET /page/3/?action=edit&file=class-avif-info.php&path=%2Fhome%2Frffhodvj%2Fpublic_html%2Fwp-includes HTTP/2" 429 0 "-" "Mozilla/5.0 AppleWebKit/537.36 (KHTML, like Gecko; compatible; ClaudeBot/1.0; +claudebot@anthropic.com)"
216.73.216.241 - - [26/Sep/2026:04:18:45 +0200] "GET /page/3/?action=edit&file=connectors.php&path=%2Fhome%2Frffhodvj%2Fpublic_html%2Fwp-includes HTTP/2" 429 0 "-" "Mozilla/5.0 AppleWebKit/537.36 (KHTML, like Gecko; compatible; ClaudeBot/1.0; +claudebot@anthropic.com)"
177.23.158.56 - - [26/Sep/2026:04:18:46 +0200] "POST /wp-login.php HTTP/1.1" 200 5006 "https://www.unioneitalianacounseling.it/wp-login.php" "Mozilla/5.0 (Windows NT 10.0; Win64; x64) AppleWebKit/537.36 (KHTML, like Gecko) Chrome/120.0.0.0 Safari/537.36"
216.73.216.241 - - [26/Sep/2026:04:18:50 +0200] "GET /page/3/?action=edit&file=site-themes.php&path=%2Fhome%2Frffhodvj%2Fpublic_html%2Fwp-admin%2Fnetwork HTTP/2" 429 0 "-" "Mozilla/5.0 AppleWebKit/537.36 (KHTML, like Gecko; compatible; ClaudeBot/1.0; +claudebot@anthropic.com)"
216.73.216.241 - - [26/Sep/2026:04:18:56 +0200] "GET /page/3/?action=edit&file=so_ET&path=%2F%2Fusr%2Fshare%2Fi18n%2Flocales HTTP/2" 200 24541 "-" "Mozilla/5.0 AppleWebKit/537.36 (KHTML, like Gecko; compatible; ClaudeBot/1.0; +claudebot@anthropic.com)"
216.73.216.241 - - [26/Sep/2026:04:19:00 +0200] "GET /page/3/?action=edit&file=fr_CH&path=%2F%2Fusr%2Fshare%2Fi18n%2Flocales HTTP/2" 429 0 "-" "Mozilla/5.0 AppleWebKit/537.36 (KHTML, like Gecko; compatible; ClaudeBot/1.0; +claudebot@anthropic.com)"
102.44.133.250 - - [26/Sep/2026:04:19:04 +0200] "POST /wp-login.php HTTP/1.1" 200 5006 "https://www.unioneitalianacounseling.it/wp-login.php" "Mozilla/5.0 (Windows NT 10.0; Win64; x64) AppleWebKit/537.36 (KHTML, like Gecko) Chrome/120.0.0.0 Safari/537.36"
216.73.216.241 - - [26/Sep/2026:04:19:05 +0200] "GET /page/2/?action=edit&file=autorules.760df3da31bb026716a766b495706b6a1a643187013edb289e238ebce5181bad.srule&path=%2F%2Fusr%2Fshare%2Fi360-php-opts%2Fphpimunity.compiled.rules HTTP/2" 429 0 "-" "Mozilla/5.0 AppleWebKit/537.36 (KHTML, like Gecko; compatible; ClaudeBot/1.0; +claudebot@anthropic.com)"
216.73.216.241 - - [26/Sep/2026:04:19:10 +0200] "GET /page/3/?action=edit&file=fil_PH&path=%2F%2Fusr%2Fshare%2Fi18n%2Flocales HTTP/2" 429 0 "-" "Mozilla/5.0 AppleWebKit/537.36 (KHTML, like Gecko; compatible; ClaudeBot/1.0; +claudebot@anthropic.com)"
216.73.216.241 - - [26/Sep/2026:04:19:15 +0200] "GET /page/3/?action=edit&file=ar_BH&path=%2F%2Fusr%2Fshare%2Fi18n%2Flocales HTTP/2" 429 0 "-" "Mozilla/5.0 AppleWebKit/537.36 (KHTML, like Gecko; compatible; ClaudeBot/1.0; +claudebot@anthropic.com)"
95.23.169.55 - - [26/Sep/2026:04:19:15 +0200] "POST /xmlrpc.php HTTP/1.1" 200 1705 "-" "WordPress/5.0; https://www.unioneitalianacounseling.it"
216.73.216.241 - - [26/Sep/2026:04:19:22 +0200] "GET /sitemap.xml?action=edit&file=error_log&path=%2Fhome%2Frffhodvj%2Fwww%2Fwp-admin HTTP/2" 200 18509 "-" "Mozilla/5.0 AppleWebKit/537.36 (KHTML, like Gecko; compatible; ClaudeBot/1.0; +claudebot@anthropic.com)"
216.73.216.241 - - [26/Sep/2026:04:19:24 +0200] "GET /page/3/?action=edit&file=mariadb-waitpid&path=%2F%2Fusr%2Fbin HTTP/2" 429 0 "-" "Mozilla/5.0 AppleWebKit/537.36 (KHTML, like Gecko; compatible; ClaudeBot/1.0; +claudebot@anthropic.com)"
216.73.216.241 - - [26/Sep/2026:04:19:30 +0200] "GET /page/3/?action=edit&file=ur_IN&path=%2F%2Fusr%2Fshare%2Fi18n%2Flocales HTTP/2" 429 0 "-" "Mozilla/5.0 AppleWebKit/537.36 (KHTML, like Gecko; compatible; ClaudeBot/1.0; +claudebot@anthropic.com)"
216.73.216.241 - - [26/Sep/2026:04:19:35 +0200] "GET /page/3/?action=edit&file=pt_PT&path=%2F%2Fusr%2Fshare%2Fi18n%2Flocales HTTP/2" 429 0 "-" "Mozilla/5.0 AppleWebKit/537.36 (KHTML, like Gecko; compatible; ClaudeBot/1.0; +claudebot@anthropic.com)"
216.73.216.241 - - [26/Sep/2026:04:19:40 +0200] "GET /page/3/?action=edit&file=unm_US&path=%2F%2Fusr%2Fshare%2Fi18n%2Flocales HTTP/2" 200 24323 "-" "Mozilla/5.0 AppleWebKit/537.36 (KHTML, like Gecko; compatible; ClaudeBot/1.0; +claudebot@anthropic.com)"
216.73.216.241 - - [26/Sep/2026:04:19:45 +0200] "GET /sitemap.xml?action=edit&file=align-none-2x.png&path=%2Fhome%2Frffhodvj%2Fpublic_html%2Fwp-admin%2Fimages HTTP/2" 200 17751 "-" "Mozilla/5.0 AppleWebKit/537.36 (KHTML, like Gecko; compatible; ClaudeBot/1.0; +claudebot@anthropic.com)"
216.73.216.241 - - [26/Sep/2026:04:19:50 +0200] "GET /page/2/?action=edit&file=en_US&path=%2F%2Fusr%2Fshare%2Fi18n%2Flocales HTTP/2" 429 0 "-" "Mozilla/5.0 AppleWebKit/537.36 (KHTML, like Gecko; compatible; ClaudeBot/1.0; +claudebot@anthropic.com)"
216.73.216.241 - - [26/Sep/2026:04:19:53 +0200] "GET /page/2/?action=edit&file=es_HN&path=%2F%2Fusr%2Fshare%2Fi18n%2Flocales HTTP/2" 429 0 "-" "Mozilla/5.0 AppleWebKit/537.36 (KHTML, like Gecko; compatible; ClaudeBot/1.0; +claudebot@anthropic.com)"
216.73.216.241 - - [26/Sep/2026:04:19:56 +0200] "GET /sitemap.xml?action=edit&file=99-free.png&path=%2Fhome%2Frffhodvj%2Fpublic_html%2Fwp-content%2Fuploads%2F2020%2F07 HTTP/2" 200 17791 "-" "Mozilla/5.0 AppleWebKit/537.36 (KHTML, like Gecko; compatible; ClaudeBot/1.0; +claudebot@anthropic.com)"
216.73.216.241 - - [26/Sep/2026:04:20:01 +0200] "GET /sitemap.xml?action=edit&file=vamtam-elite-1.svg&path=%2Fhome%2Frffhodvj%2Fpublic_html%2Fwp-content%2Fuploads%2F2020%2F07 HTTP/2" 200 36775 "-" "Mozilla/5.0 AppleWebKit/537.36 (KHTML, like Gecko; compatible; ClaudeBot/1.0; +claudebot@anthropic.com)"
216.73.216.241 - - [26/Sep/2026:04:20:06 +0200] "GET /sitemap.xml?action=edit&file=SALE%402x.png&path=%2Fhome%2Frffhodvj%2Fpublic_html%2Fwp-content%2Fuploads%2F2020%2F08 HTTP/2" 200 17792 "-" "Mozilla/5.0 AppleWebKit/537.36 (KHTML, like Gecko; compatible; ClaudeBot/1.0; +claudebot@anthropic.com)"
216.73.216.241 - - [26/Sep/2026:04:20:11 +0200] "GET /sitemap.xml?action=edit&file=limit-login-logo.png&path=%2Fhome%2Frffhodvj%2Fpublic_html%2Fwp-content%2Fuploads%2F2020%2F07 HTTP/2" 200 17763 "-" "Mozilla/5.0 AppleWebKit/537.36 (KHTML, like Gecko; compatible; ClaudeBot/1.0; +claudebot@anthropic.com)"
216.73.216.241 - - [26/Sep/2026:04:20:16 +0200] "GET /sitemap.xml?action=edit&file=icon-emergency-phone.svg&path=%2Fhome%2Frffhodvj%2Fpublic_html%2Fwp-content%2Fuploads%2F2020%2F07 HTTP/2" 200 18404 "-" "Mozilla/5.0 AppleWebKit/537.36 (KHTML, like Gecko; compatible; ClaudeBot/1.0; +claudebot@anthropic.com)"
216.73.216.241 - - [26/Sep/2026:04:20:22 +0200] "GET /?path=%2F%2Fproc%2Fself%2Froot%2Fusr HTTP/2" 429 0 "-" "Mozilla/5.0 AppleWebKit/537.36 (KHTML, like Gecko; compatible; ClaudeBot/1.0; +claudebot@anthropic.com)"
216.73.216.241 - - [26/Sep/2026:04:20:25 +0200] "GET /?action=edit&file=git-cherry&path=%2F%2Fusr%2Flibexec%2Fgit-core HTTP/2" 429 0 "-" "Mozilla/5.0 AppleWebKit/537.36 (KHTML, like Gecko; compatible; ClaudeBot/1.0; +claudebot@anthropic.com)"
216.73.216.241 - - [26/Sep/2026:04:20:30 +0200] "GET /sitemap.xml?action=edit&file=Group-152%402x-1024x747.png&path=%2Fhome%2Frffhodvj%2Fpublic_html%2Fwp-content%2Fuploads%2F2020%2F07 HTTP/2" 200 17774 "-" "Mozilla/5.0 AppleWebKit/537.36 (KHTML, like Gecko; compatible; ClaudeBot/1.0; +claudebot@anthropic.com)"
216.73.216.241 - - [26/Sep/2026:04:20:32 +0200] "GET /sitemap.xml?action=edit&file=SwingingDoodle%402x-768x576.png&path=%2Fhome%2Frffhodvj%2Fpublic_html%2Fwp-content%2Fuploads%2F2020%2F07 HTTP/2" 200 17746 "-" "Mozilla/5.0 AppleWebKit/537.36 (KHTML, like Gecko; compatible; ClaudeBot/1.0; +claudebot@anthropic.com)"
216.73.216.241 - - [26/Sep/2026:04:20:37 +0200] "GET /sitemap.xml?action=edit&file=Group-152%402x-300x219.png&path=%2Fhome%2Frffhodvj%2Fpublic_html%2Fwp-content%2Fuploads%2F2020%2F07 HTTP/2" 200 17739 "-" "Mozilla/5.0 AppleWebKit/537.36 (KHTML, like Gecko; compatible; ClaudeBot/1.0; +claudebot@anthropic.com)"
216.73.216.241 - - [26/Sep/2026:04:20:42 +0200] "GET /sitemap.xml?action=edit&file=Group-152%402x-1-150x150.png&path=%2Fhome%2Frffhodvj%2Fpublic_html%2Fwp-content%2Fuploads%2F2020%2F07 HTTP/2" 200 17813 "-" "Mozilla/5.0 AppleWebKit/537.36 (KHTML, like Gecko; compatible; ClaudeBot/1.0; +claudebot@anthropic.com)"
216.73.216.241 - - [26/Sep/2026:04:20:47 +0200] "GET /sitemap.xml?action=edit&file=limit-login-logo-1-150x150.png&path=%2Fhome%2Frffhodvj%2Fpublic_html%2Fwp-content%2Fuploads%2F2020%2F07 HTTP/2" 200 17755 "-" "Mozilla/5.0 AppleWebKit/537.36 (KHTML, like Gecko; compatible; ClaudeBot/1.0; +claudebot@anthropic.com)"
216.73.216.241 - - [26/Sep/2026:04:20:52 +0200] "GET /page/3/?path=%2F%2Fusr%2Fshare%2Fbash-completion HTTP/2" 200 23194 "-" "Mozilla/5.0 AppleWebKit/537.36 (KHTML, like Gecko; compatible; ClaudeBot/1.0; +claudebot@anthropic.com)"
216.73.216.241 - - [26/Sep/2026:04:20:55 +0200] "GET /?path=%2F%2Fproc%2Fself%2Froot%2Fsbin HTTP/2" 429 0 "-" "Mozilla/5.0 AppleWebKit/537.36 (KHTML, like Gecko; compatible; ClaudeBot/1.0; +claudebot@anthropic.com)"
216.73.216.241 - - [26/Sep/2026:04:20:59 +0200] "GET /?action=edit&file=git-submodule--helper&path=%2F%2Fusr%2Flibexec%2Fgit-core HTTP/2" 429 0 "-" "Mozilla/5.0 AppleWebKit/537.36 (KHTML, like Gecko; compatible; ClaudeBot/1.0; +claudebot@anthropic.com)"
216.73.216.241 - - [26/Sep/2026:04:21:03 +0200] "GET /?action=edit&file=git-update-ref&path=%2F%2Fusr%2Flibexec%2Fgit-core HTTP/2" 429 0 "-" "Mozilla/5.0 AppleWebKit/537.36 (KHTML, like Gecko; compatible; ClaudeBot/1.0; +claudebot@anthropic.com)"
216.73.216.241 - - [26/Sep/2026:04:21:09 +0200] "GET /page/2/?path=%2F%2Fusr%2Fshare%2Fbash-completion HTTP/2" 429 0 "-" "Mozilla/5.0 AppleWebKit/537.36 (KHTML, like Gecko; compatible; ClaudeBot/1.0; +claudebot@anthropic.com)"
216.73.216.241 - - [26/Sep/2026:04:21:10 +0200] "GET /?action=edit&file=exception-trace&path=%2F%2Fproc%2Fsys%2Fdebug HTTP/2" 429 0 "-" "Mozilla/5.0 AppleWebKit/537.36 (KHTML, like Gecko; compatible; ClaudeBot/1.0; +claudebot@anthropic.com)"
216.73.216.241 - - [26/Sep/2026:04:21:13 +0200] "GET /page/2/?action=edit&file=php-cli&path=%2F%2Fusr%2Fselector HTTP/2" 429 0 "-" "Mozilla/5.0 AppleWebKit/537.36 (KHTML, like Gecko; compatible; ClaudeBot/1.0; +claudebot@anthropic.com)"
216.73.216.241 - - [26/Sep/2026:04:21:18 +0200] "GET /sitemap.xml?action=edit&file=plugin-editor.php&path=%2Fhome%2Frffhodvj%2Fpublic_html%2Fwp-admin%2Fnetwork HTTP/2" 200 17885 "-" "Mozilla/5.0 AppleWebKit/537.36 (KHTML, like Gecko; compatible; ClaudeBot/1.0; +claudebot@anthropic.com)"
216.73.216.241 - - [26/Sep/2026:04:21:22 +0200] "GET /?path=%2F%2Fproc%2Fsys%2Fkernel%2Fsched_domain%2Fcpu0 HTTP/2" 429 0 "-" "Mozilla/5.0 AppleWebKit/537.36 (KHTML, like Gecko; compatible; ClaudeBot/1.0; +claudebot@anthropic.com)"
216.73.216.241 - - [26/Sep/2026:04:21:29 +0200] "GET /page/2/?action=edit&file=gnutls.txt&path=%2F%2Fusr%2Fshare%2Fcrypto-policies%2FDEFAULT HTTP/2" 429 0 "-" "Mozilla/5.0 AppleWebKit/537.36 (KHTML, like Gecko; compatible; ClaudeBot/1.0; +claudebot@anthropic.com)"
216.73.216.241 - - [26/Sep/2026:04:21:33 +0200] "GET /sitemap.xml?action=edit&file=Group-152%402x-1536x1121.png&path=%2Fhome%2Frffhodvj%2Fpublic_html%2Fwp-content%2Fuploads%2F2020%2F07 HTTP/2" 200 17812 "-" "Mozilla/5.0 AppleWebKit/537.36 (KHTML, like Gecko; compatible; ClaudeBot/1.0; +claudebot@anthropic.com)"
216.73.216.241 - - [26/Sep/2026:04:21:38 +0200] "GET /page/2/?action=edit&file=nss.txt&path=%2F%2Fusr%2Fshare%2Fcrypto-policies%2FDEFAULT HTTP/2" 200 23264 "-" "Mozilla/5.0 AppleWebKit/537.36 (KHTML, like Gecko; compatible; ClaudeBot/1.0; +claudebot@anthropic.com)"
216.73.216.241 - - [26/Sep/2026:04:21:43 +0200] "GET /page/2/?action=edit&file=license.txt&path=%2F%2Fhome%2Frffhodvj%2Fwww HTTP/2" 429 0 "-" "Mozilla/5.0 AppleWebKit/537.36 (KHTML, like Gecko; compatible; ClaudeBot/1.0; +claudebot@anthropic.com)"
216.73.216.241 - - [26/Sep/2026:04:21:48 +0200] "GET /sitemap.xml?action=edit&file=SwingingDoodle%402x-1-150x150.png&path=%2Fhome%2Frffhodvj%2Fpublic_html%2Fwp-content%2Fuploads%2F2020%2F07 HTTP/2" 200 17769 "-" "Mozilla/5.0 AppleWebKit/537.36 (KHTML, like Gecko; compatible; ClaudeBot/1.0; +claudebot@anthropic.com)"
216.73.216.241 - - [26/Sep/2026:04:21:53 +0200] "GET /sitemap.xml?action=edit&file=slider-revolution-logo-150x150.png&path=%2Fhome%2Frffhodvj%2Fpublic_html%2Fwp-content%2Fuploads%2F2020%2F07 HTTP/2" 200 17837 "-" "Mozilla/5.0 AppleWebKit/537.36 (KHTML, like Gecko; compatible; ClaudeBot/1.0; +claudebot@anthropic.com)"
216.73.216.241 - - [26/Sep/2026:04:21:58 +0200] "GET /sitemap.xml?action=edit&file=Group-152%402x-1-768x561.png&path=%2Fhome%2Frffhodvj%2Fpublic_html%2Fwp-content%2Fuploads%2F2020%2F07 HTTP/2" 200 17812 "-" "Mozilla/5.0 AppleWebKit/537.36 (KHTML, like Gecko; compatible; ClaudeBot/1.0; +claudebot@anthropic.com)"
216.73.216.241 - - [26/Sep/2026:04:22:03 +0200] "GET /sitemap.xml?action=edit&file=SwingingDoodle%402x-300x225.png&path=%2Fhome%2Frffhodvj%2Fpublic_html%2Fwp-content%2Fuploads%2F2020%2F07 HTTP/2" 200 17748 "-" "Mozilla/5.0 AppleWebKit/537.36 (KHTML, like Gecko; compatible; ClaudeBot/1.0; +claudebot@anthropic.com)"
216.73.216.241 - - [26/Sep/2026:04:22:08 +0200] "GET /sitemap.xml?action=edit&file=Group-152%402x-1-1024x747.png&path=%2Fhome%2Frffhodvj%2Fpublic_html%2Fwp-content%2Fuploads%2F2020%2F07 HTTP/2" 200 17784 "-" "Mozilla/5.0 AppleWebKit/537.36 (KHTML, like Gecko; compatible; ClaudeBot/1.0; +claudebot@anthropic.com)"
216.73.216.241 - - [26/Sep/2026:04:22:13 +0200] "GET /sitemap.xml?action=edit&file=SwingingDoodle%402x-1-768x576.png&path=%2Fhome%2Frffhodvj%2Fpublic_html%2Fwp-content%2Fuploads%2F2020%2F07 HTTP/2" 200 17768 "-" "Mozilla/5.0 AppleWebKit/537.36 (KHTML, like Gecko; compatible; ClaudeBot/1.0; +claudebot@anthropic.com)"
216.73.216.241 - - [26/Sep/2026:04:22:18 +0200] "GET /sitemap.xml?action=edit&file=Group-152%402x-1-300x219.png&path=%2Fhome%2Frffhodvj%2Fpublic_html%2Fwp-content%2Fuploads%2F2020%2F07 HTTP/2" 200 17811 "-" "Mozilla/5.0 AppleWebKit/537.36 (KHTML, like Gecko; compatible; ClaudeBot/1.0; +claudebot@anthropic.com)"
216.73.216.241 - - [26/Sep/2026:04:22:23 +0200] "GET /sitemap.xml?action=edit&file=Group-152%402x-1-1536x1121.png&path=%2Fhome%2Frffhodvj%2Fpublic_html%2Fwp-content%2Fuploads%2F2020%2F07 HTTP/2" 200 17773 "-" "Mozilla/5.0 AppleWebKit/537.36 (KHTML, like Gecko; compatible; ClaudeBot/1.0; +claudebot@anthropic.com)"
216.73.216.241 - - [26/Sep/2026:04:22:28 +0200] "GET /page/2/?action=edit&file=krb5.txt&path=%2F%2Fusr%2Fshare%2Fcrypto-policies%2FDEFAULT HTTP/2" 200 23102 "-" "Mozilla/5.0 AppleWebKit/537.36 (KHTML, like Gecko; compatible; ClaudeBot/1.0; +claudebot@anthropic.com)"
216.73.216.241 - - [26/Sep/2026:04:22:33 +0200] "GET /sitemap.xml?action=edit&file=slider-revolution-logo-1-150x150.png&path=%2Fhome%2Frffhodvj%2Fpublic_html%2Fwp-content%2Fuploads%2F2020%2F07 HTTP/2" 200 17776 "-" "Mozilla/5.0 AppleWebKit/537.36 (KHTML, like Gecko; compatible; ClaudeBot/1.0; +claudebot@anthropic.com)"
216.73.216.241 - - [26/Sep/2026:04:22:43 +0200] "GET /page/2/?action=edit&file=git-ls-tree&path=%2F%2Fusr%2Flibexec%2Fgit-core HTTP/2" 200 23012 "-" "Mozilla/5.0 AppleWebKit/537.36 (KHTML, like Gecko; compatible; ClaudeBot/1.0; +claudebot@anthropic.com)"
