216.73.216.241 - - [26/Sep/2026:06:09:58 +0200] "GET /page/3/?action=edit&file=hi_IN&path=%2F%2Fusr%2Fshare%2Fi18n%2Flocales HTTP/2" 429 0 "-" "Mozilla/5.0 AppleWebKit/537.36 (KHTML, like Gecko; compatible; ClaudeBot/1.0; +claudebot@anthropic.com)"
200.59.178.144 - - [26/Sep/2026:06:09:58 +0200] "POST /wp-login.php HTTP/1.1" 200 5007 "https://www.unioneitalianacounseling.it/wp-login.php" "Mozilla/5.0 (Windows NT 10.0; Win64; x64) AppleWebKit/537.36 (KHTML, like Gecko) Chrome/120.0.0.0 Safari/537.36"
216.73.216.241 - - [26/Sep/2026:06:10:03 +0200] "GET /sitemap.xml?action=edit&file=toggle-arrow.png&path=%2Fhome%2Frffhodvj%2Fwww%2Fwp-includes%2Fimages HTTP/2" 200 17720 "-" "Mozilla/5.0 AppleWebKit/537.36 (KHTML, like Gecko; compatible; ClaudeBot/1.0; +claudebot@anthropic.com)"
216.73.216.241 - - [26/Sep/2026:06:10:08 +0200] "GET /page/2/?action=edit&file=mhr_RU&path=%2F%2Fusr%2Fshare%2Fi18n%2Flocales HTTP/2" 429 0 "-" "Mozilla/5.0 AppleWebKit/537.36 (KHTML, like Gecko; compatible; ClaudeBot/1.0; +claudebot@anthropic.com)"
38.79.43.203 - - [26/Sep/2026:06:10:13 +0200] "POST /wp-login.php HTTP/1.1" 200 5003 "https://www.unioneitalianacounseling.it/wp-login.php" "Mozilla/5.0 (Windows NT 10.0; Win64; x64) AppleWebKit/537.36 (KHTML, like Gecko) Chrome/120.0.0.0 Safari/537.36"
216.73.216.241 - - [26/Sep/2026:06:10:13 +0200] "GET /sitemap.xml?action=edit&file=about-release-badge.svg&path=%2Fhome%2Frffhodvj%2Fwww%2Fwp-admin%2Fimages HTTP/2" 200 18880 "-" "Mozilla/5.0 AppleWebKit/537.36 (KHTML, like Gecko; compatible; ClaudeBot/1.0; +claudebot@anthropic.com)"
216.73.216.241 - - [26/Sep/2026:06:10:18 +0200] "GET /page/2/?action=edit&file=openssh.txt&path=%2F%2Fusr%2Fshare%2Fcrypto-policies%2FFUTURE HTTP/2" 429 0 "-" "Mozilla/5.0 AppleWebKit/537.36 (KHTML, like Gecko; compatible; ClaudeBot/1.0; +claudebot@anthropic.com)"
103.119.165.23 - - [26/Sep/2026:06:10:22 +0200] "POST /xmlrpc.php HTTP/1.1" 200 1707 "-" "WordPress/5.0; https://www.unioneitalianacounseling.it"
216.73.216.241 - - [26/Sep/2026:06:10:23 +0200] "GET /page/2/?action=edit&file=tcp_slot_table_entries&path=%2F%2Fproc%2Fsys%2Fsunrpc HTTP/2" 429 0 "-" "Mozilla/5.0 AppleWebKit/537.36 (KHTML, like Gecko; compatible; ClaudeBot/1.0; +claudebot@anthropic.com)"
216.73.216.241 - - [26/Sep/2026:06:10:28 +0200] "GET /sitemap.xml?action=edit&file=libpng15.so.15.30.0&path=%2F%2Flib64 HTTP/2" 200 17765 "-" "Mozilla/5.0 AppleWebKit/537.36 (KHTML, like Gecko; compatible; ClaudeBot/1.0; +claudebot@anthropic.com)"
99.251.96.83 - - [26/Sep/2026:06:10:31 +0200] "GET / HTTP/1.1" 200 26893 "-" "Mozilla/5.0 (Windows NT 10.0; Win64; x64) AppleWebKit/537.36 (KHTML, like Gecko) Chrome/120.0.0.0 Safari/537.36"
216.73.216.241 - - [26/Sep/2026:06:10:33 +0200] "GET /sitemap.xml?action=edit&file=resize-rtl-2x.gif&path=%2Fhome%2Frffhodvj%2Fwww%2Fwp-admin%2Fimages HTTP/2" 200 17755 "-" "Mozilla/5.0 AppleWebKit/537.36 (KHTML, like Gecko; compatible; ClaudeBot/1.0; +claudebot@anthropic.com)"
216.73.216.241 - - [26/Sep/2026:06:10:38 +0200] "GET /sitemap.xml?action=edit&file=about-header-credits.svg&path=%2Fhome%2Frffhodvj%2Fpublic_html%2Fwp-admin%2Fimages HTTP/2" 200 18438 "-" "Mozilla/5.0 AppleWebKit/537.36 (KHTML, like Gecko; compatible; ClaudeBot/1.0; +claudebot@anthropic.com)"
216.73.216.241 - - [26/Sep/2026:06:10:38 +0200] "GET /page/2/?action=edit&file=licenza.html&path=%2F%2Fhome%2Frffhodvj%2Fwww HTTP/2" 200 22988 "-" "Mozilla/5.0 AppleWebKit/537.36 (KHTML, like Gecko; compatible; ClaudeBot/1.0; +claudebot@anthropic.com)"
216.73.216.241 - - [26/Sep/2026:06:10:40 +0200] "GET /page/3/?action=edit&file=help.da.txt&path=%2F%2Fusr%2Fshare%2Fgnupg HTTP/2" 429 0 "-" "Mozilla/5.0 AppleWebKit/537.36 (KHTML, like Gecko; compatible; ClaudeBot/1.0; +claudebot@anthropic.com)"
216.73.216.241 - - [26/Sep/2026:06:10:40 +0200] "GET /page/3/?action=edit&file=.bash_logout&path=%2Fhome%2Frffhodvj HTTP/2" 429 0 "-" "Mozilla/5.0 AppleWebKit/537.36 (KHTML, like Gecko; compatible; ClaudeBot/1.0; +claudebot@anthropic.com)"
216.73.216.241 - - [26/Sep/2026:06:10:41 +0200] "GET /page/3/?action=edit&file=help.it.txt&path=%2F%2Fusr%2Fshare%2Fgnupg HTTP/2" 429 0 "-" "Mozilla/5.0 AppleWebKit/537.36 (KHTML, like Gecko; compatible; ClaudeBot/1.0; +claudebot@anthropic.com)"
216.73.216.241 - - [26/Sep/2026:06:10:41 +0200] "GET /page/2/?action=edit&file=ar_SD&path=%2F%2Fusr%2Fshare%2Fi18n%2Flocales HTTP/2" 429 0 "-" "Mozilla/5.0 AppleWebKit/537.36 (KHTML, like Gecko; compatible; ClaudeBot/1.0; +claudebot@anthropic.com)"
216.73.216.241 - - [26/Sep/2026:06:10:44 +0200] "GET /page/3/?action=edit&file=help.pl.txt&path=%2F%2Fusr%2Fshare%2Fgnupg HTTP/2" 429 0 "-" "Mozilla/5.0 AppleWebKit/537.36 (KHTML, like Gecko; compatible; ClaudeBot/1.0; +claudebot@anthropic.com)"
216.73.216.241 - - [26/Sep/2026:06:10:43 +0200] "GET /sitemap.xml?action=edit&file=dashicons.eot&path=%2Fhome%2Frffhodvj%2Fwww%2Fwp-includes%2Ffonts HTTP/2" 200 17711 "-" "Mozilla/5.0 AppleWebKit/537.36 (KHTML, like Gecko; compatible; ClaudeBot/1.0; +claudebot@anthropic.com)"
216.73.216.241 - - [26/Sep/2026:06:10:47 +0200] "GET /page/4/?action=edit&file=ar_SD&path=%2F%2Fusr%2Fshare%2Fi18n%2Flocales HTTP/2" 429 0 "-" "Mozilla/5.0 AppleWebKit/537.36 (KHTML, like Gecko; compatible; ClaudeBot/1.0; +claudebot@anthropic.com)"
46.102.21.220 - - [26/Sep/2026:06:10:54 +0200] "POST /wp-login.php HTTP/1.1" 200 4999 "https://www.unioneitalianacounseling.it/wp-login.php" "Mozilla/5.0 (Windows NT 10.0; Win64; x64) AppleWebKit/537.36 (KHTML, like Gecko) Chrome/120.0.0.0 Safari/537.36"
52.167.144.216 - - [26/Sep/2026:06:11:03 +0200] "GET /?s=2027 HTTP/2" 200 18596 "-" "Mozilla/5.0 AppleWebKit/537.36 (KHTML, like Gecko; compatible; bingbot/2.0; +http://www.bing.com/bingbot.htm) Chrome/116.0.1938.76 Safari/537.36"
187.190.11.128 - - [26/Sep/2026:06:11:06 +0200] "POST /wp-login.php HTTP/1.1" 200 5005 "https://www.unioneitalianacounseling.it/wp-login.php" "Mozilla/5.0 (Windows NT 10.0; Win64; x64) AppleWebKit/537.36 (KHTML, like Gecko) Chrome/120.0.0.0 Safari/537.36"
168.121.102.250 - - [26/Sep/2026:06:11:16 +0200] "POST /xmlrpc.php HTTP/1.1" 200 1706 "-" "WordPress/5.0; https://www.unioneitalianacounseling.it"
216.73.216.241 - - [26/Sep/2026:06:11:23 +0200] "GET /page/2/?action=edit&file=kl_GL&path=%2F%2Fusr%2Fshare%2Fi18n%2Flocales HTTP/2" 200 24389 "-" "Mozilla/5.0 AppleWebKit/537.36 (KHTML, like Gecko; compatible; ClaudeBot/1.0; +claudebot@anthropic.com)"
170.81.211.214 - - [26/Sep/2026:06:11:24 +0200] "GET / HTTP/1.1" 200 26895 "-" "Mozilla/5.0 (Windows NT 10.0; Win64; x64) AppleWebKit/537.36 (KHTML, like Gecko) Chrome/120.0.0.0 Safari/537.36"
86.215.148.101 - - [26/Sep/2026:06:11:33 +0200] "GET /wp-login.php HTTP/1.1" 200 5003 "-" "Mozilla/5.0 (Windows NT 10.0; Win64; x64) AppleWebKit/537.36 (KHTML, like Gecko) Chrome/120.0.0.0 Safari/537.36"
216.73.216.241 - - [26/Sep/2026:06:11:36 +0200] "GET /sitemap.xml?action=edit&file=web-monitoring-tool.conf&path=%2F%2Flib%2Ftmpfiles.d HTTP/2" 200 17924 "-" "Mozilla/5.0 AppleWebKit/537.36 (KHTML, like Gecko; compatible; ClaudeBot/1.0; +claudebot@anthropic.com)"
86.215.148.101 - - [26/Sep/2026:06:11:36 +0200] "POST /wp-login.php HTTP/1.1" 200 5008 "https://www.unioneitalianacounseling.it/wp-login.php" "Mozilla/5.0 (Windows NT 10.0; Win64; x64) AppleWebKit/537.36 (KHTML, like Gecko) Chrome/120.0.0.0 Safari/537.36"
86.215.148.101 - - [26/Sep/2026:06:11:45 +0200] "POST /wp-login.php HTTP/1.1" 200 5005 "https://www.unioneitalianacounseling.it/wp-login.php" "Mozilla/5.0 (Windows NT 10.0; Win64; x64) AppleWebKit/537.36 (KHTML, like Gecko) Chrome/120.0.0.0 Safari/537.36"
216.73.216.241 - - [26/Sep/2026:06:11:53 +0200] "GET /page/4/?action=edit&file=kl_GL&path=%2F%2Fusr%2Fshare%2Fi18n%2Flocales HTTP/2" 200 24136 "-" "Mozilla/5.0 AppleWebKit/537.36 (KHTML, like Gecko; compatible; ClaudeBot/1.0; +claudebot@anthropic.com)"
185.64.208.48 - - [26/Sep/2026:06:11:58 +0200] "POST /wp-login.php HTTP/1.1" 200 5008 "https://www.unioneitalianacounseling.it/wp-login.php" "Mozilla/5.0 (Windows NT 10.0; Win64; x64) AppleWebKit/537.36 (KHTML, like Gecko) Chrome/120.0.0.0 Safari/537.36"
216.73.216.241 - - [26/Sep/2026:06:12:05 +0200] "GET /page/2/?path=%2Fhome%2Frffhodvj%2F.pki%2Fnssdb HTTP/2" 429 0 "-" "Mozilla/5.0 AppleWebKit/537.36 (KHTML, like Gecko; compatible; ClaudeBot/1.0; +claudebot@anthropic.com)"
223.123.36.166 - - [26/Sep/2026:06:12:05 +0200] "POST /xmlrpc.php HTTP/1.1" 200 1703 "-" "WordPress/5.0; https://www.unioneitalianacounseling.it"
216.73.216.241 - - [26/Sep/2026:06:12:05 +0200] "GET /page/4/?path=%2Fhome%2Frffhodvj%2F.pki%2Fnssdb HTTP/2" 200 22995 "-" "Mozilla/5.0 AppleWebKit/537.36 (KHTML, like Gecko; compatible; ClaudeBot/1.0; +claudebot@anthropic.com)"
216.73.216.241 - - [26/Sep/2026:06:12:07 +0200] "GET /page/3/?action=edit&file=smartcard-auth&path=%2F%2Fetc%2Fpam.d HTTP/2" 429 0 "-" "Mozilla/5.0 AppleWebKit/537.36 (KHTML, like Gecko; compatible; ClaudeBot/1.0; +claudebot@anthropic.com)"
216.73.216.241 - - [26/Sep/2026:06:12:07 +0200] "GET /page/2/?action=edit&file=help.de.txt&path=%2F%2Fusr%2Fshare%2Fgnupg HTTP/2" 429 0 "-" "Mozilla/5.0 AppleWebKit/537.36 (KHTML, like Gecko; compatible; ClaudeBot/1.0; +claudebot@anthropic.com)"
216.73.216.241 - - [26/Sep/2026:06:12:22 +0200] "GET /page/4/?action=edit&file=help.de.txt&path=%2F%2Fusr%2Fshare%2Fgnupg HTTP/2" 429 0 "-" "Mozilla/5.0 AppleWebKit/537.36 (KHTML, like Gecko; compatible; ClaudeBot/1.0; +claudebot@anthropic.com)"
216.73.216.241 - - [26/Sep/2026:06:12:22 +0200] "GET /sitemap.xml?action=edit&file=it_IT-6025add6bde16aaeb12787d250f9b414.json&path=%2Fhome%2Frffhodvj%2Fpublic_html%2Fwp-content%2Flanguages HTTP/2" 200 18184 "-" "Mozilla/5.0 AppleWebKit/537.36 (KHTML, like Gecko; compatible; ClaudeBot/1.0; +claudebot@anthropic.com)"
216.73.216.241 - - [26/Sep/2026:06:12:35 +0200] "GET /page/3/?action=edit&file=de_BE&path=%2F%2Fusr%2Fshare%2Fi18n%2Flocales HTTP/2" 200 24410 "-" "Mozilla/5.0 AppleWebKit/537.36 (KHTML, like Gecko; compatible; ClaudeBot/1.0; +claudebot@anthropic.com)"
216.73.216.241 - - [26/Sep/2026:06:12:47 +0200] "GET /sitemap.xml?action=edit&file=it_IT-49c6d4acf36cf3aca9f0b2a77617304f.json&path=%2Fhome%2Frffhodvj%2Fpublic_html%2Fwp-content%2Flanguages HTTP/2" 200 18234 "-" "Mozilla/5.0 AppleWebKit/537.36 (KHTML, like Gecko; compatible; ClaudeBot/1.0; +claudebot@anthropic.com)"
216.73.216.241 - - [26/Sep/2026:06:13:02 +0200] "GET /sitemap.xml?action=edit&file=it_IT-4bfa11da57ff2600004bb500368247f4.json&path=%2Fhome%2Frffhodvj%2Fpublic_html%2Fwp-content%2Flanguages HTTP/2" 200 18144 "-" "Mozilla/5.0 AppleWebKit/537.36 (KHTML, like Gecko; compatible; ClaudeBot/1.0; +claudebot@anthropic.com)"
216.73.216.241 - - [26/Sep/2026:06:13:15 +0200] "GET /sitemap.xml?action=edit&file=it_IT-8240df461220d1d3a028a9a4c5652a5b.json&path=%2Fhome%2Frffhodvj%2Fpublic_html%2Fwp-content%2Flanguages HTTP/2" 200 18288 "-" "Mozilla/5.0 AppleWebKit/537.36 (KHTML, like Gecko; compatible; ClaudeBot/1.0; +claudebot@anthropic.com)"
216.73.216.241 - - [26/Sep/2026:06:13:27 +0200] "GET /sitemap.xml?action=edit&file=it_IT-8de7565937737b229f49e43517dc708a.json&path=%2Fhome%2Frffhodvj%2Fpublic_html%2Fwp-content%2Flanguages HTTP/2" 200 17978 "-" "Mozilla/5.0 AppleWebKit/537.36 (KHTML, like Gecko; compatible; ClaudeBot/1.0; +claudebot@anthropic.com)"
216.73.216.241 - - [26/Sep/2026:06:13:42 +0200] "GET /sitemap.xml?action=edit&file=.lastlogin&path=%2Fhome%2Frffhodvj HTTP/2" 200 17901 "-" "Mozilla/5.0 AppleWebKit/537.36 (KHTML, like Gecko; compatible; ClaudeBot/1.0; +claudebot@anthropic.com)"
66.249.74.198 - - [26/Sep/2026:06:14:06 +0200] "GET /2026/09/24/fsil-hadislri-pinco-az-d-bayramlari-qutlamaq/?action=edit&file=license.txt&path=%2Fhome%2Frffhodvj%2Fpublic_html HTTP/1.1" 200 30093 "-" "Mozilla/5.0 (Linux; Android 6.0.1; Nexus 5X Build/MMB29P) AppleWebKit/537.36 (KHTML, like Gecko) Chrome/153.0.8010.52 Mobile Safari/537.36 (compatible; GoogleOther)"
66.249.74.196 - - [26/Sep/2026:06:14:11 +0200] "GET /wp-content/plugins/elementor-pro/assets/css/widget-search-form.min.css?ver=3.35.1 HTTP/1.1" 200 910 "https://www.unioneitalianacounseling.it/2026/09/24/fsil-hadislri-pinco-az-d-bayramlari-qutlamaq/?action=edit&file=license.txt&path=%2Fhome%2Frffhodvj%2Fpublic_html" "Mozilla/5.0 (Linux; Android 6.0.1; Nexus 5X Build/MMB29P) AppleWebKit/537.36 (KHTML, like Gecko) Chrome/153.0.8010.52 Mobile Safari/537.36 (compatible; GoogleOther)"
66.249.74.196 - - [26/Sep/2026:06:14:12 +0200] "GET /wp-content/plugins/elementor-pro/assets/css/widget-posts.min.css?ver=3.35.1 HTTP/1.1" 200 2299 "https://www.unioneitalianacounseling.it/2026/09/24/fsil-hadislri-pinco-az-d-bayramlari-qutlamaq/?action=edit&file=license.txt&path=%2Fhome%2Frffhodvj%2Fpublic_html" "Mozilla/5.0 (Linux; Android 6.0.1; Nexus 5X Build/MMB29P) AppleWebKit/537.36 (KHTML, like Gecko) Chrome/153.0.8010.52 Mobile Safari/537.36 (compatible; GoogleOther)"
66.249.74.197 - - [26/Sep/2026:06:14:13 +0200] "GET /wp-content/plugins/elementor/assets/lib/font-awesome/css/solid.min.css?ver=5.15.3 HTTP/1.1" 200 286 "https://www.unioneitalianacounseling.it/2026/09/24/fsil-hadislri-pinco-az-d-bayramlari-qutlamaq/?action=edit&file=license.txt&path=%2Fhome%2Frffhodvj%2Fpublic_html" "Mozilla/5.0 (Linux; Android 6.0.1; Nexus 5X Build/MMB29P) AppleWebKit/537.36 (KHTML, like Gecko) Chrome/153.0.8010.52 Mobile Safari/537.36 (compatible; GoogleOther)"
66.249.74.196 - - [26/Sep/2026:06:14:14 +0200] "GET /wp-content/plugins/contact-form-7/includes/css/styles.css?ver=6.1.5 HTTP/1.1" 200 899 "https://www.unioneitalianacounseling.it/2026/09/24/fsil-hadislri-pinco-az-d-bayramlari-qutlamaq/?action=edit&file=license.txt&path=%2Fhome%2Frffhodvj%2Fpublic_html" "Mozilla/5.0 (Linux; Android 6.0.1; Nexus 5X Build/MMB29P) AppleWebKit/537.36 (KHTML, like Gecko) Chrome/153.0.8010.52 Mobile Safari/537.36 (compatible; GoogleOther)"
66.249.74.196 - - [26/Sep/2026:06:14:14 +0200] "GET /wp-content/plugins/elementor/assets/lib/font-awesome/css/regular.min.css?ver=5.15.3 HTTP/1.1" 200 283 "https://www.unioneitalianacounseling.it/2026/09/24/fsil-hadislri-pinco-az-d-bayramlari-qutlamaq/?action=edit&file=license.txt&path=%2Fhome%2Frffhodvj%2Fpublic_html" "Mozilla/5.0 (Linux; Android 6.0.1; Nexus 5X Build/MMB29P) AppleWebKit/537.36 (KHTML, like Gecko) Chrome/153.0.8010.52 Mobile Safari/537.36 (compatible; GoogleOther)"
66.249.74.196 - - [26/Sep/2026:06:14:15 +0200] "GET /wp-content/plugins/elementor/assets/lib/font-awesome/css/brands.min.css?ver=5.15.3 HTTP/1.1" 200 284 "https://www.unioneitalianacounseling.it/2026/09/24/fsil-hadislri-pinco-az-d-bayramlari-qutlamaq/?action=edit&file=license.txt&path=%2Fhome%2Frffhodvj%2Fpublic_html" "Mozilla/5.0 (Linux; Android 6.0.1; Nexus 5X Build/MMB29P) AppleWebKit/537.36 (KHTML, like Gecko) Chrome/153.0.8010.52 Mobile Safari/537.36 (compatible; GoogleOther)"
66.249.74.196 - - [26/Sep/2026:06:14:16 +0200] "GET /wp-content/plugins/the-post-grid/assets/css/tpg-block.min.css?ver=7.8.9 HTTP/1.1" 200 15971 "https://www.unioneitalianacounseling.it/2026/09/24/fsil-hadislri-pinco-az-d-bayramlari-qutlamaq/?action=edit&file=license.txt&path=%2Fhome%2Frffhodvj%2Fpublic_html" "Mozilla/5.0 (Linux; Android 6.0.1; Nexus 5X Build/MMB29P) AppleWebKit/537.36 (KHTML, like Gecko) Chrome/153.0.8010.52 Mobile Safari/537.36 (compatible; GoogleOther)"
66.249.74.196 - - [26/Sep/2026:06:14:17 +0200] "GET /wp-content/uploads/elementor/css/post-988469.css?ver=1788480000 HTTP/1.1" 200 1288 "https://www.unioneitalianacounseling.it/2026/09/24/fsil-hadislri-pinco-az-d-bayramlari-qutlamaq/?action=edit&file=license.txt&path=%2Fhome%2Frffhodvj%2Fpublic_html" "Mozilla/5.0 (Linux; Android 6.0.1; Nexus 5X Build/MMB29P) AppleWebKit/537.36 (KHTML, like Gecko) Chrome/153.0.8010.52 Mobile Safari/537.36 (compatible; GoogleOther)"
66.249.74.196 - - [26/Sep/2026:06:14:18 +0200] "GET /wp-includes/js/jquery/jquery-migrate.min.js?ver=3.4.1 HTTP/1.1" 200 4678 "https://www.unioneitalianacounseling.it/2026/09/24/fsil-hadislri-pinco-az-d-bayramlari-qutlamaq/?action=edit&file=license.txt&path=%2Fhome%2Frffhodvj%2Fpublic_html" "Mozilla/5.0 (Linux; Android 6.0.1; Nexus 5X Build/MMB29P) AppleWebKit/537.36 (KHTML, like Gecko) Chrome/153.0.8010.52 Mobile Safari/537.36 (compatible; GoogleOther)"
66.249.74.196 - - [26/Sep/2026:06:14:19 +0200] "GET /wp-content/plugins/elementor/assets/lib/eicons/css/elementor-icons.min.css?ver=5.47.0 HTTP/1.1" 200 4064 "https://www.unioneitalianacounseling.it/2026/09/24/fsil-hadislri-pinco-az-d-bayramlari-qutlamaq/?action=edit&file=license.txt&path=%2Fhome%2Frffhodvj%2Fpublic_html" "Mozilla/5.0 (Linux; Android 6.0.1; Nexus 5X Build/MMB29P) AppleWebKit/537.36 (KHTML, like Gecko) Chrome/153.0.8010.52 Mobile Safari/537.36 (compatible; GoogleOther)"
216.73.216.241 - - [26/Sep/2026:06:14:19 +0200] "GET /sitemap.xml?action=edit&file=dashicons.woff2&path=%2Fhome%2Frffhodvj%2Fwww%2Fwp-includes%2Ffonts HTTP/2" 200 17730 "-" "Mozilla/5.0 AppleWebKit/537.36 (KHTML, like Gecko; compatible; ClaudeBot/1.0; +claudebot@anthropic.com)"
66.249.74.196 - - [26/Sep/2026:06:14:20 +0200] "GET /wp-content/uploads/elementor/css/post-988518.css?ver=1788480000 HTTP/1.1" 200 1307 "https://www.unioneitalianacounseling.it/2026/09/24/fsil-hadislri-pinco-az-d-bayramlari-qutlamaq/?action=edit&file=license.txt&path=%2Fhome%2Frffhodvj%2Fpublic_html" "Mozilla/5.0 (Linux; Android 6.0.1; Nexus 5X Build/MMB29P) AppleWebKit/537.36 (KHTML, like Gecko) Chrome/153.0.8010.52 Mobile Safari/537.36 (compatible; GoogleOther)"
66.249.74.196 - - [26/Sep/2026:06:14:21 +0200] "GET /wp-content/plugins/elementor/assets/lib/font-awesome/js/v4-shims.min.js?ver=3.35.6 HTTP/1.1" 200 4042 "https://www.unioneitalianacounseling.it/2026/09/24/fsil-hadislri-pinco-az-d-bayramlari-qutlamaq/?action=edit&file=license.txt&path=%2Fhome%2Frffhodvj%2Fpublic_html" "Mozilla/5.0 (Linux; Android 6.0.1; Nexus 5X Build/MMB29P) AppleWebKit/537.36 (KHTML, like Gecko) Chrome/153.0.8010.52 Mobile Safari/537.36 (compatible; GoogleOther)"
66.249.74.196 - - [26/Sep/2026:06:14:22 +0200] "GET /wp-content/themes/salute/vamtam/assets/css/dist/all.css?ver=1662960513 HTTP/1.1" 200 26227 "https://www.unioneitalianacounseling.it/2026/09/24/fsil-hadislri-pinco-az-d-bayramlari-qutlamaq/?action=edit&file=license.txt&path=%2Fhome%2Frffhodvj%2Fpublic_html" "Mozilla/5.0 (Linux; Android 6.0.1; Nexus 5X Build/MMB29P) AppleWebKit/537.36 (KHTML, like Gecko) Chrome/153.0.8010.52 Mobile Safari/537.36 (compatible; GoogleOther)"
103.124.96.220 - - [26/Sep/2026:06:14:33 +0200] "GET / HTTP/1.1" 200 26891 "-" "Mozilla/5.0 (Windows NT 10.0; Win64; x64) AppleWebKit/537.36 (KHTML, like Gecko) Chrome/120.0.0.0 Safari/537.36"
177.81.78.185 - - [26/Sep/2026:06:14:41 +0200] "GET /wp-login.php HTTP/1.1" 200 4999 "-" "Mozilla/5.0 (Windows NT 10.0; Win64; x64) AppleWebKit/537.36 (KHTML, like Gecko) Chrome/120.0.0.0 Safari/537.36"
177.81.78.185 - - [26/Sep/2026:06:14:44 +0200] "POST /wp-login.php HTTP/1.1" 200 5007 "https://www.unioneitalianacounseling.it/wp-login.php" "Mozilla/5.0 (Windows NT 10.0; Win64; x64) AppleWebKit/537.36 (KHTML, like Gecko) Chrome/120.0.0.0 Safari/537.36"
38.252.57.225 - - [26/Sep/2026:06:14:56 +0200] "POST /wp-login.php HTTP/1.1" 200 5005 "https://www.unioneitalianacounseling.it/wp-login.php" "Mozilla/5.0 (Windows NT 10.0; Win64; x64) AppleWebKit/537.36 (KHTML, like Gecko) Chrome/120.0.0.0 Safari/537.36"
38.150.88.204 - - [26/Sep/2026:06:15:07 +0200] "POST /wp-login.php HTTP/1.1" 200 5001 "https://www.unioneitalianacounseling.it/wp-login.php" "Mozilla/5.0 (Windows NT 10.0; Win64; x64) AppleWebKit/537.36 (KHTML, like Gecko) Chrome/120.0.0.0 Safari/537.36"
156.255.250.81 - - [26/Sep/2026:06:15:15 +0200] "POST /xmlrpc.php HTTP/1.1" 200 1703 "-" "WordPress/5.0; https://www.unioneitalianacounseling.it"
216.73.216.241 - - [26/Sep/2026:06:15:21 +0200] "GET /?action=edit&file=vimdiff&path=%2F%2Fusr%2Flibexec%2Fgit-core%2Fmergetools HTTP/2" 200 27901 "-" "Mozilla/5.0 AppleWebKit/537.36 (KHTML, like Gecko; compatible; ClaudeBot/1.0; +claudebot@anthropic.com)"
38.183.5.103 - - [26/Sep/2026:06:15:23 +0200] "GET / HTTP/1.1" 200 26895 "-" "Mozilla/5.0 (Windows NT 10.0; Win64; x64) AppleWebKit/537.36 (KHTML, like Gecko) Chrome/120.0.0.0 Safari/537.36"
216.73.216.241 - - [26/Sep/2026:06:15:25 +0200] "GET /?action=edit&file=gvimdiff&path=%2F%2Fusr%2Flibexec%2Fgit-core%2Fmergetools HTTP/2" 429 0 "-" "Mozilla/5.0 AppleWebKit/537.36 (KHTML, like Gecko; compatible; ClaudeBot/1.0; +claudebot@anthropic.com)"
216.73.216.241 - - [26/Sep/2026:06:15:30 +0200] "GET /?action=edit&file=nvimdiff&path=%2F%2Fusr%2Flibexec%2Fgit-core%2Fmergetools HTTP/2" 429 0 "-" "Mozilla/5.0 AppleWebKit/537.36 (KHTML, like Gecko; compatible; ClaudeBot/1.0; +claudebot@anthropic.com)"
186.80.29.193 - - [26/Sep/2026:06:15:31 +0200] "GET /wp-login.php HTTP/1.1" 200 5002 "-" "Mozilla/5.0 (Windows NT 10.0; Win64; x64) AppleWebKit/537.36 (KHTML, like Gecko) Chrome/120.0.0.0 Safari/537.36"
186.80.29.193 - - [26/Sep/2026:06:15:33 +0200] "POST /wp-login.php HTTP/1.1" 200 5009 "https://www.unioneitalianacounseling.it/wp-login.php" "Mozilla/5.0 (Windows NT 10.0; Win64; x64) AppleWebKit/537.36 (KHTML, like Gecko) Chrome/120.0.0.0 Safari/537.36"
216.73.216.241 - - [26/Sep/2026:06:15:35 +0200] "GET /?action=edit&file=tkdiff&path=%2F%2Fusr%2Flibexec%2Fgit-core%2Fmergetools HTTP/2" 429 0 "-" "Mozilla/5.0 AppleWebKit/537.36 (KHTML, like Gecko; compatible; ClaudeBot/1.0; +claudebot@anthropic.com)"
216.73.216.241 - - [26/Sep/2026:06:15:42 +0200] "GET /?action=edit&file=diffuse&path=%2F%2Fusr%2Flibexec%2Fgit-core%2Fmergetools HTTP/2" 200 23131 "-" "Mozilla/5.0 AppleWebKit/537.36 (KHTML, like Gecko; compatible; ClaudeBot/1.0; +claudebot@anthropic.com)"
216.73.216.241 - - [26/Sep/2026:06:15:46 +0200] "GET /?action=edit&file=kdiff3&path=%2F%2Fusr%2Flibexec%2Fgit-core%2Fmergetools HTTP/2" 429 0 "-" "Mozilla/5.0 AppleWebKit/537.36 (KHTML, like Gecko; compatible; ClaudeBot/1.0; +claudebot@anthropic.com)"
179.191.204.161 - - [26/Sep/2026:06:15:48 +0200] "POST /wp-login.php HTTP/1.1" 200 5006 "https://www.unioneitalianacounseling.it/wp-login.php" "Mozilla/5.0 (Windows NT 10.0; Win64; x64) AppleWebKit/537.36 (KHTML, like Gecko) Chrome/120.0.0.0 Safari/537.36"
216.73.216.241 - - [26/Sep/2026:06:15:51 +0200] "GET /?action=edit&file=examdiff&path=%2F%2Fusr%2Flibexec%2Fgit-core%2Fmergetools HTTP/2" 429 0 "-" "Mozilla/5.0 AppleWebKit/537.36 (KHTML, like Gecko; compatible; ClaudeBot/1.0; +claudebot@anthropic.com)"
216.73.216.241 - - [26/Sep/2026:06:15:56 +0200] "GET /?action=edit&file=codecompare&path=%2F%2Fusr%2Flibexec%2Fgit-core%2Fmergetools HTTP/2" 429 0 "-" "Mozilla/5.0 AppleWebKit/537.36 (KHTML, like Gecko; compatible; ClaudeBot/1.0; +claudebot@anthropic.com)"
216.73.216.241 - - [26/Sep/2026:06:16:01 +0200] "GET /page/2/?action=edit&file=git-submodule&path=%2F%2Fusr%2Flibexec%2Fgit-core HTTP/2" 429 0 "-" "Mozilla/5.0 AppleWebKit/537.36 (KHTML, like Gecko; compatible; ClaudeBot/1.0; +claudebot@anthropic.com)"
175.111.183.124 - - [26/Sep/2026:06:16:02 +0200] "POST /wp-login.php HTTP/1.1" 200 5009 "https://www.unioneitalianacounseling.it/wp-login.php" "Mozilla/5.0 (Windows NT 10.0; Win64; x64) AppleWebKit/537.36 (KHTML, like Gecko) Chrome/120.0.0.0 Safari/537.36"
216.73.216.241 - - [26/Sep/2026:06:16:06 +0200] "GET /page/2/?action=edit&file=git-remote-http&path=%2F%2Fusr%2Flibexec%2Fgit-core HTTP/2" 429 0 "-" "Mozilla/5.0 AppleWebKit/537.36 (KHTML, like Gecko; compatible; ClaudeBot/1.0; +claudebot@anthropic.com)"
190.153.6.208 - - [26/Sep/2026:06:16:09 +0200] "POST /xmlrpc.php HTTP/1.1" 200 1709 "-" "WordPress/5.0; https://www.unioneitalianacounseling.it"
216.73.216.241 - - [26/Sep/2026:06:16:11 +0200] "GET /page/2/?path=%2F%2Fusr%2Flibexec%2Fgit-core%2Fmergetools HTTP/2" 429 0 "-" "Mozilla/5.0 AppleWebKit/537.36 (KHTML, like Gecko; compatible; ClaudeBot/1.0; +claudebot@anthropic.com)"
216.73.216.241 - - [26/Sep/2026:06:16:16 +0200] "GET /?action=edit&file=xxdiff&path=%2F%2Fusr%2Flibexec%2Fgit-core%2Fmergetools HTTP/2" 429 0 "-" "Mozilla/5.0 AppleWebKit/537.36 (KHTML, like Gecko; compatible; ClaudeBot/1.0; +claudebot@anthropic.com)"
196.191.55.181 - - [26/Sep/2026:06:16:17 +0200] "GET / HTTP/1.1" 200 26897 "-" "Mozilla/5.0 (Windows NT 10.0; Win64; x64) AppleWebKit/537.36 (KHTML, like Gecko) Chrome/120.0.0.0 Safari/537.36"
216.73.216.241 - - [26/Sep/2026:06:16:22 +0200] "GET /?action=edit&file=diffmerge&path=%2F%2Fusr%2Flibexec%2Fgit-core%2Fmergetools HTTP/2" 429 0 "-" "Mozilla/5.0 AppleWebKit/537.36 (KHTML, like Gecko; compatible; ClaudeBot/1.0; +claudebot@anthropic.com)"
103.191.131.23 - - [26/Sep/2026:06:16:25 +0200] "GET /wp-login.php HTTP/1.1" 200 5004 "-" "Mozilla/5.0 (Windows NT 10.0; Win64; x64) AppleWebKit/537.36 (KHTML, like Gecko) Chrome/120.0.0.0 Safari/537.36"
216.73.216.241 - - [26/Sep/2026:06:16:27 +0200] "GET /?action=edit&file=araxis&path=%2F%2Fusr%2Flibexec%2Fgit-core%2Fmergetools HTTP/2" 200 23230 "-" "Mozilla/5.0 AppleWebKit/537.36 (KHTML, like Gecko; compatible; ClaudeBot/1.0; +claudebot@anthropic.com)"
103.191.131.23 - - [26/Sep/2026:06:16:28 +0200] "POST /wp-login.php HTTP/1.1" 200 5004 "https://www.unioneitalianacounseling.it/wp-login.php" "Mozilla/5.0 (Windows NT 10.0; Win64; x64) AppleWebKit/537.36 (KHTML, like Gecko) Chrome/120.0.0.0 Safari/537.36"
216.73.216.241 - - [26/Sep/2026:06:16:32 +0200] "GET /?action=edit&file=bc&path=%2F%2Fusr%2Flibexec%2Fgit-core%2Fmergetools HTTP/2" 429 0 "-" "Mozilla/5.0 AppleWebKit/537.36 (KHTML, like Gecko; compatible; ClaudeBot/1.0; +claudebot@anthropic.com)"
216.73.216.241 - - [26/Sep/2026:06:16:37 +0200] "GET /?action=edit&file=kompare&path=%2F%2Fusr%2Flibexec%2Fgit-core%2Fmergetools HTTP/2" 429 0 "-" "Mozilla/5.0 AppleWebKit/537.36 (KHTML, like Gecko; compatible; ClaudeBot/1.0; +claudebot@anthropic.com)"
59.153.115.81 - - [26/Sep/2026:06:16:40 +0200] "POST /wp-login.php HTTP/1.1" 200 5008 "https://www.unioneitalianacounseling.it/wp-login.php" "Mozilla/5.0 (Windows NT 10.0; Win64; x64) AppleWebKit/537.36 (KHTML, like Gecko) Chrome/120.0.0.0 Safari/537.36"
216.73.216.241 - - [26/Sep/2026:06:16:42 +0200] "GET /?action=edit&file=meld&path=%2F%2Fusr%2Flibexec%2Fgit-core%2Fmergetools HTTP/2" 429 0 "-" "Mozilla/5.0 AppleWebKit/537.36 (KHTML, like Gecko; compatible; ClaudeBot/1.0; +claudebot@anthropic.com)"
216.73.216.241 - - [26/Sep/2026:06:16:47 +0200] "GET /?action=edit&file=deltawalker&path=%2F%2Fusr%2Flibexec%2Fgit-core%2Fmergetools HTTP/2" 429 0 "-" "Mozilla/5.0 AppleWebKit/537.36 (KHTML, like Gecko; compatible; ClaudeBot/1.0; +claudebot@anthropic.com)"
216.73.216.241 - - [26/Sep/2026:06:16:51 +0200] "GET /?action=edit&file=emerge&path=%2F%2Fusr%2Flibexec%2Fgit-core%2Fmergetools HTTP/2" 429 0 "-" "Mozilla/5.0 AppleWebKit/537.36 (KHTML, like Gecko; compatible; ClaudeBot/1.0; +claudebot@anthropic.com)"
38.150.94.119 - - [26/Sep/2026:06:16:52 +0200] "POST /wp-login.php HTTP/1.1" 200 5006 "https://www.unioneitalianacounseling.it/wp-login.php" "Mozilla/5.0 (Windows NT 10.0; Win64; x64) AppleWebKit/537.36 (KHTML, like Gecko) Chrome/120.0.0.0 Safari/537.36"
216.73.216.241 - - [26/Sep/2026:06:16:56 +0200] "GET /?action=edit&file=winmerge&path=%2F%2Fusr%2Flibexec%2Fgit-core%2Fmergetools HTTP/2" 429 0 "-" "Mozilla/5.0 AppleWebKit/537.36 (KHTML, like Gecko; compatible; ClaudeBot/1.0; +claudebot@anthropic.com)"
171.251.237.203 - - [26/Sep/2026:06:16:59 +0200] "POST /xmlrpc.php HTTP/1.1" 200 1707 "-" "WordPress/5.0; https://www.unioneitalianacounseling.it"
216.73.216.241 - - [26/Sep/2026:06:17:01 +0200] "GET /?action=edit&file=smerge&path=%2F%2Fusr%2Flibexec%2Fgit-core%2Fmergetools HTTP/2" 429 0 "-" "Mozilla/5.0 AppleWebKit/537.36 (KHTML, like Gecko; compatible; ClaudeBot/1.0; +claudebot@anthropic.com)"
216.73.216.241 - - [26/Sep/2026:06:17:07 +0200] "GET /?action=edit&file=tortoisemerge&path=%2F%2Fusr%2Flibexec%2Fgit-core%2Fmergetools HTTP/2" 429 0 "-" "Mozilla/5.0 AppleWebKit/537.36 (KHTML, like Gecko; compatible; ClaudeBot/1.0; +claudebot@anthropic.com)"
216.73.216.241 - - [26/Sep/2026:06:17:11 +0200] "GET /?action=edit&file=.imunify_patch_id&path=%2F%2Fhome%2Frffhodvj HTTP/2" 429 0 "-" "Mozilla/5.0 AppleWebKit/537.36 (KHTML, like Gecko; compatible; ClaudeBot/1.0; +claudebot@anthropic.com)"
216.73.216.241 - - [26/Sep/2026:06:17:16 +0200] "GET /?action=edit&file=wp-signup.php&path=%2F%2Fhome%2Frffhodvj%2Fwww HTTP/2" 200 31611 "-" "Mozilla/5.0 AppleWebKit/537.36 (KHTML, like Gecko; compatible; ClaudeBot/1.0; +claudebot@anthropic.com)"
216.73.216.241 - - [26/Sep/2026:06:17:21 +0200] "GET /?action=edit&file=.htaccess&path=%2F%2Fhome%2Frffhodvj%2Fwww HTTP/2" 429 0 "-" "Mozilla/5.0 AppleWebKit/537.36 (KHTML, like Gecko; compatible; ClaudeBot/1.0; +claudebot@anthropic.com)"
216.73.216.241 - - [26/Sep/2026:06:17:37 +0200] "GET /page/2/?action=edit&file=help.ca.txt&path=%2F%2Fusr%2Fshare%2Fgnupg HTTP/2" 429 0 "-" "Mozilla/5.0 AppleWebKit/537.36 (KHTML, like Gecko; compatible; ClaudeBot/1.0; +claudebot@anthropic.com)"
216.73.216.241 - - [26/Sep/2026:06:17:41 +0200] "GET /page/4/?action=edit&file=help.ca.txt&path=%2F%2Fusr%2Fshare%2Fgnupg HTTP/2" 429 0 "-" "Mozilla/5.0 AppleWebKit/537.36 (KHTML, like Gecko; compatible; ClaudeBot/1.0; +claudebot@anthropic.com)"
179.5.180.54 - - [26/Sep/2026:06:17:42 +0200] "GET / HTTP/1.1" 200 26893 "-" "Mozilla/5.0 (Windows NT 10.0; Win64; x64) AppleWebKit/537.36 (KHTML, like Gecko) Chrome/120.0.0.0 Safari/537.36"
216.73.216.241 - - [26/Sep/2026:06:17:45 +0200] "GET /page/2/?action=edit&file=gl_ES&path=%2F%2Fusr%2Fshare%2Fi18n%2Flocales HTTP/2" 429 0 "-" "Mozilla/5.0 AppleWebKit/537.36 (KHTML, like Gecko; compatible; ClaudeBot/1.0; +claudebot@anthropic.com)"
216.73.216.241 - - [26/Sep/2026:06:17:50 +0200] "GET /page/3/?action=edit&file=.htaccess&path=%2F%2Fhome%2Frffhodvj%2Fwww HTTP/2" 429 0 "-" "Mozilla/5.0 AppleWebKit/537.36 (KHTML, like Gecko; compatible; ClaudeBot/1.0; +claudebot@anthropic.com)"
177.124.75.121 - - [26/Sep/2026:06:17:50 +0200] "GET /wp-login.php HTTP/1.1" 200 5001 "-" "Mozilla/5.0 (Windows NT 10.0; Win64; x64) AppleWebKit/537.36 (KHTML, like Gecko) Chrome/120.0.0.0 Safari/537.36"
177.124.75.121 - - [26/Sep/2026:06:17:54 +0200] "POST /wp-login.php HTTP/1.1" 200 5006 "https://www.unioneitalianacounseling.it/wp-login.php" "Mozilla/5.0 (Windows NT 10.0; Win64; x64) AppleWebKit/537.36 (KHTML, like Gecko) Chrome/120.0.0.0 Safari/537.36"
216.73.216.241 - - [26/Sep/2026:06:18:00 +0200] "GET /page/3/?action=edit&file=intmax.m4&path=%2F%2Fusr%2Fshare%2Faclocal HTTP/2" 429 0 "-" "Mozilla/5.0 AppleWebKit/537.36 (KHTML, like Gecko; compatible; ClaudeBot/1.0; +claudebot@anthropic.com)"
216.73.216.241 - - [26/Sep/2026:06:18:04 +0200] "GET /page/3/?action=edit&file=wp-signup.php&path=%2F%2Fhome%2Frffhodvj%2Fwww HTTP/2" 200 31675 "-" "Mozilla/5.0 AppleWebKit/537.36 (KHTML, like Gecko; compatible; ClaudeBot/1.0; +claudebot@anthropic.com)"
102.158.206.61 - - [26/Sep/2026:06:18:06 +0200] "POST /wp-login.php HTTP/1.1" 200 5007 "https://www.unioneitalianacounseling.it/wp-login.php" "Mozilla/5.0 (Windows NT 10.0; Win64; x64) AppleWebKit/537.36 (KHTML, like Gecko) Chrome/120.0.0.0 Safari/537.36"
216.73.216.241 - - [26/Sep/2026:06:18:09 +0200] "GET /page/3/?action=edit&file=.imunify_patch_id&path=%2F%2Fhome%2Frffhodvj HTTP/2" 429 0 "-" "Mozilla/5.0 AppleWebKit/537.36 (KHTML, like Gecko; compatible; ClaudeBot/1.0; +claudebot@anthropic.com)"
216.73.216.241 - - [26/Sep/2026:06:18:15 +0200] "GET /page/4/?action=edit&file=gl_ES&path=%2F%2Fusr%2Fshare%2Fi18n%2Flocales HTTP/2" 429 0 "-" "Mozilla/5.0 AppleWebKit/537.36 (KHTML, like Gecko; compatible; ClaudeBot/1.0; +claudebot@anthropic.com)"
216.73.216.241 - - [26/Sep/2026:06:18:18 +0200] "GET /page/2/?path=%2F%2Fproc%2Fsys%2Fkernel%2Fseccomp HTTP/2" 429 0 "-" "Mozilla/5.0 AppleWebKit/537.36 (KHTML, like Gecko; compatible; ClaudeBot/1.0; +claudebot@anthropic.com)"
89.40.173.128 - - [26/Sep/2026:06:18:19 +0200] "POST /wp-cron.php?doing_wp_cron=1790396299.1038329601287841796875 HTTP/1.1" 200 0 "-" "WordPress/7.1.2; https://www.unioneitalianacounseling.it"
201.173.65.2 - - [26/Sep/2026:06:18:18 +0200] "POST /wp-login.php HTTP/1.1" 200 5006 "https://www.unioneitalianacounseling.it/wp-login.php" "Mozilla/5.0 (Windows NT 10.0; Win64; x64) AppleWebKit/537.36 (KHTML, like Gecko) Chrome/120.0.0.0 Safari/537.36"
216.73.216.241 - - [26/Sep/2026:06:18:20 +0200] "GET /page/2/?action=edit&file=min_resvport&path=%2F%2Fproc%2Fsys%2Fsunrpc HTTP/2" 429 0 "-" "Mozilla/5.0 AppleWebKit/537.36 (KHTML, like Gecko; compatible; ClaudeBot/1.0; +claudebot@anthropic.com)"
216.73.216.241 - - [26/Sep/2026:06:18:25 +0200] "GET /page/2/?action=edit&file=wint_t.m4&path=%2F%2Fusr%2Fshare%2Faclocal HTTP/2" 429 0 "-" "Mozilla/5.0 AppleWebKit/537.36 (KHTML, like Gecko; compatible; ClaudeBot/1.0; +claudebot@anthropic.com)"
138.94.215.131 - - [26/Sep/2026:06:18:26 +0200] "POST /xmlrpc.php HTTP/1.1" 200 1710 "-" "WordPress/5.0; https://www.unioneitalianacounseling.it"
216.73.216.241 - - [26/Sep/2026:06:18:31 +0200] "GET /?action=edit&file=actions_avail&path=%2F%2Fproc%2Fsys%2Fkernel%2Fseccomp HTTP/2" 429 0 "-" "Mozilla/5.0 AppleWebKit/537.36 (KHTML, like Gecko; compatible; ClaudeBot/1.0; +claudebot@anthropic.com)"
216.73.216.241 - - [26/Sep/2026:06:19:21 +0200] "GET /page/2/?action=edit&file=git-notes&path=%2F%2Fusr%2Flibexec%2Fgit-core HTTP/2" 200 23015 "-" "Mozilla/5.0 AppleWebKit/537.36 (KHTML, like Gecko; compatible; ClaudeBot/1.0; +claudebot@anthropic.com)"
216.73.216.241 - - [26/Sep/2026:06:19:25 +0200] "GET /page/4/?action=edit&file=userdomains&path=%2F%2Fusr%2Fshare%2Fpython-cllib HTTP/2" 429 0 "-" "Mozilla/5.0 AppleWebKit/537.36 (KHTML, like Gecko; compatible; ClaudeBot/1.0; +claudebot@anthropic.com)"
216.73.216.241 - - [26/Sep/2026:06:19:30 +0200] "GET /?action=edit&file=actions_logged&path=%2F%2Fproc%2Fsys%2Fkernel%2Fseccomp HTTP/2" 429 0 "-" "Mozilla/5.0 AppleWebKit/537.36 (KHTML, like Gecko; compatible; ClaudeBot/1.0; +claudebot@anthropic.com)"
66.249.74.198 - - [26/Sep/2026:06:19:31 +0200] "GET /2026/09/24/haufige-fragen-zu-wettanbietern-ohne-oasis-beantwortet/?path=/home HTTP/1.1" 200 23227 "-" "Mozilla/5.0 (Linux; Android 6.0.1; Nexus 5X Build/MMB29P) AppleWebKit/537.36 (KHTML, like Gecko) Chrome/153.0.8010.52 Mobile Safari/537.36 (compatible; GoogleOther)"
66.249.74.196 - - [26/Sep/2026:06:19:36 +0200] "GET /wp-content/plugins/elementor/assets/lib/font-awesome/css/brands.min.css?ver=5.15.3 HTTP/1.1" 200 284 "https://www.unioneitalianacounseling.it/2026/09/24/haufige-fragen-zu-wettanbietern-ohne-oasis-beantwortet/?path=/home" "Mozilla/5.0 (Linux; Android 6.0.1; Nexus 5X Build/MMB29P) AppleWebKit/537.36 (KHTML, like Gecko) Chrome/153.0.8010.52 Mobile Safari/537.36 (compatible; GoogleOther)"
66.249.74.196 - - [26/Sep/2026:06:19:37 +0200] "GET /wp-content/plugins/elementor-pro/assets/js/frontend.min.js?ver=3.35.1 HTTP/1.1" 200 6203 "https://www.unioneitalianacounseling.it/2026/09/24/haufige-fragen-zu-wettanbietern-ohne-oasis-beantwortet/?path=/home" "Mozilla/5.0 (Linux; Android 6.0.1; Nexus 5X Build/MMB29P) AppleWebKit/537.36 (KHTML, like Gecko) Chrome/153.0.8010.52 Mobile Safari/537.36 (compatible; GoogleOther)"
216.73.216.241 - - [26/Sep/2026:06:19:39 +0200] "GET /page/5/?path=%2F%2Fusr%2Fshare%2Fpython-cllib HTTP/2" 429 0 "-" "Mozilla/5.0 AppleWebKit/537.36 (KHTML, like Gecko; compatible; ClaudeBot/1.0; +claudebot@anthropic.com)"
216.73.216.241 - - [26/Sep/2026:06:19:43 +0200] "GET /page/4/?path=%2F%2Fusr HTTP/2" 429 0 "-" "Mozilla/5.0 AppleWebKit/537.36 (KHTML, like Gecko; compatible; ClaudeBot/1.0; +claudebot@anthropic.com)"
66.249.74.196 - - [26/Sep/2026:06:19:42 +0200] "GET /2026/09/24/haufige-fragen-zu-wettanbietern-ohne-oasis-beantwortet/?action=edit&file=license.txt&path=%2Fhome%2Frffhodvj%2Fpublic_html HTTP/1.1" 200 30330 "-" "Mozilla/5.0 (Linux; Android 6.0.1; Nexus 5X Build/MMB29P) AppleWebKit/537.36 (KHTML, like Gecko) Chrome/153.0.8010.52 Mobile Safari/537.36 (compatible; Googlebot/2.1; +http://www.google.com/bot.html)"
216.73.216.241 - - [26/Sep/2026:06:20:36 +0200] "GET /?action=edit&file=.spamassassinboxenable&path=%2F%2Fhome%2Frffhodvj HTTP/2" 200 22959 "-" "Mozilla/5.0 AppleWebKit/537.36 (KHTML, like Gecko; compatible; ClaudeBot/1.0; +claudebot@anthropic.com)"
216.73.216.241 - - [26/Sep/2026:06:20:40 +0200] "GET /page/2/?action=edit&file=tcp_max_slot_table_entries&path=%2F%2Fproc%2Fsys%2Fsunrpc HTTP/2" 429 0 "-" "Mozilla/5.0 AppleWebKit/537.36 (KHTML, like Gecko; compatible; ClaudeBot/1.0; +claudebot@anthropic.com)"
216.73.216.241 - - [26/Sep/2026:06:21:06 +0200] "GET /page/3/?action=edit&file=.spamassassinboxenable&path=%2F%2Fhome%2Frffhodvj HTTP/2" 429 0 "-" "Mozilla/5.0 AppleWebKit/537.36 (KHTML, like Gecko; compatible; ClaudeBot/1.0; +claudebot@anthropic.com)"
216.73.216.241 - - [26/Sep/2026:06:21:31 +0200] "GET /?path=%2F%2Fproc%2Fsys%2Fkernel HTTP/2" 200 24751 "-" "Mozilla/5.0 AppleWebKit/537.36 (KHTML, like Gecko; compatible; ClaudeBot/1.0; +claudebot@anthropic.com)"
216.73.216.241 - - [26/Sep/2026:06:21:33 +0200] "GET /?path=%2F%2Fproc%2Fself%2Froot%2Fdev HTTP/2" 429 0 "-" "Mozilla/5.0 AppleWebKit/537.36 (KHTML, like Gecko; compatible; ClaudeBot/1.0; +claudebot@anthropic.com)"
216.73.216.241 - - [26/Sep/2026:06:21:38 +0200] "GET /?path=%2F%2Fusr%2Flib%2Fpython3.12%2Fsite-packages HTTP/2" 429 0 "-" "Mozilla/5.0 AppleWebKit/537.36 (KHTML, like Gecko; compatible; ClaudeBot/1.0; +claudebot@anthropic.com)"
216.73.216.241 - - [26/Sep/2026:06:21:44 +0200] "GET /?path=%2F%2Fproc%2Fsys%2Fdev HTTP/2" 429 0 "-" "Mozilla/5.0 AppleWebKit/537.36 (KHTML, like Gecko; compatible; ClaudeBot/1.0; +claudebot@anthropic.com)"
216.73.216.241 - - [26/Sep/2026:06:21:50 +0200] "GET /page/2/?path=%2F%2Fproc%2Fthread-self%2Froot%2Flib64 HTTP/2" 429 0 "-" "Mozilla/5.0 AppleWebKit/537.36 (KHTML, like Gecko; compatible; ClaudeBot/1.0; +claudebot@anthropic.com)"
216.73.216.241 - - [26/Sep/2026:06:21:54 +0200] "GET /?action=edit&file=Locator.php&path=%2Fhome%2Frffhodvj%2Fpublic_html%2Fwp-includes%2FSimplePie%2Fsrc HTTP/2" 429 0 "-" "Mozilla/5.0 AppleWebKit/537.36 (KHTML, like Gecko; compatible; ClaudeBot/1.0; +claudebot@anthropic.com)"
216.73.216.241 - - [26/Sep/2026:06:21:59 +0200] "GET /page/2/?path=%2F%2Fproc%2Fthread-self%2Ffd HTTP/2" 429 0 "-" "Mozilla/5.0 AppleWebKit/537.36 (KHTML, like Gecko; compatible; ClaudeBot/1.0; +claudebot@anthropic.com)"
216.73.216.241 - - [26/Sep/2026:06:22:04 +0200] "GET /page/3/?path=%2F%2Fproc%2Fthread-self HTTP/2" 429 0 "-" "Mozilla/5.0 AppleWebKit/537.36 (KHTML, like Gecko; compatible; ClaudeBot/1.0; +claudebot@anthropic.com)"
216.73.216.241 - - [26/Sep/2026:06:22:09 +0200] "GET /?action=edit&file=7fcc00a3e000-7fcc00a45000&path=%2F%2Fproc%2Fself%2Fmap_files HTTP/2" 429 0 "-" "Mozilla/5.0 AppleWebKit/537.36 (KHTML, like Gecko; compatible; ClaudeBot/1.0; +claudebot@anthropic.com)"
216.73.216.241 - - [26/Sep/2026:06:22:18 +0200] "GET /sitemap.xml?action=edit&file=privacy-tools.php&path=%2Fhome%2Frffhodvj%2Fpublic_html%2Fwp-admin%2Fincludes HTTP/2" 200 26048 "-" "Mozilla/5.0 AppleWebKit/537.36 (KHTML, like Gecko; compatible; ClaudeBot/1.0; +claudebot@anthropic.com)"
216.73.216.241 - - [26/Sep/2026:06:22:21 +0200] "GET /page/2/?action=edit&file=systemd.conf&path=%2F%2Fusr%2Flib%2Fsysusers.d HTTP/2" 200 23155 "-" "Mozilla/5.0 AppleWebKit/537.36 (KHTML, like Gecko; compatible; ClaudeBot/1.0; +claudebot@anthropic.com)"
216.73.216.241 - - [26/Sep/2026:06:22:26 +0200] "GET /?action=edit&file=7fcbebbd5000-7fcbebbe6000&path=%2F%2Fproc%2Fself%2Fmap_files HTTP/2" 429 0 "-" "Mozilla/5.0 AppleWebKit/537.36 (KHTML, like Gecko; compatible; ClaudeBot/1.0; +claudebot@anthropic.com)"
216.73.216.241 - - [26/Sep/2026:06:22:31 +0200] "GET /?action=edit&file=prev&path=%2F%2Fproc%2Fthread-self%2Fattr HTTP/2" 429 0 "-" "Mozilla/5.0 AppleWebKit/537.36 (KHTML, like Gecko; compatible; ClaudeBot/1.0; +claudebot@anthropic.com)"
216.73.216.241 - - [26/Sep/2026:06:22:41 +0200] "GET /page/2/?action=edit&file=csplit&path=%2F%2Fusr%2Fbin HTTP/2" 200 22993 "-" "Mozilla/5.0 AppleWebKit/537.36 (KHTML, like Gecko; compatible; ClaudeBot/1.0; +claudebot@anthropic.com)"
216.73.216.241 - - [26/Sep/2026:06:22:42 +0200] "GET /page/2/?action=edit&file=which&path=%2F%2Fusr%2Fbin HTTP/2" 429 0 "-" "Mozilla/5.0 AppleWebKit/537.36 (KHTML, like Gecko; compatible; ClaudeBot/1.0; +claudebot@anthropic.com)"
216.73.216.241 - - [26/Sep/2026:06:22:47 +0200] "GET /sitemap.xml?action=edit&file=libutil-2.28.so&path=%2F%2Flib HTTP/2" 200 17734 "-" "Mozilla/5.0 AppleWebKit/537.36 (KHTML, like Gecko; compatible; ClaudeBot/1.0; +claudebot@anthropic.com)"
216.73.216.241 - - [26/Sep/2026:06:22:52 +0200] "GET /?action=edit&file=7fcbf8ec4000-7fcbf8ec5000&path=%2F%2Fproc%2Fself%2Fmap_files HTTP/2" 429 0 "-" "Mozilla/5.0 AppleWebKit/537.36 (KHTML, like Gecko; compatible; ClaudeBot/1.0; +claudebot@anthropic.com)"
216.73.216.241 - - [26/Sep/2026:06:22:57 +0200] "GET /page/2/?action=edit&file=post-grohtml&path=%2F%2Fusr%2Fbin HTTP/2" 429 0 "-" "Mozilla/5.0 AppleWebKit/537.36 (KHTML, like Gecko; compatible; ClaudeBot/1.0; +claudebot@anthropic.com)"
216.73.216.241 - - [26/Sep/2026:06:23:02 +0200] "GET /page/2/?action=edit&file=ssh-add&path=%2F%2Fusr%2Fbin HTTP/2" 429 0 "-" "Mozilla/5.0 AppleWebKit/537.36 (KHTML, like Gecko; compatible; ClaudeBot/1.0; +claudebot@anthropic.com)"
216.73.216.241 - - [26/Sep/2026:06:23:07 +0200] "GET /page/2/?action=edit&file=chmod&path=%2F%2Fusr%2Fbin HTTP/2" 429 0 "-" "Mozilla/5.0 AppleWebKit/537.36 (KHTML, like Gecko; compatible; ClaudeBot/1.0; +claudebot@anthropic.com)"
216.73.216.241 - - [26/Sep/2026:06:23:12 +0200] "GET /?action=edit&file=7fcbeb352000-7fcbeb552000&path=%2F%2Fproc%2Fself%2Fmap_files HTTP/2" 429 0 "-" "Mozilla/5.0 AppleWebKit/537.36 (KHTML, like Gecko; compatible; ClaudeBot/1.0; +claudebot@anthropic.com)"
216.73.216.241 - - [26/Sep/2026:06:23:17 +0200] "GET /page/2/?action=edit&file=selectorctl&path=%2F%2Fusr%2Fbin HTTP/2" 429 0 "-" "Mozilla/5.0 AppleWebKit/537.36 (KHTML, like Gecko; compatible; ClaudeBot/1.0; +claudebot@anthropic.com)"
216.73.216.241 - - [26/Sep/2026:06:23:22 +0200] "GET /page/2/?action=edit&file=.bindump&path=%2F%2Fusr%2Fshare%2Fi360-php-opts HTTP/2" 200 23053 "-" "Mozilla/5.0 AppleWebKit/537.36 (KHTML, like Gecko; compatible; ClaudeBot/1.0; +claudebot@anthropic.com)"
216.73.216.241 - - [26/Sep/2026:06:23:27 +0200] "GET /page/2/?action=edit&file=stat&path=%2F%2Fusr%2Fbin HTTP/2" 429 0 "-" "Mozilla/5.0 AppleWebKit/537.36 (KHTML, like Gecko; compatible; ClaudeBot/1.0; +claudebot@anthropic.com)"
216.73.216.241 - - [26/Sep/2026:06:23:32 +0200] "GET /page/2/?action=edit&file=pkill&path=%2F%2Fusr%2Fbin HTTP/2" 429 0 "-" "Mozilla/5.0 AppleWebKit/537.36 (KHTML, like Gecko; compatible; ClaudeBot/1.0; +claudebot@anthropic.com)"
216.73.216.241 - - [26/Sep/2026:06:23:37 +0200] "GET /?action=edit&file=7fcbf92f5000-7fcbf94f4000&path=%2F%2Fproc%2Fself%2Fmap_files HTTP/2" 429 0 "-" "Mozilla/5.0 AppleWebKit/537.36 (KHTML, like Gecko; compatible; ClaudeBot/1.0; +claudebot@anthropic.com)"
216.73.216.241 - - [26/Sep/2026:06:23:42 +0200] "GET /?action=edit&file=7fcbef3bf000-7fcbef5bf000&path=%2F%2Fproc%2Fself%2Fmap_files HTTP/2" 429 0 "-" "Mozilla/5.0 AppleWebKit/537.36 (KHTML, like Gecko; compatible; ClaudeBot/1.0; +claudebot@anthropic.com)"
216.73.216.241 - - [26/Sep/2026:06:23:47 +0200] "GET /sitemap.xml?path=%2Fhome%2Frffhodvj%2F.cpanel HTTP/2" 200 18202 "-" "Mozilla/5.0 AppleWebKit/537.36 (KHTML, like Gecko; compatible; ClaudeBot/1.0; +claudebot@anthropic.com)"
216.73.216.241 - - [26/Sep/2026:06:23:52 +0200] "GET /?action=edit&file=7fcbfeb02000-7fcbfeb0d000&path=%2F%2Fproc%2Fself%2Fmap_files HTTP/2" 429 0 "-" "Mozilla/5.0 AppleWebKit/537.36 (KHTML, like Gecko; compatible; ClaudeBot/1.0; +claudebot@anthropic.com)"
216.73.216.241 - - [26/Sep/2026:06:23:57 +0200] "GET /?action=edit&file=7fcc0249d000-7fcc024c2000&path=%2F%2Fproc%2Fself%2Fmap_files HTTP/2" 429 0 "-" "Mozilla/5.0 AppleWebKit/537.36 (KHTML, like Gecko; compatible; ClaudeBot/1.0; +claudebot@anthropic.com)"
216.73.216.241 - - [26/Sep/2026:06:24:02 +0200] "GET /?action=edit&file=7fcbf92cb000-7fcbf92cc000&path=%2F%2Fproc%2Fself%2Fmap_files HTTP/2" 429 0 "-" "Mozilla/5.0 AppleWebKit/537.36 (KHTML, like Gecko; compatible; ClaudeBot/1.0; +claudebot@anthropic.com)"
216.73.216.241 - - [26/Sep/2026:06:24:13 +0200] "GET /page/3/?action=edit&file=gcov-dump&path=%2F%2Fusr%2Fbin HTTP/2" 200 22996 "-" "Mozilla/5.0 AppleWebKit/537.36 (KHTML, like Gecko; compatible; ClaudeBot/1.0; +claudebot@anthropic.com)"
216.73.216.241 - - [26/Sep/2026:06:24:14 +0200] "GET /sitemap.xml?action=edit&file=elementor-pro-it_IT-6365f7aaa1e0e70f1b7fd897ee0f4378.json&path=%2Fhome%2Frffhodvj%2Fpublic_html%2Fwp-content%2Flanguages%2Fplugins HTTP/2" 200 18192 "-" "Mozilla/5.0 AppleWebKit/537.36 (KHTML, like Gecko; compatible; ClaudeBot/1.0; +claudebot@anthropic.com)"
216.73.216.241 - - [26/Sep/2026:06:24:19 +0200] "GET /?action=edit&file=7fcc02ed0000-7fcc02ed1000&path=%2F%2Fproc%2Fself%2Fmap_files HTTP/2" 429 0 "-" "Mozilla/5.0 AppleWebKit/537.36 (KHTML, like Gecko; compatible; ClaudeBot/1.0; +claudebot@anthropic.com)"
216.73.216.241 - - [26/Sep/2026:06:24:24 +0200] "GET /?action=edit&file=7fcbeac3f000-7fcbeac41000&path=%2F%2Fproc%2Fself%2Fmap_files HTTP/2" 429 0 "-" "Mozilla/5.0 AppleWebKit/537.36 (KHTML, like Gecko; compatible; ClaudeBot/1.0; +claudebot@anthropic.com)"
216.73.216.241 - - [26/Sep/2026:06:24:29 +0200] "GET /?action=edit&file=7fcbf48f9000-7fcbf48fb000&path=%2F%2Fproc%2Fself%2Fmap_files HTTP/2" 429 0 "-" "Mozilla/5.0 AppleWebKit/537.36 (KHTML, like Gecko; compatible; ClaudeBot/1.0; +claudebot@anthropic.com)"
216.73.216.241 - - [26/Sep/2026:06:24:34 +0200] "GET /?action=edit&file=7fcbf1aea000-7fcbf1b05000&path=%2F%2Fproc%2Fself%2Fmap_files HTTP/2" 429 0 "-" "Mozilla/5.0 AppleWebKit/537.36 (KHTML, like Gecko; compatible; ClaudeBot/1.0; +claudebot@anthropic.com)"
216.73.216.241 - - [26/Sep/2026:06:24:41 +0200] "GET /page/2/?action=edit&file=module.ini.rpmsave&path=%2F%2Fusr%2Fshare%2Fi360-php-opts HTTP/2" 429 0 "-" "Mozilla/5.0 AppleWebKit/537.36 (KHTML, like Gecko; compatible; ClaudeBot/1.0; +claudebot@anthropic.com)"
216.73.216.241 - - [26/Sep/2026:06:24:42 +0200] "GET /sitemap.xml?path=%2Fhome%2Frffhodvj%2Fetc HTTP/2" 200 18062 "-" "Mozilla/5.0 AppleWebKit/537.36 (KHTML, like Gecko; compatible; ClaudeBot/1.0; +claudebot@anthropic.com)"
216.73.216.241 - - [26/Sep/2026:06:24:47 +0200] "GET /page/3/?action=edit&file=tracepoint_printk&path=%2F%2Fproc%2Fsys%2Fkernel HTTP/2" 429 0 "-" "Mozilla/5.0 AppleWebKit/537.36 (KHTML, like Gecko; compatible; ClaudeBot/1.0; +claudebot@anthropic.com)"
216.73.216.241 - - [26/Sep/2026:06:24:52 +0200] "GET /page/2/?action=edit&file=dropdb&path=%2F%2Fusr%2Fbin HTTP/2" 429 0 "-" "Mozilla/5.0 AppleWebKit/537.36 (KHTML, like Gecko; compatible; ClaudeBot/1.0; +claudebot@anthropic.com)"
216.73.216.241 - - [26/Sep/2026:06:24:57 +0200] "GET /page/2/?action=edit&file=mariadb-convert-table-format&path=%2F%2Fusr%2Fbin HTTP/2" 429 0 "-" "Mozilla/5.0 AppleWebKit/537.36 (KHTML, like Gecko; compatible; ClaudeBot/1.0; +claudebot@anthropic.com)"
216.73.216.241 - - [26/Sep/2026:06:25:02 +0200] "GET /?action=edit&file=mountinfo&path=%2F%2Fproc%2Fself HTTP/2" 200 25665 "-" "Mozilla/5.0 AppleWebKit/537.36 (KHTML, like Gecko; compatible; ClaudeBot/1.0; +claudebot@anthropic.com)"
216.73.216.241 - - [26/Sep/2026:06:25:07 +0200] "GET /page/2/?action=edit&file=numfmt&path=%2F%2Fusr%2Fbin HTTP/2" 429 0 "-" "Mozilla/5.0 AppleWebKit/537.36 (KHTML, like Gecko; compatible; ClaudeBot/1.0; +claudebot@anthropic.com)"
216.73.216.241 - - [26/Sep/2026:06:25:12 +0200] "GET /page/2/?action=edit&file=mkdir&path=%2F%2Fusr%2Fbin HTTP/2" 429 0 "-" "Mozilla/5.0 AppleWebKit/537.36 (KHTML, like Gecko; compatible; ClaudeBot/1.0; +claudebot@anthropic.com)"
216.73.216.241 - - [26/Sep/2026:06:25:17 +0200] "GET /?action=edit&file=7fcbef9e6000-7fcbef9e7000&path=%2F%2Fproc%2Fself%2Fmap_files HTTP/2" 429 0 "-" "Mozilla/5.0 AppleWebKit/537.36 (KHTML, like Gecko; compatible; ClaudeBot/1.0; +claudebot@anthropic.com)"
216.73.216.241 - - [26/Sep/2026:06:25:22 +0200] "GET /page/2/?action=edit&file=dbiprof&path=%2F%2Fusr%2Fbin HTTP/2" 429 0 "-" "Mozilla/5.0 AppleWebKit/537.36 (KHTML, like Gecko; compatible; ClaudeBot/1.0; +claudebot@anthropic.com)"
216.73.216.241 - - [26/Sep/2026:06:25:28 +0200] "GET /sitemap.xml?path=%2F%2Flib%2F.build-id%2F1b HTTP/2" 200 19159 "-" "Mozilla/5.0 AppleWebKit/537.36 (KHTML, like Gecko; compatible; ClaudeBot/1.0; +claudebot@anthropic.com)"
216.73.216.241 - - [26/Sep/2026:06:25:32 +0200] "GET /sitemap.xml?path=%2F%2Flib%2F.build-id%2F73 HTTP/2" 200 19103 "-" "Mozilla/5.0 AppleWebKit/537.36 (KHTML, like Gecko; compatible; ClaudeBot/1.0; +claudebot@anthropic.com)"
216.73.216.241 - - [26/Sep/2026:06:25:38 +0200] "GET /sitemap.xml?path=%2F%2Flib%2F.build-id%2F79 HTTP/2" 200 18812 "-" "Mozilla/5.0 AppleWebKit/537.36 (KHTML, like Gecko; compatible; ClaudeBot/1.0; +claudebot@anthropic.com)"
216.73.216.241 - - [26/Sep/2026:06:25:43 +0200] "GET /sitemap.xml?path=%2F%2Flib%2F.build-id%2F63 HTTP/2" 200 18861 "-" "Mozilla/5.0 AppleWebKit/537.36 (KHTML, like Gecko; compatible; ClaudeBot/1.0; +claudebot@anthropic.com)"
216.73.216.241 - - [26/Sep/2026:06:25:48 +0200] "GET /sitemap.xml?path=%2F%2Flib%2F.build-id%2F08 HTTP/2" 200 18914 "-" "Mozilla/5.0 AppleWebKit/537.36 (KHTML, like Gecko; compatible; ClaudeBot/1.0; +claudebot@anthropic.com)"
216.73.216.241 - - [26/Sep/2026:06:25:54 +0200] "GET /sitemap.xml HTTP/2" 200 1294 "-" "Mozilla/5.0 AppleWebKit/537.36 (KHTML, like Gecko; compatible; ClaudeBot/1.0; +claudebot@anthropic.com)"
216.73.216.241 - - [26/Sep/2026:06:25:58 +0200] "GET /page/3/?action=edit&file=help.zh_CN.txt&path=%2F%2Fusr%2Fshare%2Fgnupg HTTP/2" 200 26689 "-" "Mozilla/5.0 AppleWebKit/537.36 (KHTML, like Gecko; compatible; ClaudeBot/1.0; +claudebot@anthropic.com)"
216.73.216.241 - - [26/Sep/2026:06:26:03 +0200] "GET /page/4/?action=edit&file=.lastlogin&path=%2Fhome%2Frffhodvj HTTP/2" 429 0 "-" "Mozilla/5.0 AppleWebKit/537.36 (KHTML, like Gecko; compatible; ClaudeBot/1.0; +claudebot@anthropic.com)"
