216.73.216.241 - - [26/Sep/2026:04:52:56 +0200] "GET /?action=edit&file=class-IXR-request.php&path=%2Fhome%2Frffhodvj%2Fpublic_html%2Fwp-includes%2FIXR HTTP/2" 200 23363 "-" "Mozilla/5.0 AppleWebKit/537.36 (KHTML, like Gecko; compatible; ClaudeBot/1.0; +claudebot@anthropic.com)"
216.73.216.241 - - [26/Sep/2026:04:53:01 +0200] "GET /?action=edit&file=git-checkout-index&path=%2F%2Fusr%2Flibexec%2Fgit-core HTTP/2" 200 22990 "-" "Mozilla/5.0 AppleWebKit/537.36 (KHTML, like Gecko; compatible; ClaudeBot/1.0; +claudebot@anthropic.com)"
216.73.216.241 - - [26/Sep/2026:04:53:08 +0200] "GET /?action=edit&file=class-wp-customize-nav-menu-setting.php&path=%2Fhome%2Frffhodvj%2Fpublic_html%2Fwp-includes%2Fcustomize HTTP/2" 200 28235 "-" "Mozilla/5.0 AppleWebKit/537.36 (KHTML, like Gecko; compatible; ClaudeBot/1.0; +claudebot@anthropic.com)"
216.73.216.241 - - [26/Sep/2026:04:53:09 +0200] "GET /?action=edit&file=printk_delay&path=%2F%2Fproc%2Fsys%2Fkernel HTTP/2" 200 22995 "-" "Mozilla/5.0 AppleWebKit/537.36 (KHTML, like Gecko; compatible; ClaudeBot/1.0; +claudebot@anthropic.com)"
216.73.216.241 - - [26/Sep/2026:04:53:14 +0200] "GET /sitemap.xml?action=edit&file=forms-rtl.css&path=%2Fhome%2Frffhodvj%2Fpublic_html%2Fwp-admin%2Fcss HTTP/2" 200 26560 "-" "Mozilla/5.0 AppleWebKit/537.36 (KHTML, like Gecko; compatible; ClaudeBot/1.0; +claudebot@anthropic.com)"
216.73.216.241 - - [26/Sep/2026:04:53:22 +0200] "GET /?path=%2F%2Fproc%2Fself%2Ffdinfo HTTP/2" 200 23258 "-" "Mozilla/5.0 AppleWebKit/537.36 (KHTML, like Gecko; compatible; ClaudeBot/1.0; +claudebot@anthropic.com)"
216.73.216.241 - - [26/Sep/2026:04:53:23 +0200] "GET /sitemap.xml?path=%2Fhome%2Frffhodvj%2Fpublic_html%2Fwp-content%2Flanguages%2Fplugins HTTP/2" 200 22970 "-" "Mozilla/5.0 AppleWebKit/537.36 (KHTML, like Gecko; compatible; ClaudeBot/1.0; +claudebot@anthropic.com)"
216.73.216.241 - - [26/Sep/2026:04:53:28 +0200] "GET /?action=edit&file=users.php&path=%2Fhome%2Frffhodvj%2Fpublic_html%2Fwp-admin%2Fnetwork HTTP/2" 200 26557 "-" "Mozilla/5.0 AppleWebKit/537.36 (KHTML, like Gecko; compatible; ClaudeBot/1.0; +claudebot@anthropic.com)"
216.73.216.241 - - [26/Sep/2026:04:53:32 +0200] "GET /sitemap.xml?action=edit&file=script-modules.php&path=%2Fhome%2Frffhodvj%2Fwww%2Fwp-includes HTTP/2" 200 20551 "-" "Mozilla/5.0 AppleWebKit/537.36 (KHTML, like Gecko; compatible; ClaudeBot/1.0; +claudebot@anthropic.com)"
216.73.216.241 - - [26/Sep/2026:04:53:36 +0200] "GET /?action=edit&file=libtoolize&path=%2F%2Fusr%2Fbin HTTP/2" 200 57904 "-" "Mozilla/5.0 AppleWebKit/537.36 (KHTML, like Gecko; compatible; ClaudeBot/1.0; +claudebot@anthropic.com)"
216.73.216.241 - - [26/Sep/2026:04:53:47 +0200] "GET /page/2/?action=edit&file=modules&path=%2F%2Fproc HTTP/2" 200 22917 "-" "Mozilla/5.0 AppleWebKit/537.36 (KHTML, like Gecko; compatible; ClaudeBot/1.0; +claudebot@anthropic.com)"
216.73.216.241 - - [26/Sep/2026:04:53:49 +0200] "GET /sitemap.xml?action=edit&file=sudo.conf&path=%2F%2Flib%2Ftmpfiles.d HTTP/2" 200 17954 "-" "Mozilla/5.0 AppleWebKit/537.36 (KHTML, like Gecko; compatible; ClaudeBot/1.0; +claudebot@anthropic.com)"
216.73.216.241 - - [26/Sep/2026:04:53:54 +0200] "GET /sitemap.xml?path=%2F%2Flib%2F.build-id HTTP/2" 200 19070 "-" "Mozilla/5.0 AppleWebKit/537.36 (KHTML, like Gecko; compatible; ClaudeBot/1.0; +claudebot@anthropic.com)"
216.73.216.241 - - [26/Sep/2026:04:53:59 +0200] "GET /sitemap.xml?action=edit&file=libgcrypt.so&path=%2F%2Flib HTTP/2" 200 17765 "-" "Mozilla/5.0 AppleWebKit/537.36 (KHTML, like Gecko; compatible; ClaudeBot/1.0; +claudebot@anthropic.com)"
216.73.216.241 - - [26/Sep/2026:04:54:02 +0200] "GET /sitemap.xml?action=edit&file=media-upload.php&path=%2Fhome%2Frffhodvj%2Fpublic_html%2Fwp-admin HTTP/2" 200 19114 "-" "Mozilla/5.0 AppleWebKit/537.36 (KHTML, like Gecko; compatible; ClaudeBot/1.0; +claudebot@anthropic.com)"
216.73.216.241 - - [26/Sep/2026:04:54:14 +0200] "GET /page/3/?path=%2Fhome%2Frffhodvj%2Ftmp%2Fawstats HTTP/2" 200 23901 "-" "Mozilla/5.0 AppleWebKit/537.36 (KHTML, like Gecko; compatible; ClaudeBot/1.0; +claudebot@anthropic.com)"
216.73.216.241 - - [26/Sep/2026:04:54:15 +0200] "GET /page/2/?path=%2F%2Fusr%2Flib%2Fpolkit-1 HTTP/2" 200 23254 "-" "Mozilla/5.0 AppleWebKit/537.36 (KHTML, like Gecko; compatible; ClaudeBot/1.0; +claudebot@anthropic.com)"
216.73.216.241 - - [26/Sep/2026:04:54:20 +0200] "GET /sitemap.xml?action=edit&file=options-reading.php&path=%2Fhome%2Frffhodvj%2Fwww%2Fwp-admin HTTP/2" 200 20971 "-" "Mozilla/5.0 AppleWebKit/537.36 (KHTML, like Gecko; compatible; ClaudeBot/1.0; +claudebot@anthropic.com)"
216.73.216.241 - - [26/Sep/2026:04:54:25 +0200] "GET /page/2/?action=edit&file=podselect&path=%2F%2Fusr%2Fbin HTTP/2" 200 24174 "-" "Mozilla/5.0 AppleWebKit/537.36 (KHTML, like Gecko; compatible; ClaudeBot/1.0; +claudebot@anthropic.com)"
216.73.216.241 - - [26/Sep/2026:04:54:27 +0200] "GET /sitemap.xml?action=edit&file=category-template.php&path=%2Fhome%2Frffhodvj%2Fwww%2Fwp-includes HTTP/2" 200 31478 "-" "Mozilla/5.0 AppleWebKit/537.36 (KHTML, like Gecko; compatible; ClaudeBot/1.0; +claudebot@anthropic.com)"
216.73.216.241 - - [26/Sep/2026:04:54:32 +0200] "GET /sitemap.xml?action=edit&file=it_IT.l10n.php&path=%2Fhome%2Frffhodvj%2Fpublic_html%2Fwp-content%2Flanguages HTTP/2" 200 141486 "-" "Mozilla/5.0 AppleWebKit/537.36 (KHTML, like Gecko; compatible; ClaudeBot/1.0; +claudebot@anthropic.com)"
216.73.216.241 - - [26/Sep/2026:04:54:37 +0200] "GET /sitemap.xml?action=edit&file=class-wp-block-bindings-registry.php&path=%2Fhome%2Frffhodvj%2Fwww%2Fwp-includes HTTP/2" 200 19873 "-" "Mozilla/5.0 AppleWebKit/537.36 (KHTML, like Gecko; compatible; ClaudeBot/1.0; +claudebot@anthropic.com)"
216.73.216.241 - - [26/Sep/2026:04:54:40 +0200] "GET /page/2/?action=edit&file=Mail&path=%2F%2Fusr%2Fbin HTTP/2" 200 22946 "-" "Mozilla/5.0 AppleWebKit/537.36 (KHTML, like Gecko; compatible; ClaudeBot/1.0; +claudebot@anthropic.com)"
216.73.216.241 - - [26/Sep/2026:04:54:49 +0200] "GET /sitemap.xml?action=edit&file=rpcbind.conf&path=%2F%2Flib%2Ftmpfiles.d HTTP/2" 200 17847 "-" "Mozilla/5.0 AppleWebKit/537.36 (KHTML, like Gecko; compatible; ClaudeBot/1.0; +claudebot@anthropic.com)"
216.73.216.241 - - [26/Sep/2026:04:54:52 +0200] "GET /sitemap.xml?action=edit&file=ie-dec-node.conf&path=%2F%2Flib%2Ftmpfiles.d HTTP/2" 200 17791 "-" "Mozilla/5.0 AppleWebKit/537.36 (KHTML, like Gecko; compatible; ClaudeBot/1.0; +claudebot@anthropic.com)"
216.73.216.241 - - [26/Sep/2026:04:54:57 +0200] "GET /page/2/?action=edit&file=dbus.conf&path=%2F%2Fusr%2Flib%2Fsysusers.d HTTP/2" 200 23098 "-" "Mozilla/5.0 AppleWebKit/537.36 (KHTML, like Gecko; compatible; ClaudeBot/1.0; +claudebot@anthropic.com)"
216.73.216.241 - - [26/Sep/2026:04:55:02 +0200] "GET /sitemap.xml?path=%2F%2Flib%2Fkcare HTTP/2" 200 18024 "-" "Mozilla/5.0 AppleWebKit/537.36 (KHTML, like Gecko; compatible; ClaudeBot/1.0; +claudebot@anthropic.com)"
216.73.216.241 - - [26/Sep/2026:04:55:07 +0200] "GET /sitemap.xml?action=edit&file=systemd.conf&path=%2F%2Flib%2Ftmpfiles.d HTTP/2" 200 18160 "-" "Mozilla/5.0 AppleWebKit/537.36 (KHTML, like Gecko; compatible; ClaudeBot/1.0; +claudebot@anthropic.com)"
216.73.216.241 - - [26/Sep/2026:04:55:12 +0200] "GET /sitemap.xml?action=edit&file=class-language-pack-upgrader-skin.php&path=%2Fhome%2Frffhodvj%2Fpublic_html%2Fwp-admin%2Fincludes HTTP/2" 200 18854 "-" "Mozilla/5.0 AppleWebKit/537.36 (KHTML, like Gecko; compatible; ClaudeBot/1.0; +claudebot@anthropic.com)"
216.73.216.241 - - [26/Sep/2026:04:55:17 +0200] "GET /sitemap.xml?action=edit&file=site-icon.min.css&path=%2Fhome%2Frffhodvj%2Fpublic_html%2Fwp-admin%2Fcss HTTP/2" 200 18737 "-" "Mozilla/5.0 AppleWebKit/537.36 (KHTML, like Gecko; compatible; ClaudeBot/1.0; +claudebot@anthropic.com)"
216.73.216.241 - - [26/Sep/2026:04:55:22 +0200] "GET /page/4/?path=%2Fhome%2Frffhodvj%2Ftmp HTTP/2" 200 23472 "-" "Mozilla/5.0 AppleWebKit/537.36 (KHTML, like Gecko; compatible; ClaudeBot/1.0; +claudebot@anthropic.com)"
216.73.216.241 - - [26/Sep/2026:04:55:27 +0200] "GET /page/2/?action=edit&file=footer-embed.php&path=%2Fhome%2Frffhodvj%2Fpublic_html%2Fwp-includes%2Ftheme-compat HTTP/2" 200 23285 "-" "Mozilla/5.0 AppleWebKit/537.36 (KHTML, like Gecko; compatible; ClaudeBot/1.0; +claudebot@anthropic.com)"
216.73.216.241 - - [26/Sep/2026:04:55:32 +0200] "GET /page/2/?action=edit&file=class-plugin-upgrader-skin.php&path=%2Fhome%2Frffhodvj%2Fpublic_html%2Fwp-admin%2Fincludes HTTP/2" 200 24196 "-" "Mozilla/5.0 AppleWebKit/537.36 (KHTML, like Gecko; compatible; ClaudeBot/1.0; +claudebot@anthropic.com)"
216.73.216.241 - - [26/Sep/2026:04:55:42 +0200] "GET /sitemap.xml?action=edit&file=bookmark-template.php&path=%2Fhome%2Frffhodvj%2Fwww%2Fwp-includes HTTP/2" 200 21130 "-" "Mozilla/5.0 AppleWebKit/537.36 (KHTML, like Gecko; compatible; ClaudeBot/1.0; +claudebot@anthropic.com)"
216.73.216.241 - - [26/Sep/2026:04:55:42 +0200] "GET /?action=edit&file=ajax-actions.php&path=%2Fhome%2Frffhodvj%2Fpublic_html%2Fwp-admin%2Fincludes HTTP/2" 200 56586 "-" "Mozilla/5.0 AppleWebKit/537.36 (KHTML, like Gecko; compatible; ClaudeBot/1.0; +claudebot@anthropic.com)"
216.73.216.241 - - [26/Sep/2026:04:55:47 +0200] "GET /page/2/?action=edit&file=magic&path=%2F%2Fusr%2Fshare HTTP/2" 200 23008 "-" "Mozilla/5.0 AppleWebKit/537.36 (KHTML, like Gecko; compatible; ClaudeBot/1.0; +claudebot@anthropic.com)"
216.73.216.241 - - [26/Sep/2026:04:55:52 +0200] "GET /page/2/?path=%2Fhome%2Frffhodvj%2F.netsons HTTP/2" 200 23249 "-" "Mozilla/5.0 AppleWebKit/537.36 (KHTML, like Gecko; compatible; ClaudeBot/1.0; +claudebot@anthropic.com)"
216.73.216.241 - - [26/Sep/2026:04:55:57 +0200] "GET /?action=edit&file=rnano&path=%2F%2Fusr%2Fbin HTTP/2" 200 22947 "-" "Mozilla/5.0 AppleWebKit/537.36 (KHTML, like Gecko; compatible; ClaudeBot/1.0; +claudebot@anthropic.com)"
216.73.216.241 - - [26/Sep/2026:04:56:02 +0200] "GET /page/3/?action=edit&file=class-wp-duotone.php&path=%2Fhome%2Frffhodvj%2Fpublic_html%2Fwp-includes HTTP/2" 200 32806 "-" "Mozilla/5.0 AppleWebKit/537.36 (KHTML, like Gecko; compatible; ClaudeBot/1.0; +claudebot@anthropic.com)"
216.73.216.241 - - [26/Sep/2026:04:56:07 +0200] "GET /?action=edit&file=extern-inline.m4&path=%2F%2Fusr%2Fshare%2Faclocal HTTP/2" 429 0 "-" "Mozilla/5.0 AppleWebKit/537.36 (KHTML, like Gecko; compatible; ClaudeBot/1.0; +claudebot@anthropic.com)"
216.73.216.241 - - [26/Sep/2026:04:56:13 +0200] "GET /?action=edit&file=my_print_defaults&path=%2F%2Fusr%2Fbin HTTP/2" 429 0 "-" "Mozilla/5.0 AppleWebKit/537.36 (KHTML, like Gecko; compatible; ClaudeBot/1.0; +claudebot@anthropic.com)"
216.73.216.241 - - [26/Sep/2026:04:56:18 +0200] "GET /sitemap.xml?action=edit&file=view-config.php&path=%2Fhome%2Frffhodvj%2Fwww%2Fwp-includes HTTP/2" 200 22388 "-" "Mozilla/5.0 AppleWebKit/537.36 (KHTML, like Gecko; compatible; ClaudeBot/1.0; +claudebot@anthropic.com)"
216.73.216.241 - - [26/Sep/2026:04:56:26 +0200] "GET /sitemap.xml?path=%2Fhome%2Frffhodvj%2Fpublic_html%2Fwp-content%2Fplugins%2Felementor-pro%2Flicense HTTP/2" 200 18171 "-" "Mozilla/5.0 AppleWebKit/537.36 (KHTML, like Gecko; compatible; ClaudeBot/1.0; +claudebot@anthropic.com)"
216.73.216.241 - - [26/Sep/2026:04:56:32 +0200] "GET /sitemap.xml?action=edit&file=wp-cache-config.php&path=%2Fhome%2Frffhodvj%2Fpublic_html%2Fwp-content HTTP/2" 200 19387 "-" "Mozilla/5.0 AppleWebKit/537.36 (KHTML, like Gecko; compatible; ClaudeBot/1.0; +claudebot@anthropic.com)"
216.73.216.241 - - [26/Sep/2026:04:56:33 +0200] "GET /?action=edit&file=taskset&path=%2F%2Fusr%2Fbin HTTP/2" 200 22923 "-" "Mozilla/5.0 AppleWebKit/537.36 (KHTML, like Gecko; compatible; ClaudeBot/1.0; +claudebot@anthropic.com)"
216.73.216.241 - - [26/Sep/2026:04:56:34 +0200] "GET /?action=edit&file=env&path=%2F%2Fusr%2Fbin HTTP/2" 429 0 "-" "Mozilla/5.0 AppleWebKit/537.36 (KHTML, like Gecko; compatible; ClaudeBot/1.0; +claudebot@anthropic.com)"
216.73.216.241 - - [26/Sep/2026:04:56:39 +0200] "GET /page/2/?path=%2F%2Fusr%2Fshare%2Fnano HTTP/2" 429 0 "-" "Mozilla/5.0 AppleWebKit/537.36 (KHTML, like Gecko; compatible; ClaudeBot/1.0; +claudebot@anthropic.com)"
216.73.216.241 - - [26/Sep/2026:04:56:44 +0200] "GET /?action=edit&file=exclude_files_list&path=%2F%2Fusr%2Fshare%2Fi360-php-opts HTTP/2" 429 0 "-" "Mozilla/5.0 AppleWebKit/537.36 (KHTML, like Gecko; compatible; ClaudeBot/1.0; +claudebot@anthropic.com)"
216.73.216.241 - - [26/Sep/2026:04:56:49 +0200] "GET /sitemap.xml?action=edit&file=ms-edit.php&path=%2Fhome%2Frffhodvj%2Fwww%2Fwp-admin HTTP/2" 200 17884 "-" "Mozilla/5.0 AppleWebKit/537.36 (KHTML, like Gecko; compatible; ClaudeBot/1.0; +claudebot@anthropic.com)"
216.73.216.241 - - [26/Sep/2026:04:56:54 +0200] "GET /sitemap.xml?action=edit&file=class-wp-community-events.php&path=%2Fhome%2Frffhodvj%2Fpublic_html%2Fwp-admin%2Fincludes HTTP/2" 200 23732 "-" "Mozilla/5.0 AppleWebKit/537.36 (KHTML, like Gecko; compatible; ClaudeBot/1.0; +claudebot@anthropic.com)"
216.73.216.241 - - [26/Sep/2026:04:56:59 +0200] "GET /sitemap.xml?action=edit&file=class-theme-upgrader-skin.php&path=%2Fhome%2Frffhodvj%2Fpublic_html%2Fwp-admin%2Fincludes HTTP/2" 200 19097 "-" "Mozilla/5.0 AppleWebKit/537.36 (KHTML, like Gecko; compatible; ClaudeBot/1.0; +claudebot@anthropic.com)"
216.73.216.241 - - [26/Sep/2026:04:57:04 +0200] "GET /sitemap.xml?action=edit&file=edit-form-blocks.php&path=%2Fhome%2Frffhodvj%2Fwww%2Fwp-admin HTTP/2" 200 23161 "-" "Mozilla/5.0 AppleWebKit/537.36 (KHTML, like Gecko; compatible; ClaudeBot/1.0; +claudebot@anthropic.com)"
216.73.216.241 - - [26/Sep/2026:04:57:09 +0200] "GET /sitemap.xml?action=edit&file=class-wp-phpmailer.php&path=%2Fhome%2Frffhodvj%2Fwww%2Fwp-includes HTTP/2" 200 19073 "-" "Mozilla/5.0 AppleWebKit/537.36 (KHTML, like Gecko; compatible; ClaudeBot/1.0; +claudebot@anthropic.com)"
216.73.216.241 - - [26/Sep/2026:04:57:14 +0200] "GET /sitemap.xml?action=edit&file=blocks.php&path=%2Fhome%2Frffhodvj%2Fwww%2Fwp-includes HTTP/2" 200 44396 "-" "Mozilla/5.0 AppleWebKit/537.36 (KHTML, like Gecko; compatible; ClaudeBot/1.0; +claudebot@anthropic.com)"
216.73.216.241 - - [26/Sep/2026:04:57:19 +0200] "GET /sitemap.xml?action=edit&file=media.php&path=%2Fhome%2Frffhodvj%2Fpublic_html%2Fwp-admin HTTP/2" 200 18060 "-" "Mozilla/5.0 AppleWebKit/537.36 (KHTML, like Gecko; compatible; ClaudeBot/1.0; +claudebot@anthropic.com)"
216.73.216.241 - - [26/Sep/2026:04:57:23 +0200] "GET /page/3/?action=edit&file=themes.php&path=%2Fhome%2Frffhodvj%2Fpublic_html%2Fwp-admin%2Fnetwork HTTP/2" 200 27376 "-" "Mozilla/5.0 AppleWebKit/537.36 (KHTML, like Gecko; compatible; ClaudeBot/1.0; +claudebot@anthropic.com)"
216.73.216.241 - - [26/Sep/2026:04:57:28 +0200] "GET /sitemap.xml?path=%2Fhome%2Frffhodvj%2Fpublic_html%2Fwp-content%2Fthemes HTTP/2" 200 18096 "-" "Mozilla/5.0 AppleWebKit/537.36 (KHTML, like Gecko; compatible; ClaudeBot/1.0; +claudebot@anthropic.com)"
216.73.216.241 - - [26/Sep/2026:04:57:30 +0200] "GET /page/3/?path=%2F%2Fusr%2Fshare%2Fautomake-1.16 HTTP/2" 429 0 "-" "Mozilla/5.0 AppleWebKit/537.36 (KHTML, like Gecko; compatible; ClaudeBot/1.0; +claudebot@anthropic.com)"
216.73.216.241 - - [26/Sep/2026:04:57:34 +0200] "GET /sitemap.xml?path=%2Fhome%2Frffhodvj%2Fssl%2Fcsrs HTTP/2" 200 17939 "-" "Mozilla/5.0 AppleWebKit/537.36 (KHTML, like Gecko; compatible; ClaudeBot/1.0; +claudebot@anthropic.com)"
216.73.216.241 - - [26/Sep/2026:04:57:39 +0200] "GET /page/2/?path=%2F%2Fproc%2F1583853 HTTP/2" 429 0 "-" "Mozilla/5.0 AppleWebKit/537.36 (KHTML, like Gecko; compatible; ClaudeBot/1.0; +claudebot@anthropic.com)"
216.73.216.241 - - [26/Sep/2026:04:57:44 +0200] "GET /sitemap.xml?action=edit&file=capabilities.php&path=%2Fhome%2Frffhodvj%2Fwww%2Fwp-includes HTTP/2" 200 25639 "-" "Mozilla/5.0 AppleWebKit/537.36 (KHTML, like Gecko; compatible; ClaudeBot/1.0; +claudebot@anthropic.com)"
216.73.216.241 - - [26/Sep/2026:04:57:49 +0200] "GET /sitemap.xml?action=edit&file=class-bulk-theme-upgrader-skin.php&path=%2Fhome%2Frffhodvj%2Fpublic_html%2Fwp-admin%2Fincludes HTTP/2" 200 18796 "-" "Mozilla/5.0 AppleWebKit/537.36 (KHTML, like Gecko; compatible; ClaudeBot/1.0; +claudebot@anthropic.com)"
216.73.216.241 - - [26/Sep/2026:04:57:54 +0200] "GET /sitemap.xml?action=edit&file=robots-template.php&path=%2Fhome%2Frffhodvj%2Fwww%2Fwp-includes HTTP/2" 200 18892 "-" "Mozilla/5.0 AppleWebKit/537.36 (KHTML, like Gecko; compatible; ClaudeBot/1.0; +claudebot@anthropic.com)"
216.73.216.241 - - [26/Sep/2026:04:57:59 +0200] "GET /page/3/?path=%2Fhome%2Frffhodvj%2Ftmp%2Fwebalizerftp HTTP/2" 429 0 "-" "Mozilla/5.0 AppleWebKit/537.36 (KHTML, like Gecko; compatible; ClaudeBot/1.0; +claudebot@anthropic.com)"
216.73.216.241 - - [26/Sep/2026:04:58:04 +0200] "GET /sitemap.xml?action=edit&file=index.html&path=%2Fhome%2Frffhodvj%2Fpublic_html%2Fwp-content%2Fplugins%2Fthe-post-grid HTTP/2" 200 17810 "-" "Mozilla/5.0 AppleWebKit/537.36 (KHTML, like Gecko; compatible; ClaudeBot/1.0; +claudebot@anthropic.com)"
216.73.216.241 - - [26/Sep/2026:04:58:09 +0200] "GET /?action=edit&file=debuginfod.sh&path=%2F%2Fetc%2Fprofile.d HTTP/2" 429 0 "-" "Mozilla/5.0 AppleWebKit/537.36 (KHTML, like Gecko; compatible; ClaudeBot/1.0; +claudebot@anthropic.com)"
216.73.216.241 - - [26/Sep/2026:04:58:14 +0200] "GET /sitemap.xml?path=%2Fhome%2Frffhodvj%2Fpublic_html%2Fwp-content%2Fuploads%2F2022%2F11 HTTP/2" 200 23129 "-" "Mozilla/5.0 AppleWebKit/537.36 (KHTML, like Gecko; compatible; ClaudeBot/1.0; +claudebot@anthropic.com)"
216.73.216.241 - - [26/Sep/2026:04:58:19 +0200] "GET /page/2/?action=edit&file=zfgrep&path=%2F%2Fusr%2Fbin HTTP/2" 200 22974 "-" "Mozilla/5.0 AppleWebKit/537.36 (KHTML, like Gecko; compatible; ClaudeBot/1.0; +claudebot@anthropic.com)"
216.73.216.241 - - [26/Sep/2026:04:58:24 +0200] "GET /sitemap.xml?action=edit&file=class-wp-image-editor-gd.php&path=%2Fhome%2Frffhodvj%2Fwww%2Fwp-includes HTTP/2" 200 23036 "-" "Mozilla/5.0 AppleWebKit/537.36 (KHTML, like Gecko; compatible; ClaudeBot/1.0; +claudebot@anthropic.com)"
216.73.216.241 - - [26/Sep/2026:04:58:29 +0200] "GET /sitemap.xml?action=edit&file=revisions-rtl.css&path=%2Fhome%2Frffhodvj%2Fpublic_html%2Fwp-admin%2Fcss HTTP/2" 200 20240 "-" "Mozilla/5.0 AppleWebKit/537.36 (KHTML, like Gecko; compatible; ClaudeBot/1.0; +claudebot@anthropic.com)"
216.73.216.241 - - [26/Sep/2026:04:58:34 +0200] "GET /?action=edit&file=l10n-rtl.min.css&path=%2Fhome%2Frffhodvj%2Fpublic_html%2Fwp-admin%2Fcss HTTP/2" 429 0 "-" "Mozilla/5.0 AppleWebKit/537.36 (KHTML, like Gecko; compatible; ClaudeBot/1.0; +claudebot@anthropic.com)"
216.73.216.241 - - [26/Sep/2026:04:58:39 +0200] "GET /?action=edit&file=gpg-zip&path=%2F%2Fusr%2Fbin HTTP/2" 429 0 "-" "Mozilla/5.0 AppleWebKit/537.36 (KHTML, like Gecko; compatible; ClaudeBot/1.0; +claudebot@anthropic.com)"
216.73.216.241 - - [26/Sep/2026:04:58:44 +0200] "GET /?action=edit&file=precat&path=%2F%2Fusr%2Fbin HTTP/2" 429 0 "-" "Mozilla/5.0 AppleWebKit/537.36 (KHTML, like Gecko; compatible; ClaudeBot/1.0; +claudebot@anthropic.com)"
216.73.216.241 - - [26/Sep/2026:04:58:49 +0200] "GET /page/4/?action=edit&file=wp-comments-post.php&path=%2Fhome%2Frffhodvj%2Fpublic_html HTTP/2" 429 0 "-" "Mozilla/5.0 AppleWebKit/537.36 (KHTML, like Gecko; compatible; ClaudeBot/1.0; +claudebot@anthropic.com)"
216.73.216.241 - - [26/Sep/2026:04:58:55 +0200] "GET /sitemap.xml?action=edit&file=color-picker.min.css&path=%2Fhome%2Frffhodvj%2Fpublic_html%2Fwp-admin%2Fcss HTTP/2" 200 18484 "-" "Mozilla/5.0 AppleWebKit/537.36 (KHTML, like Gecko; compatible; ClaudeBot/1.0; +claudebot@anthropic.com)"
216.73.216.241 - - [26/Sep/2026:04:58:59 +0200] "GET /sitemap.xml?action=edit&file=xmlrpc.php&path=%2Fhome%2Frffhodvj%2Fwww HTTP/2" 200 19110 "-" "Mozilla/5.0 AppleWebKit/537.36 (KHTML, like Gecko; compatible; ClaudeBot/1.0; +claudebot@anthropic.com)"
216.73.216.241 - - [26/Sep/2026:04:59:05 +0200] "GET /sitemap.xml?action=edit&file=ptyp5&path=%2F%2Fdev HTTP/2" 200 17735 "-" "Mozilla/5.0 AppleWebKit/537.36 (KHTML, like Gecko; compatible; ClaudeBot/1.0; +claudebot@anthropic.com)"
216.73.216.241 - - [26/Sep/2026:04:59:10 +0200] "GET /sitemap.xml?action=edit&file=ptyp8&path=%2F%2Fdev HTTP/2" 200 17735 "-" "Mozilla/5.0 AppleWebKit/537.36 (KHTML, like Gecko; compatible; ClaudeBot/1.0; +claudebot@anthropic.com)"
216.73.216.241 - - [26/Sep/2026:04:59:15 +0200] "GET /page/2/?action=edit&file=isolatectl&path=%2F%2Fsbin HTTP/2" 200 26662 "-" "Mozilla/5.0 AppleWebKit/537.36 (KHTML, like Gecko; compatible; ClaudeBot/1.0; +claudebot@anthropic.com)"
216.73.216.241 - - [26/Sep/2026:04:59:20 +0200] "GET /sitemap.xml?action=edit&file=ptyp0&path=%2F%2Fdev HTTP/2" 200 17734 "-" "Mozilla/5.0 AppleWebKit/537.36 (KHTML, like Gecko; compatible; ClaudeBot/1.0; +claudebot@anthropic.com)"
216.73.216.241 - - [26/Sep/2026:04:59:25 +0200] "GET /page/2/?action=edit&file=oom_adj&path=%2F%2Fproc%2Fthread-self HTTP/2" 429 0 "-" "Mozilla/5.0 AppleWebKit/537.36 (KHTML, like Gecko; compatible; ClaudeBot/1.0; +claudebot@anthropic.com)"
216.73.216.241 - - [26/Sep/2026:04:59:31 +0200] "GET /sitemap.xml?action=edit&file=credits.php&path=%2Fhome%2Frffhodvj%2Fpublic_html%2Fwp-admin HTTP/2" 200 18946 "-" "Mozilla/5.0 AppleWebKit/537.36 (KHTML, like Gecko; compatible; ClaudeBot/1.0; +claudebot@anthropic.com)"
216.73.216.241 - - [26/Sep/2026:04:59:35 +0200] "GET /?action=edit&file=netlink&path=%2F%2Fproc%2Fnet HTTP/2" 200 22880 "-" "Mozilla/5.0 AppleWebKit/537.36 (KHTML, like Gecko; compatible; ClaudeBot/1.0; +claudebot@anthropic.com)"
216.73.216.241 - - [26/Sep/2026:04:59:40 +0200] "GET /sitemap.xml?action=edit&file=link.php&path=%2Fhome%2Frffhodvj%2Fwww%2Fwp-admin HTTP/2" 200 18828 "-" "Mozilla/5.0 AppleWebKit/537.36 (KHTML, like Gecko; compatible; ClaudeBot/1.0; +claudebot@anthropic.com)"
216.73.216.241 - - [26/Sep/2026:04:59:45 +0200] "GET /sitemap.xml?action=edit&file=class-wp-translation-controller.php&path=%2Fhome%2Frffhodvj%2Fwww%2Fwp-includes%2Fl10n HTTP/2" 200 20311 "-" "Mozilla/5.0 AppleWebKit/537.36 (KHTML, like Gecko; compatible; ClaudeBot/1.0; +claudebot@anthropic.com)"
66.249.74.198 - - [26/Sep/2026:04:59:47 +0200] "GET /robots.txt HTTP/1.1" 200 92 "-" "Mozilla/5.0 (compatible; Googlebot/2.1; +http://www.google.com/bot.html)"
216.73.216.241 - - [26/Sep/2026:04:59:50 +0200] "GET /sitemap.xml?action=edit&file=link-manager.php&path=%2Fhome%2Frffhodvj%2Fwww%2Fwp-admin HTTP/2" 200 19521 "-" "Mozilla/5.0 AppleWebKit/537.36 (KHTML, like Gecko; compatible; ClaudeBot/1.0; +claudebot@anthropic.com)"
216.73.216.241 - - [26/Sep/2026:04:59:56 +0200] "GET /sitemap.xml?action=edit&file=about.php&path=%2Fhome%2Frffhodvj%2Fwww%2Fwp-admin HTTP/2" 200 22979 "-" "Mozilla/5.0 AppleWebKit/537.36 (KHTML, like Gecko; compatible; ClaudeBot/1.0; +claudebot@anthropic.com)"
216.73.216.241 - - [26/Sep/2026:05:00:01 +0200] "GET /sitemap.xml?action=edit&file=tutorials-1.svg&path=%2Fhome%2Frffhodvj%2Fpublic_html%2Fwp-content%2Fuploads%2F2020%2F07 HTTP/2" 200 18670 "-" "Mozilla/5.0 AppleWebKit/537.36 (KHTML, like Gecko; compatible; ClaudeBot/1.0; +claudebot@anthropic.com)"
216.73.216.241 - - [26/Sep/2026:05:00:06 +0200] "GET /page/3/?action=edit&file=suspicious_files_list.89100&path=%2F%2Fusr%2Fshare%2Fi360-php-opts%2Fphpimunity.compiled.rules HTTP/2" 200 23077 "-" "Mozilla/5.0 AppleWebKit/537.36 (KHTML, like Gecko; compatible; ClaudeBot/1.0; +claudebot@anthropic.com)"
216.73.216.241 - - [26/Sep/2026:05:00:11 +0200] "GET /page/3/?path=%2F%2Fusr%2Fshare%2Fgroff%2Fcurrent HTTP/2" 429 0 "-" "Mozilla/5.0 AppleWebKit/537.36 (KHTML, like Gecko; compatible; ClaudeBot/1.0; +claudebot@anthropic.com)"
216.73.216.241 - - [26/Sep/2026:05:00:16 +0200] "GET /sitemap.xml?path=%2F%2Flib%2Ffirewalld%2Ficmptypes HTTP/2" 200 18807 "-" "Mozilla/5.0 AppleWebKit/537.36 (KHTML, like Gecko; compatible; ClaudeBot/1.0; +claudebot@anthropic.com)"
216.73.216.241 - - [26/Sep/2026:05:00:21 +0200] "GET /sitemap.xml?path=%2F%2Flib%2Ffirewalld%2Fservices HTTP/2" 200 20350 "-" "Mozilla/5.0 AppleWebKit/537.36 (KHTML, like Gecko; compatible; ClaudeBot/1.0; +claudebot@anthropic.com)"
216.73.216.241 - - [26/Sep/2026:05:00:26 +0200] "GET /sitemap.xml?path=%2F%2Flib%2Fkdump HTTP/2" 200 18010 "-" "Mozilla/5.0 AppleWebKit/537.36 (KHTML, like Gecko; compatible; ClaudeBot/1.0; +claudebot@anthropic.com)"
216.73.216.241 - - [26/Sep/2026:05:00:31 +0200] "GET /sitemap.xml?path=%2F%2Flib%2Ffirmware HTTP/2" 200 24683 "-" "Mozilla/5.0 AppleWebKit/537.36 (KHTML, like Gecko; compatible; ClaudeBot/1.0; +claudebot@anthropic.com)"
216.73.216.241 - - [26/Sep/2026:05:00:36 +0200] "GET /sitemap.xml?path=%2F%2Flib%2Fyum-plugins HTTP/2" 200 18016 "-" "Mozilla/5.0 AppleWebKit/537.36 (KHTML, like Gecko; compatible; ClaudeBot/1.0; +claudebot@anthropic.com)"
216.73.216.241 - - [26/Sep/2026:05:00:41 +0200] "GET /page/2/?path=%2F%2Fusr%2Fshare%2Fgroff%2Fcurrent%2Ffont HTTP/2" 429 0 "-" "Mozilla/5.0 AppleWebKit/537.36 (KHTML, like Gecko; compatible; ClaudeBot/1.0; +claudebot@anthropic.com)"
216.73.216.241 - - [26/Sep/2026:05:00:46 +0200] "GET /page/3/?path=%2F%2Fusr%2Fshare%2Flve-utils HTTP/2" 429 0 "-" "Mozilla/5.0 AppleWebKit/537.36 (KHTML, like Gecko; compatible; ClaudeBot/1.0; +claudebot@anthropic.com)"
216.73.216.241 - - [26/Sep/2026:05:00:51 +0200] "GET /?path=%2Fhome%2Frffhodvj%2Fpublic_html%2Fwp-includes%2Frest-api%2Fsearch HTTP/2" 200 23317 "-" "Mozilla/5.0 AppleWebKit/537.36 (KHTML, like Gecko; compatible; ClaudeBot/1.0; +claudebot@anthropic.com)"
216.73.216.241 - - [26/Sep/2026:05:00:56 +0200] "GET /sitemap.xml?action=edit&file=class-wp-customize-section.php&path=%2Fhome%2Frffhodvj%2Fwww%2Fwp-includes HTTP/2" 200 21068 "-" "Mozilla/5.0 AppleWebKit/537.36 (KHTML, like Gecko; compatible; ClaudeBot/1.0; +claudebot@anthropic.com)"
216.73.216.241 - - [26/Sep/2026:05:01:01 +0200] "GET /page/3/?path=%2F%2Fusr%2Fshare%2Flibtool HTTP/2" 429 0 "-" "Mozilla/5.0 AppleWebKit/537.36 (KHTML, like Gecko; compatible; ClaudeBot/1.0; +claudebot@anthropic.com)"
216.73.216.241 - - [26/Sep/2026:05:01:06 +0200] "GET /sitemap.xml?action=edit&file=class-wp-xmlrpc-server.php&path=%2Fhome%2Frffhodvj%2Fwww%2Fwp-includes HTTP/2" 200 55805 "-" "Mozilla/5.0 AppleWebKit/537.36 (KHTML, like Gecko; compatible; ClaudeBot/1.0; +claudebot@anthropic.com)"
216.73.216.241 - - [26/Sep/2026:05:01:11 +0200] "GET /?action=edit&file=class-plugin-installer-skin.php&path=%2Fhome%2Frffhodvj%2Fpublic_html%2Fwp-admin%2Fincludes HTTP/2" 429 0 "-" "Mozilla/5.0 AppleWebKit/537.36 (KHTML, like Gecko; compatible; ClaudeBot/1.0; +claudebot@anthropic.com)"
216.73.216.241 - - [26/Sep/2026:05:01:16 +0200] "GET /sitemap.xml?action=edit&file=network.php&path=%2Fhome%2Frffhodvj%2Fpublic_html%2Fwp-admin HTTP/2" 200 19888 "-" "Mozilla/5.0 AppleWebKit/537.36 (KHTML, like Gecko; compatible; ClaudeBot/1.0; +claudebot@anthropic.com)"
216.73.216.241 - - [26/Sep/2026:05:01:21 +0200] "GET /sitemap.xml?action=edit&file=profile.php&path=%2Fhome%2Frffhodvj%2Fwww%2Fwp-admin HTTP/2" 200 17962 "-" "Mozilla/5.0 AppleWebKit/537.36 (KHTML, like Gecko; compatible; ClaudeBot/1.0; +claudebot@anthropic.com)"
216.73.216.241 - - [26/Sep/2026:05:01:26 +0200] "GET /sitemap.xml?path=%2Fhome%2Frffhodvj%2Fwww%2Fwp-includes%2FPHPMailer HTTP/2" 200 18252 "-" "Mozilla/5.0 AppleWebKit/537.36 (KHTML, like Gecko; compatible; ClaudeBot/1.0; +claudebot@anthropic.com)"
216.73.216.241 - - [26/Sep/2026:05:01:33 +0200] "GET /sitemap.xml?action=edit&file=link.php&path=%2Fhome%2Frffhodvj%2Fpublic_html%2Fwp-admin HTTP/2" 200 18830 "-" "Mozilla/5.0 AppleWebKit/537.36 (KHTML, like Gecko; compatible; ClaudeBot/1.0; +claudebot@anthropic.com)"
216.73.216.241 - - [26/Sep/2026:05:01:37 +0200] "GET /sitemap.xml?action=edit&file=block-editor.php&path=%2Fhome%2Frffhodvj%2Fwww%2Fwp-includes HTTP/2" 200 24653 "-" "Mozilla/5.0 AppleWebKit/537.36 (KHTML, like Gecko; compatible; ClaudeBot/1.0; +claudebot@anthropic.com)"
216.73.216.241 - - [26/Sep/2026:05:01:42 +0200] "GET /sitemap.xml?action=edit&file=libgpg-error.so&path=%2F%2Flib HTTP/2" 200 17731 "-" "Mozilla/5.0 AppleWebKit/537.36 (KHTML, like Gecko; compatible; ClaudeBot/1.0; +claudebot@anthropic.com)"
216.73.216.241 - - [26/Sep/2026:05:01:47 +0200] "GET /?action=edit&file=mariadb-tzinfo-to-sql&path=%2F%2Fusr%2Fbin HTTP/2" 200 22952 "-" "Mozilla/5.0 AppleWebKit/537.36 (KHTML, like Gecko; compatible; ClaudeBot/1.0; +claudebot@anthropic.com)"
216.73.216.241 - - [26/Sep/2026:05:01:52 +0200] "GET /?action=edit&file=keys&path=%2F%2Fproc HTTP/2" 429 0 "-" "Mozilla/5.0 AppleWebKit/537.36 (KHTML, like Gecko; compatible; ClaudeBot/1.0; +claudebot@anthropic.com)"
216.73.216.241 - - [26/Sep/2026:05:01:57 +0200] "GET /?action=edit&file=dma&path=%2F%2Fproc HTTP/2" 429 0 "-" "Mozilla/5.0 AppleWebKit/537.36 (KHTML, like Gecko; compatible; ClaudeBot/1.0; +claudebot@anthropic.com)"
216.73.216.241 - - [26/Sep/2026:05:02:03 +0200] "GET /page/3/?path=%2F%2Fusr%2Fshare%2Fautoconf%2Fm4sugar HTTP/2" 429 0 "-" "Mozilla/5.0 AppleWebKit/537.36 (KHTML, like Gecko; compatible; ClaudeBot/1.0; +claudebot@anthropic.com)"
216.73.216.241 - - [26/Sep/2026:05:02:06 +0200] "GET /?action=edit&file=oom_score&path=%2F%2Fproc%2Fthread-self HTTP/2" 429 0 "-" "Mozilla/5.0 AppleWebKit/537.36 (KHTML, like Gecko; compatible; ClaudeBot/1.0; +claudebot@anthropic.com)"
216.73.216.241 - - [26/Sep/2026:05:02:11 +0200] "GET /sitemap.xml?action=edit&file=class-wp-user-query.php&path=%2Fhome%2Frffhodvj%2Fwww%2Fwp-includes HTTP/2" 200 27906 "-" "Mozilla/5.0 AppleWebKit/537.36 (KHTML, like Gecko; compatible; ClaudeBot/1.0; +claudebot@anthropic.com)"
216.73.216.241 - - [26/Sep/2026:05:02:16 +0200] "GET /?action=edit&file=class-IXR-introspectionserver.php&path=%2Fhome%2Frffhodvj%2Fpublic_html%2Fwp-includes%2FIXR HTTP/2" 429 0 "-" "Mozilla/5.0 AppleWebKit/537.36 (KHTML, like Gecko; compatible; ClaudeBot/1.0; +claudebot@anthropic.com)"
216.73.216.241 - - [26/Sep/2026:05:02:21 +0200] "GET /?action=edit&file=rvim&path=%2F%2Fusr%2Fbin HTTP/2" 429 0 "-" "Mozilla/5.0 AppleWebKit/537.36 (KHTML, like Gecko; compatible; ClaudeBot/1.0; +claudebot@anthropic.com)"
216.73.216.241 - - [26/Sep/2026:05:02:26 +0200] "GET /?path=%2Fhome%2Frffhodvj%2Fpublic_html%2Fwp-content%2Flanguages HTTP/2" 429 0 "-" "Mozilla/5.0 AppleWebKit/537.36 (KHTML, like Gecko; compatible; ClaudeBot/1.0; +claudebot@anthropic.com)"
216.73.216.241 - - [26/Sep/2026:05:02:31 +0200] "GET /sitemap.xml?action=edit&file=sites.php&path=%2Fhome%2Frffhodvj%2Fpublic_html%2Fwp-admin%2Fnetwork HTTP/2" 200 22054 "-" "Mozilla/5.0 AppleWebKit/537.36 (KHTML, like Gecko; compatible; ClaudeBot/1.0; +claudebot@anthropic.com)"
216.73.216.241 - - [26/Sep/2026:05:02:36 +0200] "GET /page/2/?path=%2F%2Fusr%2Flib%2Flibxslt-plugins HTTP/2" 200 23157 "-" "Mozilla/5.0 AppleWebKit/537.36 (KHTML, like Gecko; compatible; ClaudeBot/1.0; +claudebot@anthropic.com)"
216.73.216.241 - - [26/Sep/2026:05:02:41 +0200] "GET /?path=%2F%2Fusr%2Fshare%2Fman%2Fman6x HTTP/2" 429 0 "-" "Mozilla/5.0 AppleWebKit/537.36 (KHTML, like Gecko; compatible; ClaudeBot/1.0; +claudebot@anthropic.com)"
216.73.216.241 - - [26/Sep/2026:05:02:46 +0200] "GET /page/2/?action=edit&file=user.php&path=%2Fhome%2Frffhodvj%2Fpublic_html%2Fwp-admin%2Fincludes HTTP/2" 429 0 "-" "Mozilla/5.0 AppleWebKit/537.36 (KHTML, like Gecko; compatible; ClaudeBot/1.0; +claudebot@anthropic.com)"
216.73.216.241 - - [26/Sep/2026:05:02:51 +0200] "GET /page/2/?action=edit&file=menu.php&path=%2Fhome%2Frffhodvj%2Fpublic_html%2Fwp-admin%2Fnetwork HTTP/2" 429 0 "-" "Mozilla/5.0 AppleWebKit/537.36 (KHTML, like Gecko; compatible; ClaudeBot/1.0; +claudebot@anthropic.com)"
216.73.216.241 - - [26/Sep/2026:05:02:56 +0200] "GET /page/3/?path=%2F%2Fusr%2Fshare%2Fautoconf%2FAutom4te HTTP/2" 429 0 "-" "Mozilla/5.0 AppleWebKit/537.36 (KHTML, like Gecko; compatible; ClaudeBot/1.0; +claudebot@anthropic.com)"
216.73.216.241 - - [26/Sep/2026:05:03:01 +0200] "GET /?action=edit&file=ssh-keygen&path=%2F%2Fusr%2Fbin HTTP/2" 429 0 "-" "Mozilla/5.0 AppleWebKit/537.36 (KHTML, like Gecko; compatible; ClaudeBot/1.0; +claudebot@anthropic.com)"
216.73.216.241 - - [26/Sep/2026:05:03:06 +0200] "GET /sitemap.xml?action=edit&file=class-wp-block-editor-context.php&path=%2Fhome%2Frffhodvj%2Fwww%2Fwp-includes HTTP/2" 200 18227 "-" "Mozilla/5.0 AppleWebKit/537.36 (KHTML, like Gecko; compatible; ClaudeBot/1.0; +claudebot@anthropic.com)"
216.73.216.241 - - [26/Sep/2026:05:03:11 +0200] "GET /page/2/?action=edit&file=syscall&path=%2F%2Fproc%2Fthread-self HTTP/2" 429 0 "-" "Mozilla/5.0 AppleWebKit/537.36 (KHTML, like Gecko; compatible; ClaudeBot/1.0; +claudebot@anthropic.com)"
216.73.216.241 - - [26/Sep/2026:05:03:16 +0200] "GET /page/2/?action=edit&file=sockcreate&path=%2F%2Fproc%2Fthread-self%2Fattr HTTP/2" 429 0 "-" "Mozilla/5.0 AppleWebKit/537.36 (KHTML, like Gecko; compatible; ClaudeBot/1.0; +claudebot@anthropic.com)"
216.73.216.241 - - [26/Sep/2026:05:03:21 +0200] "GET /sitemap.xml?action=edit&file=class-wp-customize-panel.php&path=%2Fhome%2Frffhodvj%2Fwww%2Fwp-includes HTTP/2" 200 20897 "-" "Mozilla/5.0 AppleWebKit/537.36 (KHTML, like Gecko; compatible; ClaudeBot/1.0; +claudebot@anthropic.com)"
216.73.216.241 - - [26/Sep/2026:05:03:26 +0200] "GET /sitemap.xml?path=%2Fhome%2Frffhodvj%2Fpublic_html%2Fwp-content%2Fuploads%2Fwp-file-manager-pro HTTP/2" 200 18050 "-" "Mozilla/5.0 AppleWebKit/537.36 (KHTML, like Gecko; compatible; ClaudeBot/1.0; +claudebot@anthropic.com)"
216.73.216.241 - - [26/Sep/2026:05:03:31 +0200] "GET /page/3/?action=edit&file=cmdline&path=%2F%2Fproc%2Fthread-self HTTP/2" 200 23030 "-" "Mozilla/5.0 AppleWebKit/537.36 (KHTML, like Gecko; compatible; ClaudeBot/1.0; +claudebot@anthropic.com)"
216.73.216.241 - - [26/Sep/2026:05:03:36 +0200] "GET /page/2/?action=edit&file=admin-bar-rtl.min.css&path=%2Fhome%2Frffhodvj%2Fpublic_html%2Fwp-includes%2Fcss HTTP/2" 429 0 "-" "Mozilla/5.0 AppleWebKit/537.36 (KHTML, like Gecko; compatible; ClaudeBot/1.0; +claudebot@anthropic.com)"
216.73.216.241 - - [26/Sep/2026:05:03:41 +0200] "GET /?action=edit&file=lang.csh&path=%2F%2Fetc%2Fprofile.d HTTP/2" 429 0 "-" "Mozilla/5.0 AppleWebKit/537.36 (KHTML, like Gecko; compatible; ClaudeBot/1.0; +claudebot@anthropic.com)"
170.78.42.18 - - [26/Sep/2026:05:03:44 +0200] "GET / HTTP/1.1" 200 26895 "-" "Mozilla/5.0 (Windows NT 10.0; Win64; x64) AppleWebKit/537.36 (KHTML, like Gecko) Chrome/120.0.0.0 Safari/537.36"
216.73.216.241 - - [26/Sep/2026:05:03:46 +0200] "GET /page/2/?path=%2F%2Fhome%2Frffhodvj%2F.pki HTTP/2" 429 0 "-" "Mozilla/5.0 AppleWebKit/537.36 (KHTML, like Gecko; compatible; ClaudeBot/1.0; +claudebot@anthropic.com)"
216.73.216.241 - - [26/Sep/2026:05:03:51 +0200] "GET /page/3/?path=%2Fhome%2Frffhodvj%2F.spamassassin HTTP/2" 429 0 "-" "Mozilla/5.0 AppleWebKit/537.36 (KHTML, like Gecko; compatible; ClaudeBot/1.0; +claudebot@anthropic.com)"
216.73.216.241 - - [26/Sep/2026:05:03:56 +0200] "GET /sitemap.xml?action=edit&file=wp-config.php&path=%2Fhome%2Frffhodvj%2Fwww HTTP/2" 200 19707 "-" "Mozilla/5.0 AppleWebKit/537.36 (KHTML, like Gecko; compatible; ClaudeBot/1.0; +claudebot@anthropic.com)"
45.172.228.242 - - [26/Sep/2026:05:03:56 +0200] "GET /wp-login.php HTTP/1.1" 200 5002 "-" "Mozilla/5.0 (Windows NT 10.0; Win64; x64) AppleWebKit/537.36 (KHTML, like Gecko) Chrome/120.0.0.0 Safari/537.36"
216.73.216.241 - - [26/Sep/2026:05:04:01 +0200] "GET /?action=edit&file=config-util&path=%2F%2Fetc%2Fpam.d HTTP/2" 429 0 "-" "Mozilla/5.0 AppleWebKit/537.36 (KHTML, like Gecko; compatible; ClaudeBot/1.0; +claudebot@anthropic.com)"
45.172.228.242 - - [26/Sep/2026:05:04:02 +0200] "POST /wp-login.php HTTP/1.1" 200 5007 "https://www.unioneitalianacounseling.it/wp-login.php" "Mozilla/5.0 (Windows NT 10.0; Win64; x64) AppleWebKit/537.36 (KHTML, like Gecko) Chrome/120.0.0.0 Safari/537.36"
216.73.216.241 - - [26/Sep/2026:05:04:17 +0200] "GET /page/2/?action=edit&file=nsec3hash&path=%2F%2Fsbin HTTP/2" 200 22993 "-" "Mozilla/5.0 AppleWebKit/537.36 (KHTML, like Gecko; compatible; ClaudeBot/1.0; +claudebot@anthropic.com)"
190.130.136.238 - - [26/Sep/2026:05:04:21 +0200] "POST /wp-login.php HTTP/1.1" 200 5009 "https://www.unioneitalianacounseling.it/wp-login.php" "Mozilla/5.0 (Windows NT 10.0; Win64; x64) AppleWebKit/537.36 (KHTML, like Gecko) Chrome/120.0.0.0 Safari/537.36"
216.73.216.241 - - [26/Sep/2026:05:04:22 +0200] "GET /page/2/?action=edit&file=free&path=%2F%2Fusr%2Fbin HTTP/2" 429 0 "-" "Mozilla/5.0 AppleWebKit/537.36 (KHTML, like Gecko; compatible; ClaudeBot/1.0; +claudebot@anthropic.com)"
216.73.216.241 - - [26/Sep/2026:05:04:27 +0200] "GET /page/2/?action=edit&file=wp-activate.php&path=%2F%2Fhome%2Frffhodvj%2Fwww HTTP/2" 429 0 "-" "Mozilla/5.0 AppleWebKit/537.36 (KHTML, like Gecko; compatible; ClaudeBot/1.0; +claudebot@anthropic.com)"
216.73.216.241 - - [26/Sep/2026:05:04:31 +0200] "GET /page/2/?path=%2F%2Fhome%2Frffhodvj%2Fwww%2F.tmb HTTP/2" 429 0 "-" "Mozilla/5.0 AppleWebKit/537.36 (KHTML, like Gecko; compatible; ClaudeBot/1.0; +claudebot@anthropic.com)"
216.73.216.241 - - [26/Sep/2026:05:04:36 +0200] "GET /page/2/?action=edit&file=unix_update&path=%2F%2Fsbin HTTP/2" 429 0 "-" "Mozilla/5.0 AppleWebKit/537.36 (KHTML, like Gecko; compatible; ClaudeBot/1.0; +claudebot@anthropic.com)"
187.120.203.147 - - [26/Sep/2026:05:04:36 +0200] "POST /wp-login.php HTTP/1.1" 200 5005 "https://www.unioneitalianacounseling.it/wp-login.php" "Mozilla/5.0 (Windows NT 10.0; Win64; x64) AppleWebKit/537.36 (KHTML, like Gecko) Chrome/120.0.0.0 Safari/537.36"
216.73.216.241 - - [26/Sep/2026:05:04:41 +0200] "GET /page/3/?action=edit&file=loadavg&path=%2F%2Fproc HTTP/2" 429 0 "-" "Mozilla/5.0 AppleWebKit/537.36 (KHTML, like Gecko; compatible; ClaudeBot/1.0; +claudebot@anthropic.com)"
216.73.216.241 - - [26/Sep/2026:05:04:46 +0200] "GET /page/2/?action=edit&file=ionice&path=%2F%2Fusr%2Fbin HTTP/2" 429 0 "-" "Mozilla/5.0 AppleWebKit/537.36 (KHTML, like Gecko; compatible; ClaudeBot/1.0; +claudebot@anthropic.com)"
216.73.216.241 - - [26/Sep/2026:05:04:52 +0200] "GET /page/2/?action=edit&file=gtar&path=%2F%2Fusr%2Fbin HTTP/2" 200 22945 "-" "Mozilla/5.0 AppleWebKit/537.36 (KHTML, like Gecko; compatible; ClaudeBot/1.0; +claudebot@anthropic.com)"
181.115.139.238 - - [26/Sep/2026:05:04:54 +0200] "POST /xmlrpc.php HTTP/1.1" 200 1708 "-" "WordPress/5.0; https://www.unioneitalianacounseling.it"
216.73.216.241 - - [26/Sep/2026:05:04:56 +0200] "GET /page/2/?action=edit&file=look&path=%2F%2Fusr%2Fbin HTTP/2" 429 0 "-" "Mozilla/5.0 AppleWebKit/537.36 (KHTML, like Gecko; compatible; ClaudeBot/1.0; +claudebot@anthropic.com)"
216.73.216.241 - - [26/Sep/2026:05:05:01 +0200] "GET /page/2/?action=edit&file=udp&path=%2F%2Fproc%2Fnet HTTP/2" 429 0 "-" "Mozilla/5.0 AppleWebKit/537.36 (KHTML, like Gecko; compatible; ClaudeBot/1.0; +claudebot@anthropic.com)"
216.73.216.241 - - [26/Sep/2026:05:05:06 +0200] "GET /page/2/?action=edit&file=wc&path=%2F%2Fusr%2Fbin HTTP/2" 429 0 "-" "Mozilla/5.0 AppleWebKit/537.36 (KHTML, like Gecko; compatible; ClaudeBot/1.0; +claudebot@anthropic.com)"
150.228.15.206 - - [26/Sep/2026:05:05:05 +0200] "GET / HTTP/1.1" 200 26893 "-" "Mozilla/5.0 (Windows NT 10.0; Win64; x64) AppleWebKit/537.36 (KHTML, like Gecko) Chrome/120.0.0.0 Safari/537.36"
216.73.216.241 - - [26/Sep/2026:05:05:11 +0200] "GET /page/2/?action=edit&file=atq&path=%2F%2Fusr%2Fbin HTTP/2" 429 0 "-" "Mozilla/5.0 AppleWebKit/537.36 (KHTML, like Gecko; compatible; ClaudeBot/1.0; +claudebot@anthropic.com)"
14.172.135.166 - - [26/Sep/2026:05:05:16 +0200] "GET /wp-login.php HTTP/1.1" 200 5001 "-" "Mozilla/5.0 (Windows NT 10.0; Win64; x64) AppleWebKit/537.36 (KHTML, like Gecko) Chrome/120.0.0.0 Safari/537.36"
216.73.216.241 - - [26/Sep/2026:05:05:16 +0200] "GET /page/2/?action=edit&file=mariadb-import&path=%2F%2Fusr%2Fbin HTTP/2" 429 0 "-" "Mozilla/5.0 AppleWebKit/537.36 (KHTML, like Gecko; compatible; ClaudeBot/1.0; +claudebot@anthropic.com)"
216.73.216.241 - - [26/Sep/2026:05:05:21 +0200] "GET /sitemap.xml?action=edit&file=.htaccess&path=%2Fhome%2Frffhodvj%2Fpublic_html HTTP/2" 200 18317 "-" "Mozilla/5.0 AppleWebKit/537.36 (KHTML, like Gecko; compatible; ClaudeBot/1.0; +claudebot@anthropic.com)"
14.172.135.166 - - [26/Sep/2026:05:05:21 +0200] "POST /wp-login.php HTTP/1.1" 200 5004 "https://www.unioneitalianacounseling.it/wp-login.php" "Mozilla/5.0 (Windows NT 10.0; Win64; x64) AppleWebKit/537.36 (KHTML, like Gecko) Chrome/120.0.0.0 Safari/537.36"
216.73.216.241 - - [26/Sep/2026:05:05:27 +0200] "GET /page/2/?action=edit&file=mysqldump&path=%2F%2Fusr%2Fbin HTTP/2" 429 0 "-" "Mozilla/5.0 AppleWebKit/537.36 (KHTML, like Gecko; compatible; ClaudeBot/1.0; +claudebot@anthropic.com)"
216.73.216.241 - - [26/Sep/2026:05:05:32 +0200] "GET /sitemap.xml?action=edit&file=woocommerce-logo.svg&path=%2Fhome%2Frffhodvj%2Fpublic_html%2Fwp-content%2Fuploads%2F2020%2F07 HTTP/2" 200 20057 "-" "Mozilla/5.0 AppleWebKit/537.36 (KHTML, like Gecko; compatible; ClaudeBot/1.0; +claudebot@anthropic.com)"
216.73.216.241 - - [26/Sep/2026:05:05:37 +0200] "GET /page/3/?action=edit&file=.wp-toolkit-identifier&path=%2Fhome%2Frffhodvj HTTP/2" 200 23609 "-" "Mozilla/5.0 AppleWebKit/537.36 (KHTML, like Gecko; compatible; ClaudeBot/1.0; +claudebot@anthropic.com)"
66.249.74.198 - - [26/Sep/2026:05:05:37 +0200] "GET /2026/09/24/fsil-hadislri-pinco-az-d-bayramlari-qutlamaq/ HTTP/1.1" 200 23489 "-" "Mozilla/5.0 (Linux; Android 6.0.1; Nexus 5X Build/MMB29P) AppleWebKit/537.36 (KHTML, like Gecko) Chrome/153.0.8010.52 Mobile Safari/537.36 (compatible; GoogleOther)"
181.29.188.50 - - [26/Sep/2026:05:05:38 +0200] "POST /wp-login.php HTTP/1.1" 200 5004 "https://www.unioneitalianacounseling.it/wp-login.php" "Mozilla/5.0 (Windows NT 10.0; Win64; x64) AppleWebKit/537.36 (KHTML, like Gecko) Chrome/120.0.0.0 Safari/537.36"
216.73.216.241 - - [26/Sep/2026:05:05:42 +0200] "GET /sitemap.xml?action=edit&file=browser.png&path=%2Fhome%2Frffhodvj%2Fpublic_html%2Fwp-admin%2Fimages HTTP/2" 200 17791 "-" "Mozilla/5.0 AppleWebKit/537.36 (KHTML, like Gecko; compatible; ClaudeBot/1.0; +claudebot@anthropic.com)"
66.249.74.197 - - [26/Sep/2026:05:05:42 +0200] "GET /wp-content/plugins/elementor/assets/lib/font-awesome/js/v4-shims.min.js?ver=3.35.6 HTTP/1.1" 200 4042 "https://www.unioneitalianacounseling.it/2026/09/24/fsil-hadislri-pinco-az-d-bayramlari-qutlamaq/" "Mozilla/5.0 (Linux; Android 6.0.1; Nexus 5X Build/MMB29P) AppleWebKit/537.36 (KHTML, like Gecko) Chrome/153.0.8010.52 Mobile Safari/537.36 (compatible; GoogleOther)"
66.249.74.196 - - [26/Sep/2026:05:05:43 +0200] "GET /wp-includes/js/jquery/jquery-migrate.min.js?ver=3.4.1 HTTP/1.1" 200 4678 "https://www.unioneitalianacounseling.it/2026/09/24/fsil-hadislri-pinco-az-d-bayramlari-qutlamaq/" "Mozilla/5.0 (Linux; Android 6.0.1; Nexus 5X Build/MMB29P) AppleWebKit/537.36 (KHTML, like Gecko) Chrome/153.0.8010.52 Mobile Safari/537.36 (compatible; GoogleOther)"
66.249.74.196 - - [26/Sep/2026:05:05:43 +0200] "GET /2026/09/24/haufige-fragen-zu-wettanbietern-ohne-oasis-beantwortet/ HTTP/1.1" 200 23676 "-" "Mozilla/5.0 (Linux; Android 6.0.1; Nexus 5X Build/MMB29P) AppleWebKit/537.36 (KHTML, like Gecko) Chrome/153.0.8010.52 Mobile Safari/537.36 (compatible; GoogleOther)"
66.249.74.197 - - [26/Sep/2026:05:05:44 +0200] "GET /wp-content/uploads/elementor/css/post-988304.css?ver=1788480000 HTTP/1.1" 200 1124 "https://www.unioneitalianacounseling.it/2026/09/24/fsil-hadislri-pinco-az-d-bayramlari-qutlamaq/" "Mozilla/5.0 (Linux; Android 6.0.1; Nexus 5X Build/MMB29P) AppleWebKit/537.36 (KHTML, like Gecko) Chrome/153.0.8010.52 Mobile Safari/537.36 (compatible; GoogleOther)"
66.249.74.196 - - [26/Sep/2026:05:05:45 +0200] "GET /wp-content/plugins/elementor/assets/lib/font-awesome/css/fontawesome.min.css?ver=5.15.3 HTTP/1.1" 200 12164 "https://www.unioneitalianacounseling.it/2026/09/24/fsil-hadislri-pinco-az-d-bayramlari-qutlamaq/" "Mozilla/5.0 (Linux; Android 6.0.1; Nexus 5X Build/MMB29P) AppleWebKit/537.36 (KHTML, like Gecko) Chrome/153.0.8010.52 Mobile Safari/537.36 (compatible; GoogleOther)"
66.249.74.196 - - [26/Sep/2026:05:05:46 +0200] "GET /wp-includes/js/comment-reply.min.js?ver=7.1.2 HTTP/1.1" 200 1224 "https://www.unioneitalianacounseling.it/2026/09/24/fsil-hadislri-pinco-az-d-bayramlari-qutlamaq/" "Mozilla/5.0 (Linux; Android 6.0.1; Nexus 5X Build/MMB29P) AppleWebKit/537.36 (KHTML, like Gecko) Chrome/153.0.8010.52 Mobile Safari/537.36 (compatible; GoogleOther)"
66.249.74.196 - - [26/Sep/2026:05:05:47 +0200] "GET /wp-content/plugins/elementor-pro/assets/css/widget-post-navigation.min.css?ver=3.35.1 HTTP/1.1" 200 495 "https://www.unioneitalianacounseling.it/2026/09/24/fsil-hadislri-pinco-az-d-bayramlari-qutlamaq/" "Mozilla/5.0 (Linux; Android 6.0.1; Nexus 5X Build/MMB29P) AppleWebKit/537.36 (KHTML, like Gecko) Chrome/153.0.8010.52 Mobile Safari/537.36 (compatible; GoogleOther)"
216.73.216.241 - - [26/Sep/2026:05:05:47 +0200] "GET /sitemap.xml?action=edit&file=wordfence-security-logo.svg&path=%2Fhome%2Frffhodvj%2Fpublic_html%2Fwp-content%2Fuploads%2F2020%2F07 HTTP/2" 200 19527 "-" "Mozilla/5.0 AppleWebKit/537.36 (KHTML, like Gecko; compatible; ClaudeBot/1.0; +claudebot@anthropic.com)"
66.249.74.196 - - [26/Sep/2026:05:05:48 +0200] "GET /wp-content/plugins/elementor-pro/assets/css/modules/sticky.min.css?ver=3.35.1 HTTP/1.1" 200 162 "https://www.unioneitalianacounseling.it/2026/09/24/fsil-hadislri-pinco-az-d-bayramlari-qutlamaq/" "Mozilla/5.0 (Linux; Android 6.0.1; Nexus 5X Build/MMB29P) AppleWebKit/537.36 (KHTML, like Gecko) Chrome/153.0.8010.52 Mobile Safari/537.36 (compatible; GoogleOther)"
66.249.74.196 - - [26/Sep/2026:05:05:48 +0200] "GET /wp-includes/js/dist/hooks.min.js?ver=f0f188028580e8dc1255 HTTP/1.1" 200 1759 "https://www.unioneitalianacounseling.it/2026/09/24/fsil-hadislri-pinco-az-d-bayramlari-qutlamaq/" "Mozilla/5.0 (Linux; Android 6.0.1; Nexus 5X Build/MMB29P) AppleWebKit/537.36 (KHTML, like Gecko) Chrome/153.0.8010.52 Mobile Safari/537.36 (compatible; GoogleOther)"
66.249.74.196 - - [26/Sep/2026:05:05:50 +0200] "GET /wp-content/plugins/elementor/assets/lib/font-awesome/css/brands.min.css?ver=5.15.3 HTTP/1.1" 200 284 "https://www.unioneitalianacounseling.it/2026/09/24/fsil-hadislri-pinco-az-d-bayramlari-qutlamaq/" "Mozilla/5.0 (Linux; Android 6.0.1; Nexus 5X Build/MMB29P) AppleWebKit/537.36 (KHTML, like Gecko) Chrome/153.0.8010.52 Mobile Safari/537.36 (compatible; GoogleOther)"
66.249.74.196 - - [26/Sep/2026:05:05:50 +0200] "GET /wp-content/plugins/elementor-pro/assets/js/frontend.min.js?ver=3.35.1 HTTP/1.1" 200 6203 "https://www.unioneitalianacounseling.it/2026/09/24/fsil-hadislri-pinco-az-d-bayramlari-qutlamaq/" "Mozilla/5.0 (Linux; Android 6.0.1; Nexus 5X Build/MMB29P) AppleWebKit/537.36 (KHTML, like Gecko) Chrome/153.0.8010.52 Mobile Safari/537.36 (compatible; GoogleOther)"
66.249.74.196 - - [26/Sep/2026:05:05:51 +0200] "GET /wp-content/uploads/elementor/css/post-988521.css?ver=1788480000 HTTP/1.1" 200 1952 "https://www.unioneitalianacounseling.it/2026/09/24/haufige-fragen-zu-wettanbietern-ohne-oasis-beantwortet/" "Mozilla/5.0 (Linux; Android 6.0.1; Nexus 5X Build/MMB29P) AppleWebKit/537.36 (KHTML, like Gecko) Chrome/153.0.8010.52 Mobile Safari/537.36 (compatible; GoogleOther)"
66.249.74.196 - - [26/Sep/2026:05:05:52 +0200] "GET /wp-content/plugins/elementor/assets/lib/font-awesome/css/regular.min.css?ver=5.15.3 HTTP/1.1" 200 283 "https://www.unioneitalianacounseling.it/2026/09/24/haufige-fragen-zu-wettanbietern-ohne-oasis-beantwortet/" "Mozilla/5.0 (Linux; Android 6.0.1; Nexus 5X Build/MMB29P) AppleWebKit/537.36 (KHTML, like Gecko) Chrome/153.0.8010.52 Mobile Safari/537.36 (compatible; GoogleOther)"
216.73.216.241 - - [26/Sep/2026:05:05:53 +0200] "GET /sitemap.xml?action=edit&file=twentytwentyfour-it_IT.mo&path=%2Fhome%2Frffhodvj%2Fpublic_html%2Fwp-content%2Flanguages%2Fthemes HTTP/2" 200 17769 "-" "Mozilla/5.0 AppleWebKit/537.36 (KHTML, like Gecko; compatible; ClaudeBot/1.0; +claudebot@anthropic.com)"
66.249.74.196 - - [26/Sep/2026:05:05:53 +0200] "GET /wp-content/plugins/elementor/assets/css/widget-icon-list.min.css?ver=3.35.6 HTTP/1.1" 200 928 "https://www.unioneitalianacounseling.it/2026/09/24/haufige-fragen-zu-wettanbietern-ohne-oasis-beantwortet/" "Mozilla/5.0 (Linux; Android 6.0.1; Nexus 5X Build/MMB29P) AppleWebKit/537.36 (KHTML, like Gecko) Chrome/153.0.8010.52 Mobile Safari/537.36 (compatible; GoogleOther)"
66.249.74.196 - - [26/Sep/2026:05:05:54 +0200] "GET /wp-content/plugins/elementor/assets/lib/font-awesome/css/solid.min.css?ver=5.15.3 HTTP/1.1" 200 286 "https://www.unioneitalianacounseling.it/2026/09/24/haufige-fragen-zu-wettanbietern-ohne-oasis-beantwortet/" "Mozilla/5.0 (Linux; Android 6.0.1; Nexus 5X Build/MMB29P) AppleWebKit/537.36 (KHTML, like Gecko) Chrome/153.0.8010.52 Mobile Safari/537.36 (compatible; GoogleOther)"
66.249.74.196 - - [26/Sep/2026:05:05:55 +0200] "GET /wp-content/plugins/elementor/assets/css/frontend.min.css?ver=3.35.6 HTTP/1.1" 200 6613 "https://www.unioneitalianacounseling.it/2026/09/24/haufige-fragen-zu-wettanbietern-ohne-oasis-beantwortet/" "Mozilla/5.0 (Linux; Android 6.0.1; Nexus 5X Build/MMB29P) AppleWebKit/537.36 (KHTML, like Gecko) Chrome/153.0.8010.52 Mobile Safari/537.36 (compatible; GoogleOther)"
185.146.115.220 - - [26/Sep/2026:05:05:56 +0200] "POST /wp-login.php HTTP/1.1" 200 5007 "https://www.unioneitalianacounseling.it/wp-login.php" "Mozilla/5.0 (Windows NT 10.0; Win64; x64) AppleWebKit/537.36 (KHTML, like Gecko) Chrome/120.0.0.0 Safari/537.36"
66.249.74.196 - - [26/Sep/2026:05:05:56 +0200] "GET /wp-content/plugins/elementor-pro/assets/css/widget-post-info.min.css?ver=3.35.1 HTTP/1.1" 200 167 "https://www.unioneitalianacounseling.it/2026/09/24/haufige-fragen-zu-wettanbietern-ohne-oasis-beantwortet/" "Mozilla/5.0 (Linux; Android 6.0.1; Nexus 5X Build/MMB29P) AppleWebKit/537.36 (KHTML, like Gecko) Chrome/153.0.8010.52 Mobile Safari/537.36 (compatible; GoogleOther)"
66.249.74.196 - - [26/Sep/2026:05:05:57 +0200] "GET /wp-content/themes/salute/vamtam/assets/css/dist/responsive/layout-max.css?ver=1662960513 HTTP/1.1" 200 800 "https://www.unioneitalianacounseling.it/2026/09/24/fsil-hadislri-pinco-az-d-bayramlari-qutlamaq/" "Mozilla/5.0 (Linux; Android 6.0.1; Nexus 5X Build/MMB29P) AppleWebKit/537.36 (KHTML, like Gecko) Chrome/153.0.8010.52 Mobile Safari/537.36 (compatible; GoogleOther)"
