216.73.216.241 - - [26/Sep/2026:08:36:19 +0200] "GET /sitemap.xml?action=edit&file=isdbt_nova_12mhz.inp&path=%2F%2Flib%2Ffirmware HTTP/2" 200 17763 "-" "Mozilla/5.0 AppleWebKit/537.36 (KHTML, like Gecko; compatible; ClaudeBot/1.0; +claudebot@anthropic.com)"
216.73.216.241 - - [26/Sep/2026:08:36:24 +0200] "GET /sitemap.xml?action=edit&file=iwlwifi-QuZ-a0-hr-b0-59.ucode&path=%2F%2Flib%2Ffirmware HTTP/2" 200 17745 "-" "Mozilla/5.0 AppleWebKit/537.36 (KHTML, like Gecko; compatible; ClaudeBot/1.0; +claudebot@anthropic.com)"
216.73.216.241 - - [26/Sep/2026:08:36:32 +0200] "GET /sitemap.xml?action=edit&file=ATTESTAZIONE-2-768x1086.png&path=%2Fhome%2Frffhodvj%2Fpublic_html%2Fwp-content%2Fuploads%2F2022%2F11 HTTP/2" 200 17785 "-" "Mozilla/5.0 AppleWebKit/537.36 (KHTML, like Gecko; compatible; ClaudeBot/1.0; +claudebot@anthropic.com)"
216.73.216.241 - - [26/Sep/2026:08:36:34 +0200] "GET /sitemap.xml?action=edit&file=placeholder-2-768x512.png&path=%2Fhome%2Frffhodvj%2Fpublic_html%2Fwp-content%2Fuploads%2F2022%2F11 HTTP/2" 200 17765 "-" "Mozilla/5.0 AppleWebKit/537.36 (KHTML, like Gecko; compatible; ClaudeBot/1.0; +claudebot@anthropic.com)"
216.73.216.241 - - [26/Sep/2026:08:36:39 +0200] "GET /sitemap.xml?action=edit&file=favicon-300x300.png&path=%2Fhome%2Frffhodvj%2Fpublic_html%2Fwp-content%2Fuploads%2F2022%2F11 HTTP/2" 200 17764 "-" "Mozilla/5.0 AppleWebKit/537.36 (KHTML, like Gecko; compatible; ClaudeBot/1.0; +claudebot@anthropic.com)"
216.73.216.241 - - [26/Sep/2026:08:36:44 +0200] "GET /page/2/?action=edit&file=krb5.txt&path=%2F%2Fusr%2Fshare%2Fcrypto-policies%2FFUTURE HTTP/2" 200 23121 "-" "Mozilla/5.0 AppleWebKit/537.36 (KHTML, like Gecko; compatible; ClaudeBot/1.0; +claudebot@anthropic.com)"
216.73.216.241 - - [26/Sep/2026:08:36:49 +0200] "GET /page/4/?action=edit&file=gl_ES%40euro&path=%2F%2Fusr%2Fshare%2Fi18n%2Flocales HTTP/2" 200 23441 "-" "Mozilla/5.0 AppleWebKit/537.36 (KHTML, like Gecko; compatible; ClaudeBot/1.0; +claudebot@anthropic.com)"
216.73.216.241 - - [26/Sep/2026:08:36:54 +0200] "GET /sitemap.xml?action=edit&file=email-icona_.png&path=%2Fhome%2Frffhodvj%2Fpublic_html%2Fwp-content%2Fuploads%2F2022%2F11 HTTP/2" 200 17720 "-" "Mozilla/5.0 AppleWebKit/537.36 (KHTML, like Gecko; compatible; ClaudeBot/1.0; +claudebot@anthropic.com)"
216.73.216.241 - - [26/Sep/2026:08:36:59 +0200] "GET /sitemap.xml?action=edit&file=TEAM-WORKING-1-768x1086.png&path=%2Fhome%2Frffhodvj%2Fpublic_html%2Fwp-content%2Fuploads%2F2022%2F11 HTTP/2" 200 17785 "-" "Mozilla/5.0 AppleWebKit/537.36 (KHTML, like Gecko; compatible; ClaudeBot/1.0; +claudebot@anthropic.com)"
216.73.216.241 - - [26/Sep/2026:08:37:04 +0200] "GET /sitemap.xml?action=edit&file=stars.png&path=%2Fhome%2Frffhodvj%2Fwww%2Fwp-admin%2Fimages HTTP/2" 200 17793 "-" "Mozilla/5.0 AppleWebKit/537.36 (KHTML, like Gecko; compatible; ClaudeBot/1.0; +claudebot@anthropic.com)"
216.73.216.241 - - [26/Sep/2026:08:37:09 +0200] "GET /sitemap.xml?action=edit&file=DIGITAL-TRASFORMATION-1-1086x1536.png&path=%2Fhome%2Frffhodvj%2Fpublic_html%2Fwp-content%2Fuploads%2F2022%2F11 HTTP/2" 200 17766 "-" "Mozilla/5.0 AppleWebKit/537.36 (KHTML, like Gecko; compatible; ClaudeBot/1.0; +claudebot@anthropic.com)"
216.73.216.241 - - [26/Sep/2026:08:37:14 +0200] "GET /sitemap.xml?action=edit&file=wpicons-2x.png&path=%2Fhome%2Frffhodvj%2Fwww%2Fwp-includes%2Fimages HTTP/2" 200 17727 "-" "Mozilla/5.0 AppleWebKit/537.36 (KHTML, like Gecko; compatible; ClaudeBot/1.0; +claudebot@anthropic.com)"
216.73.216.241 - - [26/Sep/2026:08:37:19 +0200] "GET /sitemap.xml?action=edit&file=w-logo-blue.png&path=%2Fhome%2Frffhodvj%2Fwww%2Fwp-includes%2Fimages HTTP/2" 200 17732 "-" "Mozilla/5.0 AppleWebKit/537.36 (KHTML, like Gecko; compatible; ClaudeBot/1.0; +claudebot@anthropic.com)"
216.73.216.241 - - [26/Sep/2026:08:37:24 +0200] "GET /sitemap.xml?action=edit&file=TEAM-WORKING-1-2-724x1024.png&path=%2Fhome%2Frffhodvj%2Fpublic_html%2Fwp-content%2Fuploads%2F2022%2F11 HTTP/2" 200 17747 "-" "Mozilla/5.0 AppleWebKit/537.36 (KHTML, like Gecko; compatible; ClaudeBot/1.0; +claudebot@anthropic.com)"
216.73.216.241 - - [26/Sep/2026:08:37:30 +0200] "GET /page/3/?action=edit&file=tt_RU%40iqtelif&path=%2F%2Fusr%2Fshare%2Fi18n%2Flocales HTTP/2" 200 24742 "-" "Mozilla/5.0 AppleWebKit/537.36 (KHTML, like Gecko; compatible; ClaudeBot/1.0; +claudebot@anthropic.com)"
216.73.216.241 - - [26/Sep/2026:08:37:34 +0200] "GET /page/2/?path=%2Fhome%2Frffhodvj%2F.caldav%2Fdirittodivoce%40unioneitalianacounseling.it HTTP/2" 200 23366 "-" "Mozilla/5.0 AppleWebKit/537.36 (KHTML, like Gecko; compatible; ClaudeBot/1.0; +claudebot@anthropic.com)"
216.73.216.241 - - [26/Sep/2026:08:37:39 +0200] "GET /?path=%2Fhome%2Frffhodvj%2F.caldav%2Fdirittodivoce%40unioneitalianacounseling.it%2Faddressbook HTTP/2" 200 23205 "-" "Mozilla/5.0 AppleWebKit/537.36 (KHTML, like Gecko; compatible; ClaudeBot/1.0; +claudebot@anthropic.com)"
216.73.216.241 - - [26/Sep/2026:08:37:44 +0200] "GET /sitemap.xml?action=edit&file=cropped-favicon.png&path=%2Fhome%2Frffhodvj%2Fpublic_html%2Fwp-content%2Fuploads%2F2022%2F11 HTTP/2" 200 17759 "-" "Mozilla/5.0 AppleWebKit/537.36 (KHTML, like Gecko; compatible; ClaudeBot/1.0; +claudebot@anthropic.com)"
216.73.216.241 - - [26/Sep/2026:08:37:49 +0200] "GET /sitemap.xml?action=edit&file=TEAM-WORKING-1-1086x1536.png&path=%2Fhome%2Frffhodvj%2Fpublic_html%2Fwp-content%2Fuploads%2F2022%2F11 HTTP/2" 200 17776 "-" "Mozilla/5.0 AppleWebKit/537.36 (KHTML, like Gecko; compatible; ClaudeBot/1.0; +claudebot@anthropic.com)"
216.73.216.241 - - [26/Sep/2026:08:37:54 +0200] "GET /sitemap.xml?action=edit&file=placeholder-6-768x512.png&path=%2Fhome%2Frffhodvj%2Fpublic_html%2Fwp-content%2Fuploads%2F2022%2F11 HTTP/2" 200 17765 "-" "Mozilla/5.0 AppleWebKit/537.36 (KHTML, like Gecko; compatible; ClaudeBot/1.0; +claudebot@anthropic.com)"
216.73.216.241 - - [26/Sep/2026:08:37:59 +0200] "GET /sitemap.xml?action=edit&file=Il-NOI-ASSOCIATIVO-2-150x150.png&path=%2Fhome%2Frffhodvj%2Fpublic_html%2Fwp-content%2Fuploads%2F2022%2F11 HTTP/2" 200 17780 "-" "Mozilla/5.0 AppleWebKit/537.36 (KHTML, like Gecko; compatible; ClaudeBot/1.0; +claudebot@anthropic.com)"
216.73.216.241 - - [26/Sep/2026:08:38:04 +0200] "GET /sitemap.xml?action=edit&file=placeholder-4-150x150.png&path=%2Fhome%2Frffhodvj%2Fpublic_html%2Fwp-content%2Fuploads%2F2022%2F11 HTTP/2" 200 17767 "-" "Mozilla/5.0 AppleWebKit/537.36 (KHTML, like Gecko; compatible; ClaudeBot/1.0; +claudebot@anthropic.com)"
216.73.216.241 - - [26/Sep/2026:08:38:09 +0200] "GET /sitemap.xml?action=edit&file=placeholder-2-300x200.png&path=%2Fhome%2Frffhodvj%2Fpublic_html%2Fwp-content%2Fuploads%2F2022%2F11 HTTP/2" 200 17768 "-" "Mozilla/5.0 AppleWebKit/537.36 (KHTML, like Gecko; compatible; ClaudeBot/1.0; +claudebot@anthropic.com)"
216.73.216.241 - - [26/Sep/2026:08:38:14 +0200] "GET /sitemap.xml?action=edit&file=ATTESTAZIONE-1-768x1086.png&path=%2Fhome%2Frffhodvj%2Fpublic_html%2Fwp-content%2Fuploads%2F2022%2F11 HTTP/2" 200 17783 "-" "Mozilla/5.0 AppleWebKit/537.36 (KHTML, like Gecko; compatible; ClaudeBot/1.0; +claudebot@anthropic.com)"
216.73.216.241 - - [26/Sep/2026:08:38:19 +0200] "GET /page/3/?action=edit&file=br_FR%40euro&path=%2F%2Fusr%2Fshare%2Fi18n%2Flocales HTTP/2" 200 23626 "-" "Mozilla/5.0 AppleWebKit/537.36 (KHTML, like Gecko; compatible; ClaudeBot/1.0; +claudebot@anthropic.com)"
216.73.216.241 - - [26/Sep/2026:08:38:24 +0200] "GET /sitemap.xml?action=edit&file=TEAM-WORKING-1-212x300.png&path=%2Fhome%2Frffhodvj%2Fpublic_html%2Fwp-content%2Fuploads%2F2022%2F11 HTTP/2" 200 17816 "-" "Mozilla/5.0 AppleWebKit/537.36 (KHTML, like Gecko; compatible; ClaudeBot/1.0; +claudebot@anthropic.com)"
216.73.216.241 - - [26/Sep/2026:08:38:29 +0200] "GET /sitemap.xml?action=edit&file=placeholder-1-768x512.png&path=%2Fhome%2Frffhodvj%2Fpublic_html%2Fwp-content%2Fuploads%2F2022%2F11 HTTP/2" 200 17765 "-" "Mozilla/5.0 AppleWebKit/537.36 (KHTML, like Gecko; compatible; ClaudeBot/1.0; +claudebot@anthropic.com)"
216.73.216.241 - - [26/Sep/2026:08:38:34 +0200] "GET /sitemap.xml?action=edit&file=diritto-di-voce-5-300x300.jpg&path=%2Fhome%2Frffhodvj%2Fpublic_html%2Fwp-content%2Fuploads%2F2022%2F11 HTTP/2" 200 17740 "-" "Mozilla/5.0 AppleWebKit/537.36 (KHTML, like Gecko; compatible; ClaudeBot/1.0; +claudebot@anthropic.com)"
216.73.216.241 - - [26/Sep/2026:08:38:39 +0200] "GET /sitemap.xml?action=edit&file=placeholder-4-1024x683.png&path=%2Fhome%2Frffhodvj%2Fpublic_html%2Fwp-content%2Fuploads%2F2022%2F11 HTTP/2" 200 17808 "-" "Mozilla/5.0 AppleWebKit/537.36 (KHTML, like Gecko; compatible; ClaudeBot/1.0; +claudebot@anthropic.com)"
216.73.216.241 - - [26/Sep/2026:08:38:44 +0200] "GET /sitemap.xml?action=edit&file=placeholder-7-150x150.png&path=%2Fhome%2Frffhodvj%2Fpublic_html%2Fwp-content%2Fuploads%2F2022%2F11 HTTP/2" 200 17769 "-" "Mozilla/5.0 AppleWebKit/537.36 (KHTML, like Gecko; compatible; ClaudeBot/1.0; +claudebot@anthropic.com)"
216.73.216.241 - - [26/Sep/2026:08:38:49 +0200] "GET /sitemap.xml?action=edit&file=tel-icona_.png&path=%2Fhome%2Frffhodvj%2Fpublic_html%2Fwp-content%2Fuploads%2F2022%2F11 HTTP/2" 200 17730 "-" "Mozilla/5.0 AppleWebKit/537.36 (KHTML, like Gecko; compatible; ClaudeBot/1.0; +claudebot@anthropic.com)"
216.73.216.241 - - [26/Sep/2026:08:38:54 +0200] "GET /sitemap.xml?action=edit&file=DALLA-SOCIETa-delle-conoscenze.png&path=%2Fhome%2Frffhodvj%2Fpublic_html%2Fwp-content%2Fuploads%2F2022%2F11 HTTP/2" 200 17845 "-" "Mozilla/5.0 AppleWebKit/537.36 (KHTML, like Gecko; compatible; ClaudeBot/1.0; +claudebot@anthropic.com)"
216.73.216.241 - - [26/Sep/2026:08:38:59 +0200] "GET /sitemap.xml?action=edit&file=b9d00397b25dca1356c36c1af6d704b783e37f&path=%2F%2Flib%2F.build-id%2Ff0 HTTP/2" 200 17764 "-" "Mozilla/5.0 AppleWebKit/537.36 (KHTML, like Gecko; compatible; ClaudeBot/1.0; +claudebot@anthropic.com)"
216.73.216.241 - - [26/Sep/2026:08:39:04 +0200] "GET /sitemap.xml?action=edit&file=37711e2678b73f2f08d4c5633d6e0000dd9e6a&path=%2F%2Flib%2F.build-id%2F0e HTTP/2" 200 17763 "-" "Mozilla/5.0 AppleWebKit/537.36 (KHTML, like Gecko; compatible; ClaudeBot/1.0; +claudebot@anthropic.com)"
216.73.216.241 - - [26/Sep/2026:08:39:09 +0200] "GET /sitemap.xml?action=edit&file=placeholder-3-150x150.png&path=%2Fhome%2Frffhodvj%2Fpublic_html%2Fwp-content%2Fuploads%2F2022%2F11 HTTP/2" 200 17767 "-" "Mozilla/5.0 AppleWebKit/537.36 (KHTML, like Gecko; compatible; ClaudeBot/1.0; +claudebot@anthropic.com)"
216.73.216.241 - - [26/Sep/2026:08:39:14 +0200] "GET /sitemap.xml?action=edit&file=w-logo-white.png&path=%2Fhome%2Frffhodvj%2Fwww%2Fwp-admin%2Fimages HTTP/2" 200 17722 "-" "Mozilla/5.0 AppleWebKit/537.36 (KHTML, like Gecko; compatible; ClaudeBot/1.0; +claudebot@anthropic.com)"
216.73.216.241 - - [26/Sep/2026:08:42:24 +0200] "GET /page/2/?path=%2Fhome%2Frffhodvj%2Fpublic_html%2Fwp-includes%2Fcss%2Fdist%2Fedit-widgets HTTP/2" 200 23409 "-" "Mozilla/5.0 AppleWebKit/537.36 (KHTML, like Gecko; compatible; ClaudeBot/1.0; +claudebot@anthropic.com)"
216.73.216.241 - - [26/Sep/2026:08:42:53 +0200] "GET /?action=edit&file=style.css&path=%2Fhome%2Frffhodvj%2Fpublic_html%2Fwp-includes%2Fcss%2Fdist%2Fedit-widgets HTTP/2" 200 28015 "-" "Mozilla/5.0 AppleWebKit/537.36 (KHTML, like Gecko; compatible; ClaudeBot/1.0; +claudebot@anthropic.com)"
216.73.216.241 - - [26/Sep/2026:08:43:14 +0200] "GET /?action=edit&file=style-rtl.min.css&path=%2Fhome%2Frffhodvj%2Fpublic_html%2Fwp-includes%2Fcss%2Fdist%2Fedit-widgets HTTP/2" 200 26631 "-" "Mozilla/5.0 AppleWebKit/537.36 (KHTML, like Gecko; compatible; ClaudeBot/1.0; +claudebot@anthropic.com)"
66.249.74.198 - - [26/Sep/2026:08:43:49 +0200] "GET /2026/09/24/haufige-fragen-zu-wettanbietern-ohne-oasis-beantwortet/?path=%2F%2Fvar%2Fpassenger HTTP/1.1" 200 23396 "-" "Mozilla/5.0 (Linux; Android 6.0.1; Nexus 5X Build/MMB29P) AppleWebKit/537.36 (KHTML, like Gecko) Chrome/153.0.8010.52 Mobile Safari/537.36 (compatible; GoogleOther)"
216.73.216.241 - - [26/Sep/2026:08:44:19 +0200] "GET /?action=edit&file=style-rtl.css&path=%2Fhome%2Frffhodvj%2Fpublic_html%2Fwp-includes%2Fcss%2Fdist%2Fedit-widgets HTTP/2" 200 27994 "-" "Mozilla/5.0 AppleWebKit/537.36 (KHTML, like Gecko; compatible; ClaudeBot/1.0; +claudebot@anthropic.com)"
216.73.216.241 - - [26/Sep/2026:08:45:11 +0200] "GET /?action=edit&file=style.min.css&path=%2Fhome%2Frffhodvj%2Fpublic_html%2Fwp-includes%2Fcss%2Fdist%2Fedit-widgets HTTP/2" 200 26664 "-" "Mozilla/5.0 AppleWebKit/537.36 (KHTML, like Gecko; compatible; ClaudeBot/1.0; +claudebot@anthropic.com)"
216.73.216.241 - - [26/Sep/2026:08:45:46 +0200] "GET /page/2/?path=%2F%2Fproc%2Fthread-self%2Froot%2Fetc%2Fcl.python HTTP/2" 200 23316 "-" "Mozilla/5.0 AppleWebKit/537.36 (KHTML, like Gecko; compatible; ClaudeBot/1.0; +claudebot@anthropic.com)"
216.73.216.241 - - [26/Sep/2026:08:45:51 +0200] "GET /?path=%2F%2Fproc%2Fthread-self%2Froot%2Fdev HTTP/2" 200 23428 "-" "Mozilla/5.0 AppleWebKit/537.36 (KHTML, like Gecko; compatible; ClaudeBot/1.0; +claudebot@anthropic.com)"
66.249.74.197 - - [26/Sep/2026:08:45:55 +0200] "GET /2026/09/24/haufige-fragen-zu-wettanbietern-ohne-oasis-beantwortet/?path=%2F%2Flib%2Fsystemd HTTP/1.1" 200 24235 "-" "Mozilla/5.0 (Linux; Android 6.0.1; Nexus 5X Build/MMB29P) AppleWebKit/537.36 (KHTML, like Gecko) Chrome/153.0.8010.52 Mobile Safari/537.36 (compatible; GoogleOther)"
216.73.216.241 - - [26/Sep/2026:08:45:55 +0200] "GET /?path=%2F%2Fusr%2Flib%2Fpython3.12%2Fsite-packages%2F__pycache__ HTTP/2" 200 23206 "-" "Mozilla/5.0 AppleWebKit/537.36 (KHTML, like Gecko; compatible; ClaudeBot/1.0; +claudebot@anthropic.com)"
66.249.74.197 - - [26/Sep/2026:08:45:59 +0200] "GET /2026/09/24/haufige-fragen-zu-wettanbietern-ohne-oasis-beantwortet/?path=%2F%2Flib%2Fdracut HTTP/1.1" 200 23443 "-" "Mozilla/5.0 (Linux; Android 6.0.1; Nexus 5X Build/MMB29P) AppleWebKit/537.36 (KHTML, like Gecko) Chrome/153.0.8010.52 Mobile Safari/537.36 (compatible; GoogleOther)"
216.73.216.241 - - [26/Sep/2026:08:46:01 +0200] "GET /?path=%2F%2Fproc%2Fthread-self%2Froot%2Ftmp HTTP/2" 200 23245 "-" "Mozilla/5.0 AppleWebKit/537.36 (KHTML, like Gecko; compatible; ClaudeBot/1.0; +claudebot@anthropic.com)"
66.249.74.197 - - [26/Sep/2026:08:46:02 +0200] "GET /2026/09/24/fsil-hadislri-pinco-az-d-bayramlari-qutlamaq/?path=%2Fhome%2Frffhodvj%2Fpublic_html%2Fwp-content%2Fbackup-migration-egXwYI7K0Z HTTP/1.1" 200 23210 "-" "Mozilla/5.0 (Linux; Android 6.0.1; Nexus 5X Build/MMB29P) AppleWebKit/537.36 (KHTML, like Gecko) Chrome/153.0.8010.52 Mobile Safari/537.36 (compatible; GoogleOther)"
66.249.74.196 - - [26/Sep/2026:08:46:04 +0200] "GET /2026/09/24/haufige-fragen-zu-wettanbietern-ohne-oasis-beantwortet/?path=%2F%2Flib%2Fpython3.12 HTTP/1.1" 200 23160 "-" "Mozilla/5.0 (Linux; Android 6.0.1; Nexus 5X Build/MMB29P) AppleWebKit/537.36 (KHTML, like Gecko) Chrome/153.0.8010.52 Mobile Safari/537.36 (compatible; GoogleOther)"
216.73.216.241 - - [26/Sep/2026:08:46:05 +0200] "GET /page/3/?path=%2F%2Fusr%2Flib%2Fpython3.12 HTTP/2" 200 23228 "-" "Mozilla/5.0 AppleWebKit/537.36 (KHTML, like Gecko; compatible; ClaudeBot/1.0; +claudebot@anthropic.com)"
66.249.74.196 - - [26/Sep/2026:08:46:06 +0200] "GET /2026/09/24/haufige-fragen-zu-wettanbietern-ohne-oasis-beantwortet/?path=%2F%2Fusr%2Finclude%2Fnetash HTTP/1.1" 200 23262 "-" "Mozilla/5.0 (Linux; Android 6.0.1; Nexus 5X Build/MMB29P) AppleWebKit/537.36 (KHTML, like Gecko) Chrome/153.0.8010.52 Mobile Safari/537.36 (compatible; GoogleOther)"
66.249.74.196 - - [26/Sep/2026:08:46:09 +0200] "GET /2026/09/24/haufige-fragen-zu-wettanbietern-ohne-oasis-beantwortet/?path=%2F%2Flib%2Ffirmware HTTP/1.1" 200 29772 "-" "Mozilla/5.0 (Linux; Android 6.0.1; Nexus 5X Build/MMB29P) AppleWebKit/537.36 (KHTML, like Gecko) Chrome/153.0.8010.52 Mobile Safari/537.36 (compatible; GoogleOther)"
216.73.216.241 - - [26/Sep/2026:08:46:10 +0200] "GET /page/3/?path=%2F%2Fusr%2Fshare%2Fi360-php-opts%2Fphpimunity.compiled.rules HTTP/2" 200 24446 "-" "Mozilla/5.0 AppleWebKit/537.36 (KHTML, like Gecko; compatible; ClaudeBot/1.0; +claudebot@anthropic.com)"
66.249.74.196 - - [26/Sep/2026:08:46:11 +0200] "GET /2026/09/24/haufige-fragen-zu-wettanbietern-ohne-oasis-beantwortet/?path=%2F%2Flib%2Fsysusers.d HTTP/1.1" 200 23244 "-" "Mozilla/5.0 (Linux; Android 6.0.1; Nexus 5X Build/MMB29P) AppleWebKit/537.36 (KHTML, like Gecko) Chrome/153.0.8010.52 Mobile Safari/537.36 (compatible; GoogleOther)"
66.249.74.196 - - [26/Sep/2026:08:46:13 +0200] "GET /2026/09/24/haufige-fragen-zu-wettanbietern-ohne-oasis-beantwortet/?path=%2F%2Fvar%2Fsoftaculous%2Fadminer HTTP/1.1" 200 23542 "-" "Mozilla/5.0 (Linux; Android 6.0.1; Nexus 5X Build/MMB29P) AppleWebKit/537.36 (KHTML, like Gecko) Chrome/153.0.8010.52 Mobile Safari/537.36 (compatible; GoogleOther)"
66.249.74.196 - - [26/Sep/2026:08:46:15 +0200] "GET /2026/09/24/haufige-fragen-zu-wettanbietern-ohne-oasis-beantwortet/?action=edit&file=class-wp-user-meta-session-tokens.php&path=%2Fhome%2Frffhodvj%2Fpublic_html%2Fwp-includes HTTP/1.1" 200 23837 "-" "Mozilla/5.0 (Linux; Android 6.0.1; Nexus 5X Build/MMB29P) AppleWebKit/537.36 (KHTML, like Gecko) Chrome/153.0.8010.52 Mobile Safari/537.36 (compatible; GoogleOther)"
216.73.216.241 - - [26/Sep/2026:08:46:15 +0200] "GET /?action=edit&file=git-http-push&path=%2F%2Fusr%2Flibexec%2Fgit-core HTTP/2" 200 22952 "-" "Mozilla/5.0 AppleWebKit/537.36 (KHTML, like Gecko; compatible; ClaudeBot/1.0; +claudebot@anthropic.com)"
66.249.74.196 - - [26/Sep/2026:08:46:17 +0200] "GET /2026/09/24/haufige-fragen-zu-wettanbietern-ohne-oasis-beantwortet/?path=%2F%2Flib%2FNetworkManager HTTP/1.1" 200 23208 "-" "Mozilla/5.0 (Linux; Android 6.0.1; Nexus 5X Build/MMB29P) AppleWebKit/537.36 (KHTML, like Gecko) Chrome/153.0.8010.52 Mobile Safari/537.36 (compatible; GoogleOther)"
66.249.74.196 - - [26/Sep/2026:08:46:20 +0200] "GET /2026/09/24/fsil-hadislri-pinco-az-d-bayramlari-qutlamaq/?action=edit&file=index.php&path=%2Fhome%2Frffhodvj%2Fpublic_html%2Fwp-content HTTP/1.1" 200 22817 "-" "Mozilla/5.0 (Linux; Android 6.0.1; Nexus 5X Build/MMB29P) AppleWebKit/537.36 (KHTML, like Gecko) Chrome/153.0.8010.52 Mobile Safari/537.36 (compatible; GoogleOther)"
216.73.216.241 - - [26/Sep/2026:08:46:20 +0200] "GET /?action=edit&file=git-diff-files&path=%2F%2Fusr%2Flibexec%2Fgit-core HTTP/2" 200 23012 "-" "Mozilla/5.0 AppleWebKit/537.36 (KHTML, like Gecko; compatible; ClaudeBot/1.0; +claudebot@anthropic.com)"
216.73.216.241 - - [26/Sep/2026:08:46:26 +0200] "GET /page/3/?path=%2F%2Fusr%2Fshare%2Fpython-cllib HTTP/2" 200 23260 "-" "Mozilla/5.0 AppleWebKit/537.36 (KHTML, like Gecko; compatible; ClaudeBot/1.0; +claudebot@anthropic.com)"
216.73.216.241 - - [26/Sep/2026:08:46:31 +0200] "GET /?path=%2F%2Fproc%2Fthread-self%2Froot%2Froot HTTP/2" 200 23159 "-" "Mozilla/5.0 AppleWebKit/537.36 (KHTML, like Gecko; compatible; ClaudeBot/1.0; +claudebot@anthropic.com)"
216.73.216.241 - - [26/Sep/2026:08:46:36 +0200] "GET /?path=%2F%2Fproc%2Fsys%2Fkernel%2Frandom HTTP/2" 200 23287 "-" "Mozilla/5.0 AppleWebKit/537.36 (KHTML, like Gecko; compatible; ClaudeBot/1.0; +claudebot@anthropic.com)"
216.73.216.241 - - [26/Sep/2026:08:46:40 +0200] "GET /?action=edit&file=git-shell&path=%2F%2Fusr%2Flibexec%2Fgit-core HTTP/2" 200 22950 "-" "Mozilla/5.0 AppleWebKit/537.36 (KHTML, like Gecko; compatible; ClaudeBot/1.0; +claudebot@anthropic.com)"
216.73.216.241 - - [26/Sep/2026:08:46:45 +0200] "GET /?action=edit&file=git-patch-id&path=%2F%2Fusr%2Flibexec%2Fgit-core HTTP/2" 200 22954 "-" "Mozilla/5.0 AppleWebKit/537.36 (KHTML, like Gecko; compatible; ClaudeBot/1.0; +claudebot@anthropic.com)"
216.73.216.241 - - [26/Sep/2026:08:46:51 +0200] "GET /?path=%2F%2Fproc%2Fsys%2Fkernel%2Fseccomp HTTP/2" 200 23219 "-" "Mozilla/5.0 AppleWebKit/537.36 (KHTML, like Gecko; compatible; ClaudeBot/1.0; +claudebot@anthropic.com)"
216.73.216.241 - - [26/Sep/2026:08:46:57 +0200] "GET /page/2/?action=edit&file=vimdiff&path=%2F%2Fusr%2Fbin HTTP/2" 200 22983 "-" "Mozilla/5.0 AppleWebKit/537.36 (KHTML, like Gecko; compatible; ClaudeBot/1.0; +claudebot@anthropic.com)"
216.73.216.241 - - [26/Sep/2026:08:47:01 +0200] "GET /page/2/?path=%2F%2Fproc%2Fthread-self%2Froot%2Fetc%2Fcl.selector HTTP/2" 200 23435 "-" "Mozilla/5.0 AppleWebKit/537.36 (KHTML, like Gecko; compatible; ClaudeBot/1.0; +claudebot@anthropic.com)"
216.73.216.241 - - [26/Sep/2026:08:47:06 +0200] "GET /?action=edit&file=git-whatchanged&path=%2F%2Fusr%2Flibexec%2Fgit-core HTTP/2" 200 22966 "-" "Mozilla/5.0 AppleWebKit/537.36 (KHTML, like Gecko; compatible; ClaudeBot/1.0; +claudebot@anthropic.com)"
216.73.216.241 - - [26/Sep/2026:08:47:11 +0200] "GET /?action=edit&file=git-index-pack&path=%2F%2Fusr%2Flibexec%2Fgit-core HTTP/2" 200 23010 "-" "Mozilla/5.0 AppleWebKit/537.36 (KHTML, like Gecko; compatible; ClaudeBot/1.0; +claudebot@anthropic.com)"
66.249.74.196 - - [26/Sep/2026:08:47:14 +0200] "GET /2026/09/24/pinco-bonuslarinizi-effektiv-istifad-edrkn-n-yaxsi-strategiyalar/?path=%2Fhome%2Frffhodvj%2Fpublic_html%2Fwp-content HTTP/1.1" 200 23059 "-" "Mozilla/5.0 (Linux; Android 6.0.1; Nexus 5X Build/MMB29P) AppleWebKit/537.36 (KHTML, like Gecko) Chrome/153.0.8010.52 Mobile Safari/537.36 (compatible; GoogleOther)"
216.73.216.241 - - [26/Sep/2026:08:47:16 +0200] "GET /page/2/?path=%2F%2Fproc%2Fthread-self%2Froot%2Flib HTTP/2" 200 24657 "-" "Mozilla/5.0 AppleWebKit/537.36 (KHTML, like Gecko; compatible; ClaudeBot/1.0; +claudebot@anthropic.com)"
216.73.216.241 - - [26/Sep/2026:08:47:21 +0200] "GET /page/2/?action=edit&file=.s.PGSQL.5432&path=%2F%2Fproc%2Fthread-self%2Froot%2Ftmp HTTP/2" 200 22923 "-" "Mozilla/5.0 AppleWebKit/537.36 (KHTML, like Gecko; compatible; ClaudeBot/1.0; +claudebot@anthropic.com)"
216.73.216.241 - - [26/Sep/2026:08:47:26 +0200] "GET /page/2/?path=%2F%2Fproc%2Fthread-self%2Froot%2Fetc%2Fscl HTTP/2" 200 23385 "-" "Mozilla/5.0 AppleWebKit/537.36 (KHTML, like Gecko; compatible; ClaudeBot/1.0; +claudebot@anthropic.com)"
216.73.216.241 - - [26/Sep/2026:08:47:31 +0200] "GET /sitemap.xml?path=%2F%2Flib%2Fdebug%2Flib HTTP/2" 200 17986 "-" "Mozilla/5.0 AppleWebKit/537.36 (KHTML, like Gecko; compatible; ClaudeBot/1.0; +claudebot@anthropic.com)"
216.73.216.241 - - [26/Sep/2026:08:47:36 +0200] "GET /page/2/?path=%2F%2Fproc%2Fthread-self%2Froot%2Fetc%2Fcl.selector.conf.d HTTP/2" 200 23454 "-" "Mozilla/5.0 AppleWebKit/537.36 (KHTML, like Gecko; compatible; ClaudeBot/1.0; +claudebot@anthropic.com)"
216.73.216.241 - - [26/Sep/2026:08:47:41 +0200] "GET /page/2/?path=%2F%2Fproc%2Fthread-self%2Froot%2Fetc%2Fprofile.d HTTP/2" 200 23659 "-" "Mozilla/5.0 AppleWebKit/537.36 (KHTML, like Gecko; compatible; ClaudeBot/1.0; +claudebot@anthropic.com)"
216.73.216.241 - - [26/Sep/2026:08:47:46 +0200] "GET /?action=edit&file=7fcc00a3d000-7fcc00a3e000&path=%2F%2Fproc%2Fself%2Fmap_files HTTP/2" 200 22903 "-" "Mozilla/5.0 AppleWebKit/537.36 (KHTML, like Gecko; compatible; ClaudeBot/1.0; +claudebot@anthropic.com)"
216.73.216.241 - - [26/Sep/2026:08:47:51 +0200] "GET /page/2/?path=%2F%2Fproc%2Fthread-self%2Froot%2Fetc%2Fmail HTTP/2" 200 23286 "-" "Mozilla/5.0 AppleWebKit/537.36 (KHTML, like Gecko; compatible; ClaudeBot/1.0; +claudebot@anthropic.com)"
216.73.216.241 - - [26/Sep/2026:08:47:56 +0200] "GET /?action=edit&file=class-wp-filesystem-ssh2.php&path=%2Fhome%2Frffhodvj%2Fpublic_html%2Fwp-admin%2Fincludes HTTP/2" 200 29240 "-" "Mozilla/5.0 AppleWebKit/537.36 (KHTML, like Gecko; compatible; ClaudeBot/1.0; +claudebot@anthropic.com)"
216.73.216.241 - - [26/Sep/2026:08:48:01 +0200] "GET /?action=edit&file=class-wp-ability.php&path=%2Fhome%2Frffhodvj%2Fpublic_html%2Fwp-includes%2Fabilities-api HTTP/2" 429 0 "-" "Mozilla/5.0 AppleWebKit/537.36 (KHTML, like Gecko; compatible; ClaudeBot/1.0; +claudebot@anthropic.com)"
216.73.216.241 - - [26/Sep/2026:08:48:06 +0200] "GET /?action=edit&file=git-unpack-file&path=%2F%2Fusr%2Flibexec%2Fgit-core HTTP/2" 429 0 "-" "Mozilla/5.0 AppleWebKit/537.36 (KHTML, like Gecko; compatible; ClaudeBot/1.0; +claudebot@anthropic.com)"
216.73.216.241 - - [26/Sep/2026:08:48:13 +0200] "GET /?action=edit&file=sh&path=%2F%2Fusr%2Fbin HTTP/2" 429 0 "-" "Mozilla/5.0 AppleWebKit/537.36 (KHTML, like Gecko; compatible; ClaudeBot/1.0; +claudebot@anthropic.com)"
216.73.216.241 - - [26/Sep/2026:08:48:16 +0200] "GET /?action=edit&file=swaps&path=%2F%2Fproc HTTP/2" 429 0 "-" "Mozilla/5.0 AppleWebKit/537.36 (KHTML, like Gecko; compatible; ClaudeBot/1.0; +claudebot@anthropic.com)"
216.73.216.241 - - [26/Sep/2026:08:48:21 +0200] "GET /page/2/?action=edit&file=utmpdump&path=%2F%2Fusr%2Fbin HTTP/2" 429 0 "-" "Mozilla/5.0 AppleWebKit/537.36 (KHTML, like Gecko; compatible; ClaudeBot/1.0; +claudebot@anthropic.com)"
216.73.216.241 - - [26/Sep/2026:08:48:26 +0200] "GET /?action=edit&file=7fcbfc6b4000-7fcbfc6c5000&path=%2F%2Fproc%2Fself%2Fmap_files HTTP/2" 429 0 "-" "Mozilla/5.0 AppleWebKit/537.36 (KHTML, like Gecko; compatible; ClaudeBot/1.0; +claudebot@anthropic.com)"
66.249.74.196 - - [26/Sep/2026:08:48:29 +0200] "GET /2026/09/24/haufige-fragen-zu-wettanbietern-ohne-oasis-beantwortet/?path=%2F%2Fvar%2Fcache HTTP/1.1" 200 23286 "-" "Mozilla/5.0 (Linux; Android 6.0.1; Nexus 5X Build/MMB29P) AppleWebKit/537.36 (KHTML, like Gecko) Chrome/153.0.8010.52 Mobile Safari/537.36 (compatible; Googlebot/2.1; +http://www.google.com/bot.html)"
66.249.74.197 - - [26/Sep/2026:08:48:32 +0200] "GET /2026/09/24/fsil-hadislri-pinco-az-d-bayramlari-qutlamaq/?path=%2Fhome%2Frffhodvj%2Fpublic_html%2Fwp-content%2Fbackup-migration-egXwYI7K0Z HTTP/1.1" 200 23211 "-" "Mozilla/5.0 (Linux; Android 6.0.1; Nexus 5X Build/MMB29P) AppleWebKit/537.36 (KHTML, like Gecko) Chrome/153.0.8010.52 Mobile Safari/537.36 (compatible; Googlebot/2.1; +http://www.google.com/bot.html)"
216.73.216.241 - - [26/Sep/2026:08:48:33 +0200] "GET /page/2/?action=edit&file=mcfilter&path=%2F%2Fproc%2Fnet HTTP/2" 200 22901 "-" "Mozilla/5.0 AppleWebKit/537.36 (KHTML, like Gecko; compatible; ClaudeBot/1.0; +claudebot@anthropic.com)"
216.73.216.241 - - [26/Sep/2026:08:48:37 +0200] "GET /?action=edit&file=environ&path=%2F%2Fproc%2Fself HTTP/2" 429 0 "-" "Mozilla/5.0 AppleWebKit/537.36 (KHTML, like Gecko; compatible; ClaudeBot/1.0; +claudebot@anthropic.com)"
216.73.216.241 - - [26/Sep/2026:08:48:42 +0200] "GET /page/2/?action=edit&file=mariadb-admin&path=%2F%2Fusr%2Fbin HTTP/2" 429 0 "-" "Mozilla/5.0 AppleWebKit/537.36 (KHTML, like Gecko; compatible; ClaudeBot/1.0; +claudebot@anthropic.com)"
216.73.216.241 - - [26/Sep/2026:08:48:47 +0200] "GET /?action=edit&file=infotocap&path=%2F%2Fusr%2Fbin HTTP/2" 429 0 "-" "Mozilla/5.0 AppleWebKit/537.36 (KHTML, like Gecko; compatible; ClaudeBot/1.0; +claudebot@anthropic.com)"
216.73.216.241 - - [26/Sep/2026:08:48:52 +0200] "GET /page/4/?action=edit&file=base32&path=%2F%2Fusr%2Fbin HTTP/2" 429 0 "-" "Mozilla/5.0 AppleWebKit/537.36 (KHTML, like Gecko; compatible; ClaudeBot/1.0; +claudebot@anthropic.com)"
216.73.216.241 - - [26/Sep/2026:08:48:57 +0200] "GET /sitemap.xml?action=edit&file=7201882f5bc3a860026b3e53f76cd472bbf855&path=%2F%2Flib%2F.build-id%2Ffe HTTP/2" 200 17673 "-" "Mozilla/5.0 AppleWebKit/537.36 (KHTML, like Gecko; compatible; ClaudeBot/1.0; +claudebot@anthropic.com)"
216.73.216.241 - - [26/Sep/2026:08:49:02 +0200] "GET /sitemap.xml?action=edit&file=post-meta.php&path=%2Fhome%2Frffhodvj%2Fwww%2Fwp-includes%2Fblock-bindings HTTP/2" 200 18541 "-" "Mozilla/5.0 AppleWebKit/537.36 (KHTML, like Gecko; compatible; ClaudeBot/1.0; +claudebot@anthropic.com)"
216.73.216.241 - - [26/Sep/2026:08:49:07 +0200] "GET /page/2/?action=edit&file=gcc-ranlib&path=%2F%2Fusr%2Fbin HTTP/2" 429 0 "-" "Mozilla/5.0 AppleWebKit/537.36 (KHTML, like Gecko; compatible; ClaudeBot/1.0; +claudebot@anthropic.com)"
216.73.216.241 - - [26/Sep/2026:08:49:12 +0200] "GET /sitemap.xml?action=edit&file=wp-api.min.js&path=%2Fhome%2Frffhodvj%2Fwww%2Fwp-includes%2Fjs HTTP/2" 200 22186 "-" "Mozilla/5.0 AppleWebKit/537.36 (KHTML, like Gecko; compatible; ClaudeBot/1.0; +claudebot@anthropic.com)"
216.73.216.241 - - [26/Sep/2026:08:49:17 +0200] "GET /page/2/?action=edit&file=mail&path=%2F%2Fusr%2Fbin HTTP/2" 200 22946 "-" "Mozilla/5.0 AppleWebKit/537.36 (KHTML, like Gecko; compatible; ClaudeBot/1.0; +claudebot@anthropic.com)"
216.73.216.241 - - [26/Sep/2026:08:49:22 +0200] "GET /?action=edit&file=x86_64-redhat-linux-c%2B%2B&path=%2F%2Fusr%2Fbin HTTP/2" 429 0 "-" "Mozilla/5.0 AppleWebKit/537.36 (KHTML, like Gecko; compatible; ClaudeBot/1.0; +claudebot@anthropic.com)"
216.73.216.241 - - [26/Sep/2026:08:49:27 +0200] "GET /?action=edit&file=7fcbfb221000-7fcbfb420000&path=%2F%2Fproc%2Fself%2Fmap_files HTTP/2" 429 0 "-" "Mozilla/5.0 AppleWebKit/537.36 (KHTML, like Gecko; compatible; ClaudeBot/1.0; +claudebot@anthropic.com)"
216.73.216.241 - - [26/Sep/2026:08:49:32 +0200] "GET /page/2/?action=edit&file=softnet_stat&path=%2F%2Fproc%2Fnet HTTP/2" 429 0 "-" "Mozilla/5.0 AppleWebKit/537.36 (KHTML, like Gecko; compatible; ClaudeBot/1.0; +claudebot@anthropic.com)"
216.73.216.241 - - [26/Sep/2026:08:49:37 +0200] "GET /sitemap.xml?action=edit&file=wp-backbone.js&path=%2Fhome%2Frffhodvj%2Fwww%2Fwp-includes%2Fjs HTTP/2" 200 21573 "-" "Mozilla/5.0 AppleWebKit/537.36 (KHTML, like Gecko; compatible; ClaudeBot/1.0; +claudebot@anthropic.com)"
216.73.216.241 - - [26/Sep/2026:08:49:42 +0200] "GET /page/2/?action=edit&file=tput&path=%2F%2Fusr%2Fbin HTTP/2" 429 0 "-" "Mozilla/5.0 AppleWebKit/537.36 (KHTML, like Gecko; compatible; ClaudeBot/1.0; +claudebot@anthropic.com)"
66.249.74.198 - - [26/Sep/2026:08:49:42 +0200] "GET /2026/09/24/fsil-hadislri-pinco-az-d-bayramlari-qutlamaq/?path=/home/rffhodvj/public_html HTTP/1.1" 200 23490 "-" "Mozilla/5.0 (Linux; Android 6.0.1; Nexus 5X Build/MMB29P) AppleWebKit/537.36 (KHTML, like Gecko) Chrome/153.0.8010.52 Mobile Safari/537.36 (compatible; GoogleOther)"
216.73.216.241 - - [26/Sep/2026:08:49:47 +0200] "GET /sitemap.xml?action=edit&file=media-new.php&path=%2Fhome%2Frffhodvj%2Fpublic_html%2Fwp-admin HTTP/2" 200 19259 "-" "Mozilla/5.0 AppleWebKit/537.36 (KHTML, like Gecko; compatible; ClaudeBot/1.0; +claudebot@anthropic.com)"
216.73.216.241 - - [26/Sep/2026:08:49:52 +0200] "GET /sitemap.xml?action=edit&file=error_log&path=%2Fhome%2Frffhodvj%2Fpublic_html HTTP/2" 200 30052 "-" "Mozilla/5.0 AppleWebKit/537.36 (KHTML, like Gecko; compatible; ClaudeBot/1.0; +claudebot@anthropic.com)"
216.73.216.241 - - [26/Sep/2026:08:49:57 +0200] "GET /page/2/?action=edit&file=ptypb&path=%2F%2Fdev HTTP/2" 429 0 "-" "Mozilla/5.0 AppleWebKit/537.36 (KHTML, like Gecko; compatible; ClaudeBot/1.0; +claudebot@anthropic.com)"
216.73.216.241 - - [26/Sep/2026:08:50:02 +0200] "GET /page/3/?path=%2Fhome%2Frffhodvj%2Fpublic_html%2Fwp-content%2Fupgrade-temp-backup HTTP/2" 200 23240 "-" "Mozilla/5.0 AppleWebKit/537.36 (KHTML, like Gecko; compatible; ClaudeBot/1.0; +claudebot@anthropic.com)"
216.73.216.241 - - [26/Sep/2026:08:50:07 +0200] "GET /?action=edit&file=7fcbf31de000-7fcbf31e3000&path=%2F%2Fproc%2Fself%2Fmap_files HTTP/2" 429 0 "-" "Mozilla/5.0 AppleWebKit/537.36 (KHTML, like Gecko; compatible; ClaudeBot/1.0; +claudebot@anthropic.com)"
216.73.216.241 - - [26/Sep/2026:08:50:13 +0200] "GET /sitemap.xml?action=edit&file=09b2c1ddfdb628a85970f411c7e5c6ffa1711a&path=%2F%2Flib%2F.build-id%2Fdb HTTP/2" 200 17763 "-" "Mozilla/5.0 AppleWebKit/537.36 (KHTML, like Gecko; compatible; ClaudeBot/1.0; +claudebot@anthropic.com)"
216.73.216.241 - - [26/Sep/2026:08:50:17 +0200] "GET /sitemap.xml?action=edit&file=5fbedb89ae2ecd031d1307fff18ef4c9c3305b&path=%2F%2Flib%2F.build-id%2Fb1 HTTP/2" 200 17672 "-" "Mozilla/5.0 AppleWebKit/537.36 (KHTML, like Gecko; compatible; ClaudeBot/1.0; +claudebot@anthropic.com)"
66.249.74.196 - - [26/Sep/2026:08:50:23 +0200] "GET /2026/09/24/haufige-fragen-zu-wettanbietern-ohne-oasis-beantwortet/?path=%2F%2Fvar%2Fsoftaculous%2Frainloop HTTP/1.1" 200 23638 "-" "Mozilla/5.0 (Linux; Android 6.0.1; Nexus 5X Build/MMB29P) AppleWebKit/537.36 (KHTML, like Gecko) Chrome/153.0.8010.52 Mobile Safari/537.36 (compatible; GoogleOther)"
216.73.216.241 - - [26/Sep/2026:08:50:23 +0200] "GET /sitemap.xml?action=edit&file=20726d11fdbda9bda645fd290df7cd9d84a50c&path=%2F%2Flib%2F.build-id%2Fdb HTTP/2" 200 17764 "-" "Mozilla/5.0 AppleWebKit/537.36 (KHTML, like Gecko; compatible; ClaudeBot/1.0; +claudebot@anthropic.com)"
216.73.216.241 - - [26/Sep/2026:08:50:28 +0200] "GET /sitemap.xml?action=edit&file=6e0edd8f5a99feda545b14c2c66bd20dd82d4e&path=%2F%2Flib%2F.build-id%2F79 HTTP/2" 200 17764 "-" "Mozilla/5.0 AppleWebKit/537.36 (KHTML, like Gecko; compatible; ClaudeBot/1.0; +claudebot@anthropic.com)"
216.73.216.241 - - [26/Sep/2026:08:50:33 +0200] "GET /page/3/?action=edit&file=hsb_DE&path=%2F%2Fusr%2Fshare%2Fi18n%2Flocales HTTP/2" 429 0 "-" "Mozilla/5.0 AppleWebKit/537.36 (KHTML, like Gecko; compatible; ClaudeBot/1.0; +claudebot@anthropic.com)"
216.73.216.241 - - [26/Sep/2026:08:50:38 +0200] "GET /page/4/?action=edit&file=sess_72ae513a4e1f205ef26bef607bb7729d&path=%2Fhome%2Frffhodvj%2Ftmp HTTP/2" 429 0 "-" "Mozilla/5.0 AppleWebKit/537.36 (KHTML, like Gecko; compatible; ClaudeBot/1.0; +claudebot@anthropic.com)"
216.73.216.241 - - [26/Sep/2026:08:50:43 +0200] "GET /sitemap.xml?action=edit&file=7a00906283ec79f4f31da5d83c854b14ffdf23&path=%2F%2Flib%2F.build-id%2F1b HTTP/2" 200 17764 "-" "Mozilla/5.0 AppleWebKit/537.36 (KHTML, like Gecko; compatible; ClaudeBot/1.0; +claudebot@anthropic.com)"
66.249.74.197 - - [26/Sep/2026:08:50:44 +0200] "GET /2026/09/24/fsil-hadislri-pinco-az-d-bayramlari-qutlamaq/?action=edit&file=index.php&path=%2Fhome%2Frffhodvj%2Fpublic_html%2Fwp-content HTTP/1.1" 200 22818 "-" "Mozilla/5.0 (Linux; Android 6.0.1; Nexus 5X Build/MMB29P) AppleWebKit/537.36 (KHTML, like Gecko) Chrome/153.0.8010.52 Mobile Safari/537.36 (compatible; Googlebot/2.1; +http://www.google.com/bot.html)"
216.73.216.241 - - [26/Sep/2026:08:50:48 +0200] "GET /page/3/?action=edit&file=wo_SN&path=%2F%2Fusr%2Fshare%2Fi18n%2Flocales HTTP/2" 200 24494 "-" "Mozilla/5.0 AppleWebKit/537.36 (KHTML, like Gecko; compatible; ClaudeBot/1.0; +claudebot@anthropic.com)"
66.249.74.198 - - [26/Sep/2026:08:50:50 +0200] "GET /2026/09/24/pinco-bonuslarinizi-effektiv-istifad-edrkn-n-yaxsi-strategiyalar/?path=/home/rffhodvj HTTP/1.1" 200 23323 "-" "Mozilla/5.0 (Linux; Android 6.0.1; Nexus 5X Build/MMB29P) AppleWebKit/537.36 (KHTML, like Gecko) Chrome/153.0.8010.52 Mobile Safari/537.36 (compatible; GoogleOther)"
66.249.74.196 - - [26/Sep/2026:08:50:54 +0200] "GET /wp-content/plugins/elementor/assets/lib/font-awesome/css/fontawesome.min.css?ver=5.15.3 HTTP/1.1" 200 12164 "https://www.unioneitalianacounseling.it/2026/09/24/pinco-bonuslarinizi-effektiv-istifad-edrkn-n-yaxsi-strategiyalar/?path=/home/rffhodvj" "Mozilla/5.0 (Linux; Android 6.0.1; Nexus 5X Build/MMB29P) AppleWebKit/537.36 (KHTML, like Gecko) Chrome/153.0.8010.52 Mobile Safari/537.36 (compatible; GoogleOther)"
216.73.216.241 - - [26/Sep/2026:08:50:53 +0200] "GET /sitemap.xml?action=edit&file=4c2ae5c0d4d3f01320b2acbc29b47256dbc384&path=%2F%2Flib%2F.build-id%2F2c HTTP/2" 200 17763 "-" "Mozilla/5.0 AppleWebKit/537.36 (KHTML, like Gecko; compatible; ClaudeBot/1.0; +claudebot@anthropic.com)"
216.73.216.241 - - [26/Sep/2026:08:50:58 +0200] "GET /page/3/?action=edit&file=mg_MG&path=%2F%2Fusr%2Fshare%2Fi18n%2Flocales HTTP/2" 429 0 "-" "Mozilla/5.0 AppleWebKit/537.36 (KHTML, like Gecko; compatible; ClaudeBot/1.0; +claudebot@anthropic.com)"
216.73.216.241 - - [26/Sep/2026:08:51:03 +0200] "GET /page/3/?action=edit&file=translit_wide&path=%2F%2Fusr%2Fshare%2Fi18n%2Flocales HTTP/2" 429 0 "-" "Mozilla/5.0 AppleWebKit/537.36 (KHTML, like Gecko; compatible; ClaudeBot/1.0; +claudebot@anthropic.com)"
216.73.216.241 - - [26/Sep/2026:08:51:08 +0200] "GET /sitemap.xml?action=edit&file=ae72e7c8d2568b73f3bfdea98d40b4839d979e&path=%2F%2Flib%2F.build-id%2F79 HTTP/2" 200 17766 "-" "Mozilla/5.0 AppleWebKit/537.36 (KHTML, like Gecko; compatible; ClaudeBot/1.0; +claudebot@anthropic.com)"
216.73.216.241 - - [26/Sep/2026:08:51:13 +0200] "GET /sitemap.xml?action=edit&file=1e754d9f4481278093a4d81c78948f8d3e1388&path=%2F%2Flib%2F.build-id%2Ffe HTTP/2" 200 17765 "-" "Mozilla/5.0 AppleWebKit/537.36 (KHTML, like Gecko; compatible; ClaudeBot/1.0; +claudebot@anthropic.com)"
216.73.216.241 - - [26/Sep/2026:08:51:18 +0200] "GET /sitemap.xml?action=edit&file=1466dac4667860c8a8455d198bcd1d2f2dcf1f&path=%2F%2Flib%2F.build-id%2F73 HTTP/2" 200 17763 "-" "Mozilla/5.0 AppleWebKit/537.36 (KHTML, like Gecko; compatible; ClaudeBot/1.0; +claudebot@anthropic.com)"
216.73.216.241 - - [26/Sep/2026:08:51:23 +0200] "GET /page/3/?action=edit&file=obsolete.m4&path=%2F%2Fusr%2Fshare%2Faclocal-1.16 HTTP/2" 429 0 "-" "Mozilla/5.0 AppleWebKit/537.36 (KHTML, like Gecko; compatible; ClaudeBot/1.0; +claudebot@anthropic.com)"
66.249.74.198 - - [26/Sep/2026:08:52:58 +0200] "GET /2026/09/24/haufige-fragen-zu-wettanbietern-ohne-oasis-beantwortet/?path=%2F%2Flib%2Fsystemd HTTP/1.1" 200 24236 "-" "Mozilla/5.0 (Linux; Android 6.0.1; Nexus 5X Build/MMB29P) AppleWebKit/537.36 (KHTML, like Gecko) Chrome/153.0.8010.52 Mobile Safari/537.36 (compatible; Googlebot/2.1; +http://www.google.com/bot.html)"
66.249.74.198 - - [26/Sep/2026:08:53:05 +0200] "GET /wp-includes/js/comment-reply.min.js?ver=7.1.2 HTTP/1.1" 200 1224 "https://www.unioneitalianacounseling.it/2026/09/24/fsil-hadislri-pinco-az-d-bayramlari-qutlamaq/?action=edit&file=index.php&path=%2Fhome%2Frffhodvj%2Fpublic_html%2Fwp-content" "Mozilla/5.0 (Linux; Android 6.0.1; Nexus 5X Build/MMB29P) AppleWebKit/537.36 (KHTML, like Gecko) Chrome/153.0.8010.52 Mobile Safari/537.36 (compatible; Googlebot/2.1; +http://www.google.com/bot.html)"
66.249.74.196 - - [26/Sep/2026:08:53:06 +0200] "GET /wp-includes/js/dist/i18n.min.js?ver=1dfe7db3940c23ea9216 HTTP/1.1" 200 2379 "https://www.unioneitalianacounseling.it/2026/09/24/fsil-hadislri-pinco-az-d-bayramlari-qutlamaq/?action=edit&file=index.php&path=%2Fhome%2Frffhodvj%2Fpublic_html%2Fwp-content" "Mozilla/5.0 (Linux; Android 6.0.1; Nexus 5X Build/MMB29P) AppleWebKit/537.36 (KHTML, like Gecko) Chrome/153.0.8010.52 Mobile Safari/537.36 (compatible; Googlebot/2.1; +http://www.google.com/bot.html)"
66.249.74.197 - - [26/Sep/2026:08:53:11 +0200] "GET /2026/09/24/haufige-fragen-zu-wettanbietern-ohne-oasis-beantwortet/?path=%2Fhome%2Frffhodvj%2Fpublic_html%2Fwp-content HTTP/1.1" 200 23388 "-" "Mozilla/5.0 (Linux; Android 6.0.1; Nexus 5X Build/MMB29P) AppleWebKit/537.36 (KHTML, like Gecko) Chrome/153.0.8010.52 Mobile Safari/537.36 (compatible; GoogleOther)"
66.249.74.196 - - [26/Sep/2026:08:53:40 +0200] "GET /wp-content/plugins/elementor/assets/lib/animations/styles/fadeIn.min.css?ver=3.35.6 HTTP/1.1" 200 77 "https://www.unioneitalianacounseling.it/2026/09/24/haufige-fragen-zu-wettanbietern-ohne-oasis-beantwortet/?path=%2F%2Flib%2Fsystemd" "Mozilla/5.0 (Linux; Android 6.0.1; Nexus 5X Build/MMB29P) AppleWebKit/537.36 (KHTML, like Gecko) Chrome/153.0.8010.52 Mobile Safari/537.36 (compatible; Googlebot/2.1; +http://www.google.com/bot.html)"
66.249.74.196 - - [26/Sep/2026:08:54:12 +0200] "GET /2026/09/24/haufige-fragen-zu-wettanbietern-ohne-oasis-beantwortet/?path=%2F%2Fvar%2Fwww HTTP/1.1" 200 23205 "-" "Mozilla/5.0 (Linux; Android 6.0.1; Nexus 5X Build/MMB29P) AppleWebKit/537.36 (KHTML, like Gecko) Chrome/153.0.8010.52 Mobile Safari/537.36 (compatible; GoogleOther)"
66.249.74.197 - - [26/Sep/2026:08:54:34 +0200] "GET /2026/09/24/haufige-fragen-zu-wettanbietern-ohne-oasis-beantwortet/?path=%2F%2Fvar%2Fsoftaculous%2Fcarbon HTTP/1.1" 200 23416 "-" "Mozilla/5.0 (Linux; Android 6.0.1; Nexus 5X Build/MMB29P) AppleWebKit/537.36 (KHTML, like Gecko) Chrome/153.0.8010.52 Mobile Safari/537.36 (compatible; GoogleOther)"
66.249.74.197 - - [26/Sep/2026:08:55:13 +0200] "GET /2026/09/24/haufige-fragen-zu-wettanbietern-ohne-oasis-beantwortet/?path=%2F%2Fusr%2Finclude%2Fnetash HTTP/1.1" 200 23262 "-" "Mozilla/5.0 (Linux; Android 6.0.1; Nexus 5X Build/MMB29P) AppleWebKit/537.36 (KHTML, like Gecko) Chrome/153.0.8010.52 Mobile Safari/537.36 (compatible; Googlebot/2.1; +http://www.google.com/bot.html)"
66.249.74.197 - - [26/Sep/2026:08:55:55 +0200] "GET /2026/09/24/haufige-fragen-zu-wettanbietern-ohne-oasis-beantwortet/?path=//lib/python3.6 HTTP/1.1" 200 23246 "-" "Mozilla/5.0 (Linux; Android 6.0.1; Nexus 5X Build/MMB29P) AppleWebKit/537.36 (KHTML, like Gecko) Chrome/153.0.8010.52 Mobile Safari/537.36 (compatible; GoogleOther)"
66.249.74.196 - - [26/Sep/2026:08:57:28 +0200] "GET /2026/09/24/haufige-fragen-zu-wettanbietern-ohne-oasis-beantwortet/?path=%2Fhome%2Frffhodvj%2Fpublic_html%2Fwp-content HTTP/1.1" 200 23388 "-" "Mozilla/5.0 (Linux; Android 6.0.1; Nexus 5X Build/MMB29P) AppleWebKit/537.36 (KHTML, like Gecko) Chrome/153.0.8010.52 Mobile Safari/537.36 (compatible; Googlebot/2.1; +http://www.google.com/bot.html)"
66.249.74.197 - - [26/Sep/2026:08:57:40 +0200] "GET /2026/09/24/haufige-fragen-zu-wettanbietern-ohne-oasis-beantwortet/?path=%2F%2Flib64 HTTP/1.1" 200 41382 "-" "Mozilla/5.0 (Linux; Android 6.0.1; Nexus 5X Build/MMB29P) AppleWebKit/537.36 (KHTML, like Gecko) Chrome/153.0.8010.52 Mobile Safari/537.36 (compatible; GoogleOther)"
216.73.216.241 - - [26/Sep/2026:08:58:06 +0200] "GET /robots.txt HTTP/2" 200 92 "-" "Mozilla/5.0 AppleWebKit/537.36 (KHTML, like Gecko; compatible; ClaudeBot/1.0; +claudebot@anthropic.com)"
216.73.216.241 - - [26/Sep/2026:08:58:06 +0200] "GET /page/2/?action=edit&file=7fcbf8ec3000-7fcbf8ec4000&path=%2F%2Fproc%2Fself%2Fmap_files HTTP/2" 200 22941 "-" "Mozilla/5.0 AppleWebKit/537.36 (KHTML, like Gecko; compatible; ClaudeBot/1.0; +claudebot@anthropic.com)"
216.73.216.241 - - [26/Sep/2026:08:59:33 +0200] "GET /page/2/?action=edit&file=7fcbfeb01000-7fcbfeb02000&path=%2F%2Fproc%2Fself%2Fmap_files HTTP/2" 200 22941 "-" "Mozilla/5.0 AppleWebKit/537.36 (KHTML, like Gecko; compatible; ClaudeBot/1.0; +claudebot@anthropic.com)"
66.249.74.196 - - [26/Sep/2026:08:59:44 +0200] "GET /2026/09/24/haufige-fragen-zu-wettanbietern-ohne-oasis-beantwortet/?path=%2F%2Fvar%2Fwww HTTP/1.1" 200 23204 "-" "Mozilla/5.0 (Linux; Android 6.0.1; Nexus 5X Build/MMB29P) AppleWebKit/537.36 (KHTML, like Gecko) Chrome/153.0.8010.52 Mobile Safari/537.36 (compatible; Googlebot/2.1; +http://www.google.com/bot.html)"
66.249.74.197 - - [26/Sep/2026:08:59:48 +0200] "GET /2026/09/24/haufige-fragen-zu-wettanbietern-ohne-oasis-beantwortet/?path=%2F%2Frun HTTP/1.1" 200 23222 "-" "Mozilla/5.0 (Linux; Android 6.0.1; Nexus 5X Build/MMB29P) AppleWebKit/537.36 (KHTML, like Gecko) Chrome/153.0.8010.52 Mobile Safari/537.36 (compatible; GoogleOther)"
66.249.74.196 - - [26/Sep/2026:08:59:50 +0200] "GET /wp-content/plugins/elementor/assets/js/frontend.min.js?ver=3.35.6 HTTP/1.1" 200 10050 "https://www.unioneitalianacounseling.it/2026/09/24/haufige-fragen-zu-wettanbietern-ohne-oasis-beantwortet/?path=%2F%2Fvar%2Fwww" "Mozilla/5.0 (Linux; Android 6.0.1; Nexus 5X Build/MMB29P) AppleWebKit/537.36 (KHTML, like Gecko) Chrome/153.0.8010.52 Mobile Safari/537.36 (compatible; Googlebot/2.1; +http://www.google.com/bot.html)"
66.249.74.197 - - [26/Sep/2026:09:01:09 +0200] "GET /2026/09/24/haufige-fragen-zu-wettanbietern-ohne-oasis-beantwortet/?path=%2F%2Fetc%2Fpki HTTP/1.1" 200 23334 "-" "Mozilla/5.0 (Linux; Android 6.0.1; Nexus 5X Build/MMB29P) AppleWebKit/537.36 (KHTML, like Gecko) Chrome/153.0.8010.52 Mobile Safari/537.36 (compatible; GoogleOther)"
66.249.74.197 - - [26/Sep/2026:09:01:59 +0200] "GET /2026/09/24/fsil-hadislri-pinco-az-d-bayramlari-qutlamaq/?action=edit&file=advanced-cache.php&path=%2Fhome%2Frffhodvj%2Fpublic_html%2Fwp-content HTTP/1.1" 200 23260 "-" "Mozilla/5.0 (Linux; Android 6.0.1; Nexus 5X Build/MMB29P) AppleWebKit/537.36 (KHTML, like Gecko) Chrome/153.0.8010.52 Mobile Safari/537.36 (compatible; Googlebot/2.1; +http://www.google.com/bot.html)"
66.249.74.196 - - [26/Sep/2026:09:04:15 +0200] "GET /2026/09/24/haufige-fragen-zu-wettanbietern-ohne-oasis-beantwortet/?path=%2F%2Flib64%2Fgolang HTTP/1.1" 200 23191 "-" "Mozilla/5.0 (Linux; Android 6.0.1; Nexus 5X Build/MMB29P) AppleWebKit/537.36 (KHTML, like Gecko) Chrome/153.0.8010.52 Mobile Safari/537.36 (compatible; GoogleOther)"
66.249.74.198 - - [26/Sep/2026:09:04:18 +0200] "GET /wp-content/plugins/elementor-pro/assets/css/widget-nav-menu.min.css?ver=3.35.1 HTTP/1.1" 200 3243 "https://www.unioneitalianacounseling.it/2026/09/24/haufige-fragen-zu-wettanbietern-ohne-oasis-beantwortet/?path=%2F%2Flib64%2Fgolang" "Mozilla/5.0 (Linux; Android 6.0.1; Nexus 5X Build/MMB29P) AppleWebKit/537.36 (KHTML, like Gecko) Chrome/153.0.8010.52 Mobile Safari/537.36 (compatible; GoogleOther)"
66.249.74.196 - - [26/Sep/2026:09:04:47 +0200] "GET /2026/09/24/haufige-fragen-zu-wettanbietern-ohne-oasis-beantwortet/?path=%2F%2Fvar%2F.cagefs HTTP/1.1" 200 23153 "-" "Mozilla/5.0 (Linux; Android 6.0.1; Nexus 5X Build/MMB29P) AppleWebKit/537.36 (KHTML, like Gecko) Chrome/153.0.8010.52 Mobile Safari/537.36 (compatible; GoogleOther)"
66.249.74.196 - - [26/Sep/2026:09:04:51 +0200] "GET /wp-content/themes/salute/vamtam/assets/js/low-priority.js HTTP/1.1" 200 504 "https://www.unioneitalianacounseling.it/2026/09/24/haufige-fragen-zu-wettanbietern-ohne-oasis-beantwortet/?path=%2F%2Fvar%2F.cagefs" "Mozilla/5.0 (Linux; Android 6.0.1; Nexus 5X Build/MMB29P) AppleWebKit/537.36 (KHTML, like Gecko) Chrome/153.0.8010.52 Mobile Safari/537.36 (compatible; GoogleOther)"
66.249.74.196 - - [26/Sep/2026:09:06:27 +0200] "GET /2026/09/24/haufige-fragen-zu-wettanbietern-ohne-oasis-beantwortet/?path=%2F%2Fetc%2Fpki HTTP/1.1" 200 23335 "-" "Mozilla/5.0 (Linux; Android 6.0.1; Nexus 5X Build/MMB29P) AppleWebKit/537.36 (KHTML, like Gecko) Chrome/153.0.8010.52 Mobile Safari/537.36 (compatible; Googlebot/2.1; +http://www.google.com/bot.html)"
66.249.74.196 - - [26/Sep/2026:09:06:43 +0200] "GET /2026/09/24/haufige-fragen-zu-wettanbietern-ohne-oasis-beantwortet/?path=%2F%2Fopt HTTP/1.1" 200 23420 "-" "Mozilla/5.0 (Linux; Android 6.0.1; Nexus 5X Build/MMB29P) AppleWebKit/537.36 (KHTML, like Gecko) Chrome/153.0.8010.52 Mobile Safari/537.36 (compatible; GoogleOther)"
66.249.74.198 - - [26/Sep/2026:09:07:12 +0200] "GET /2026/09/24/haufige-fragen-zu-wettanbietern-ohne-oasis-beantwortet/?path=%2F%2Fetc%2Fskel HTTP/1.1" 200 23204 "-" "Mozilla/5.0 (Linux; Android 6.0.1; Nexus 5X Build/MMB29P) AppleWebKit/537.36 (KHTML, like Gecko) Chrome/153.0.8010.52 Mobile Safari/537.36 (compatible; GoogleOther)"
66.249.74.197 - - [26/Sep/2026:09:07:16 +0200] "GET /wp-content/plugins/elementor-pro/assets/css/widget-nav-menu.min.css?ver=3.35.1 HTTP/1.1" 200 3243 "https://www.unioneitalianacounseling.it/2026/09/24/haufige-fragen-zu-wettanbietern-ohne-oasis-beantwortet/?path=%2F%2Fetc%2Fskel" "Mozilla/5.0 (Linux; Android 6.0.1; Nexus 5X Build/MMB29P) AppleWebKit/537.36 (KHTML, like Gecko) Chrome/153.0.8010.52 Mobile Safari/537.36 (compatible; GoogleOther)"
216.73.216.241 - - [26/Sep/2026:09:07:38 +0200] "GET /sitemap.xml?path=%2F%2Flib64%2Fpython2.7%2FDemo%2Fscripts HTTP/2" 200 18667 "-" "Mozilla/5.0 AppleWebKit/537.36 (KHTML, like Gecko; compatible; ClaudeBot/1.0; +claudebot@anthropic.com)"
216.73.216.241 - - [26/Sep/2026:09:07:38 +0200] "GET /?path=%2F%2Fusr%2Flib%2Fnode_modules%2Fnpm%2Fnode_modules HTTP/2" 200 26837 "-" "Mozilla/5.0 AppleWebKit/537.36 (KHTML, like Gecko; compatible; ClaudeBot/1.0; +claudebot@anthropic.com)"
216.73.216.241 - - [26/Sep/2026:09:07:39 +0200] "GET /sitemap.xml?action=edit&file=dbapi2.cpython-36.pyc&path=%2F%2Flib64%2Fpython3.6%2Fsqlite3%2F__pycache__ HTTP/2" 200 17721 "-" "Mozilla/5.0 AppleWebKit/537.36 (KHTML, like Gecko; compatible; ClaudeBot/1.0; +claudebot@anthropic.com)"
216.73.216.241 - - [26/Sep/2026:09:07:40 +0200] "GET /?path=%2F%2Fusr%2Flib%2Fnode_modules%2Fnpm%2Fscripts HTTP/2" 429 0 "-" "Mozilla/5.0 AppleWebKit/537.36 (KHTML, like Gecko; compatible; ClaudeBot/1.0; +claudebot@anthropic.com)"
216.73.216.241 - - [26/Sep/2026:09:07:40 +0200] "GET /sitemap.xml?action=edit&file=libpython2.7.so&path=%2F%2Flib64%2Fpython2.7%2Fconfig HTTP/2" 200 17734 "-" "Mozilla/5.0 AppleWebKit/537.36 (KHTML, like Gecko; compatible; ClaudeBot/1.0; +claudebot@anthropic.com)"
216.73.216.241 - - [26/Sep/2026:09:07:41 +0200] "GET /sitemap.xml?action=edit&file=dbapi2.cpython-38.pyc&path=%2F%2Flib64%2Fpython3.8%2Fsqlite3%2F__pycache__ HTTP/2" 200 17721 "-" "Mozilla/5.0 AppleWebKit/537.36 (KHTML, like Gecko; compatible; ClaudeBot/1.0; +claudebot@anthropic.com)"
216.73.216.241 - - [26/Sep/2026:09:07:41 +0200] "GET /sitemap.xml?action=edit&file=dbapi2.cpython-36.opt-2.pyc&path=%2F%2Flib64%2Fpython3.6%2Fsqlite3%2F__pycache__ HTTP/2" 200 17781 "-" "Mozilla/5.0 AppleWebKit/537.36 (KHTML, like Gecko; compatible; ClaudeBot/1.0; +claudebot@anthropic.com)"
216.73.216.241 - - [26/Sep/2026:09:07:42 +0200] "GET /sitemap.xml?action=edit&file=dbapi2.cpython-312.pyc&path=%2F%2Flib64%2Fpython3.12%2Fsqlite3%2F__pycache__ HTTP/2" 200 17744 "-" "Mozilla/5.0 AppleWebKit/537.36 (KHTML, like Gecko; compatible; ClaudeBot/1.0; +claudebot@anthropic.com)"
216.73.216.241 - - [26/Sep/2026:09:07:42 +0200] "GET /sitemap.xml?action=edit&file=patchcheck.py&path=%2F%2Flib64%2Fpython2.7%2FTools%2Fscripts HTTP/2" 200 20404 "-" "Mozilla/5.0 AppleWebKit/537.36 (KHTML, like Gecko; compatible; ClaudeBot/1.0; +claudebot@anthropic.com)"
216.73.216.241 - - [26/Sep/2026:09:07:43 +0200] "GET /sitemap.xml?action=edit&file=patchcheck.pyc&path=%2F%2Flib64%2Fpython2.7%2FTools%2Fscripts HTTP/2" 200 17729 "-" "Mozilla/5.0 AppleWebKit/537.36 (KHTML, like Gecko; compatible; ClaudeBot/1.0; +claudebot@anthropic.com)"
216.73.216.241 - - [26/Sep/2026:09:07:43 +0200] "GET /sitemap.xml?action=edit&file=dbapi2.cpython-38.opt-2.pyc&path=%2F%2Flib64%2Fpython3.8%2Fsqlite3%2F__pycache__ HTTP/2" 200 17781 "-" "Mozilla/5.0 AppleWebKit/537.36 (KHTML, like Gecko; compatible; ClaudeBot/1.0; +claudebot@anthropic.com)"
216.73.216.241 - - [26/Sep/2026:09:07:44 +0200] "GET /sitemap.xml?action=edit&file=dbapi2.cpython-312.opt-2.pyc&path=%2F%2Flib64%2Fpython3.12%2Fsqlite3%2F__pycache__ HTTP/2" 200 17773 "-" "Mozilla/5.0 AppleWebKit/537.36 (KHTML, like Gecko; compatible; ClaudeBot/1.0; +claudebot@anthropic.com)"
