216.73.216.241 - - [26/Sep/2026:05:05:57 +0200] "GET /?action=edit&file=udp_slot_table_entries&path=%2F%2Fproc%2Fsys%2Fsunrpc HTTP/2" 200 22949 "-" "Mozilla/5.0 AppleWebKit/537.36 (KHTML, like Gecko; compatible; ClaudeBot/1.0; +claudebot@anthropic.com)"
66.249.74.196 - - [26/Sep/2026:05:05:58 +0200] "GET /wp-content/themes/salute/vamtam/assets/css/dist/responsive/layout-max.css?ver=1662960513 HTTP/1.1" 200 800 "https://www.unioneitalianacounseling.it/2026/09/24/haufige-fragen-zu-wettanbietern-ohne-oasis-beantwortet/" "Mozilla/5.0 (Linux; Android 6.0.1; Nexus 5X Build/MMB29P) AppleWebKit/537.36 (KHTML, like Gecko) Chrome/153.0.8010.52 Mobile Safari/537.36 (compatible; GoogleOther)"
216.73.216.241 - - [26/Sep/2026:05:06:02 +0200] "GET /page/2/?action=edit&file=spammeripblocks&path=%2F%2Fetc HTTP/2" 429 0 "-" "Mozilla/5.0 AppleWebKit/537.36 (KHTML, like Gecko; compatible; ClaudeBot/1.0; +claudebot@anthropic.com)"
66.249.74.196 - - [26/Sep/2026:05:06:06 +0200] "GET /2026/09/24/fsil-hadislri-pinco-az-d-bayramlari-qutlamaq/ HTTP/1.1" 200 23490 "-" "Mozilla/5.0 (Linux; Android 6.0.1; Nexus 5X Build/MMB29P) AppleWebKit/537.36 (KHTML, like Gecko) Chrome/153.0.8010.52 Mobile Safari/537.36 (compatible; Googlebot/2.1; +http://www.google.com/bot.html)"
103.99.197.144 - - [26/Sep/2026:05:06:07 +0200] "POST /xmlrpc.php HTTP/1.1" 200 1705 "-" "WordPress/5.0; https://www.unioneitalianacounseling.it"
216.73.216.241 - - [26/Sep/2026:05:06:07 +0200] "GET /sitemap.xml?action=edit&file=elementor_logo_gradient-01-1.png&path=%2Fhome%2Frffhodvj%2Fpublic_html%2Fwp-content%2Fuploads%2F2020%2F07 HTTP/2" 200 17766 "-" "Mozilla/5.0 AppleWebKit/537.36 (KHTML, like Gecko; compatible; ClaudeBot/1.0; +claudebot@anthropic.com)"
216.73.216.241 - - [26/Sep/2026:05:06:12 +0200] "GET /page/3/?action=edit&file=sm_WS&path=%2F%2Fusr%2Fshare%2Fi18n%2Flocales HTTP/2" 429 0 "-" "Mozilla/5.0 AppleWebKit/537.36 (KHTML, like Gecko; compatible; ClaudeBot/1.0; +claudebot@anthropic.com)"
216.73.216.241 - - [26/Sep/2026:05:06:18 +0200] "GET /page/3/?action=edit&file=es_CL&path=%2F%2Fusr%2Fshare%2Fi18n%2Flocales HTTP/2" 429 0 "-" "Mozilla/5.0 AppleWebKit/537.36 (KHTML, like Gecko; compatible; ClaudeBot/1.0; +claudebot@anthropic.com)"
216.73.216.241 - - [26/Sep/2026:05:06:22 +0200] "GET /sitemap.xml?action=edit&file=about-header-get-involved-rtl.svg&path=%2Fhome%2Frffhodvj%2Fpublic_html%2Fwp-admin%2Fimages HTTP/2" 200 18173 "-" "Mozilla/5.0 AppleWebKit/537.36 (KHTML, like Gecko; compatible; ClaudeBot/1.0; +claudebot@anthropic.com)"
216.73.216.241 - - [26/Sep/2026:05:06:27 +0200] "GET /page/3/?action=edit&file=es_PR&path=%2F%2Fusr%2Fshare%2Fi18n%2Flocales HTTP/2" 429 0 "-" "Mozilla/5.0 AppleWebKit/537.36 (KHTML, like Gecko; compatible; ClaudeBot/1.0; +claudebot@anthropic.com)"
216.73.216.241 - - [26/Sep/2026:05:06:32 +0200] "GET /sitemap.xml?action=edit&file=maildirsize&path=%2Fhome%2Frffhodvj%2Fmail HTTP/2" 200 17759 "-" "Mozilla/5.0 AppleWebKit/537.36 (KHTML, like Gecko; compatible; ClaudeBot/1.0; +claudebot@anthropic.com)"
216.73.216.241 - - [26/Sep/2026:05:06:37 +0200] "GET /page/2/?action=edit&file=ln_CD&path=%2F%2Fusr%2Fshare%2Fi18n%2Flocales HTTP/2" 429 0 "-" "Mozilla/5.0 AppleWebKit/537.36 (KHTML, like Gecko; compatible; ClaudeBot/1.0; +claudebot@anthropic.com)"
216.73.216.241 - - [26/Sep/2026:05:06:47 +0200] "GET /?action=edit&file=tcp_slot_table_entries&path=%2F%2Fproc%2Fsys%2Fsunrpc HTTP/2" 200 22987 "-" "Mozilla/5.0 AppleWebKit/537.36 (KHTML, like Gecko; compatible; ClaudeBot/1.0; +claudebot@anthropic.com)"
216.73.216.241 - - [26/Sep/2026:05:06:51 +0200] "GET /sitemap.xml?action=edit&file=xsltConf.sh&path=%2F%2Flib HTTP/2" 200 17864 "-" "Mozilla/5.0 AppleWebKit/537.36 (KHTML, like Gecko; compatible; ClaudeBot/1.0; +claudebot@anthropic.com)"
216.73.216.241 - - [26/Sep/2026:05:06:56 +0200] "GET /sitemap.xml?action=edit&file=dovecot-uidlist&path=%2Fhome%2Frffhodvj%2Fmail%2F.Trash HTTP/2" 200 17863 "-" "Mozilla/5.0 AppleWebKit/537.36 (KHTML, like Gecko; compatible; ClaudeBot/1.0; +claudebot@anthropic.com)"
216.73.216.241 - - [26/Sep/2026:05:07:01 +0200] "GET /sitemap.xml?action=edit&file=about-header-credits-rtl.svg&path=%2Fhome%2Frffhodvj%2Fpublic_html%2Fwp-admin%2Fimages HTTP/2" 200 18438 "-" "Mozilla/5.0 AppleWebKit/537.36 (KHTML, like Gecko; compatible; ClaudeBot/1.0; +claudebot@anthropic.com)"
216.73.216.241 - - [26/Sep/2026:05:07:07 +0200] "GET /sitemap.xml?action=edit&file=udp-logo.svg&path=%2Fhome%2Frffhodvj%2Fpublic_html%2Fwp-content%2Fuploads%2F2020%2F07 HTTP/2" 200 18684 "-" "Mozilla/5.0 AppleWebKit/537.36 (KHTML, like Gecko; compatible; ClaudeBot/1.0; +claudebot@anthropic.com)"
216.73.216.241 - - [26/Sep/2026:05:07:12 +0200] "GET /page/2/?action=edit&file=resolv.conf&path=%2F%2Fetc HTTP/2" 200 23071 "-" "Mozilla/5.0 AppleWebKit/537.36 (KHTML, like Gecko; compatible; ClaudeBot/1.0; +claudebot@anthropic.com)"
66.249.74.196 - - [26/Sep/2026:05:07:21 +0200] "GET /wp-includes/css/dist/block-library/style.min.css?ver=7.1.2 HTTP/1.1" 200 18003 "https://www.unioneitalianacounseling.it/2026/09/24/fsil-hadislri-pinco-az-d-bayramlari-qutlamaq/" "Mozilla/5.0 (Linux; Android 6.0.1; Nexus 5X Build/MMB29P) AppleWebKit/537.36 (KHTML, like Gecko) Chrome/153.0.8010.52 Mobile Safari/537.36 (compatible; Googlebot/2.1; +http://www.google.com/bot.html)"
66.249.74.198 - - [26/Sep/2026:05:07:22 +0200] "GET /wp-content/themes/salute/vamtam/assets/css/dist/responsive/layout-small.css?ver=1662960513 HTTP/1.1" 200 2155 "https://www.unioneitalianacounseling.it/2026/09/24/fsil-hadislri-pinco-az-d-bayramlari-qutlamaq/" "Mozilla/5.0 (Linux; Android 6.0.1; Nexus 5X Build/MMB29P) AppleWebKit/537.36 (KHTML, like Gecko) Chrome/153.0.8010.52 Mobile Safari/537.36 (compatible; Googlebot/2.1; +http://www.google.com/bot.html)"
66.249.74.198 - - [26/Sep/2026:05:07:22 +0200] "GET /wp-includes/js/dist/hooks.min.js?ver=f0f188028580e8dc1255 HTTP/1.1" 200 1759 "https://www.unioneitalianacounseling.it/2026/09/24/fsil-hadislri-pinco-az-d-bayramlari-qutlamaq/" "Mozilla/5.0 (Linux; Android 6.0.1; Nexus 5X Build/MMB29P) AppleWebKit/537.36 (KHTML, like Gecko) Chrome/153.0.8010.52 Mobile Safari/537.36 (compatible; Googlebot/2.1; +http://www.google.com/bot.html)"
66.249.74.196 - - [26/Sep/2026:05:07:22 +0200] "GET /wp-content/uploads/elementor/css/post-988469.css?ver=1788480000 HTTP/1.1" 200 1288 "https://www.unioneitalianacounseling.it/2026/09/24/fsil-hadislri-pinco-az-d-bayramlari-qutlamaq/" "Mozilla/5.0 (Linux; Android 6.0.1; Nexus 5X Build/MMB29P) AppleWebKit/537.36 (KHTML, like Gecko) Chrome/153.0.8010.52 Mobile Safari/537.36 (compatible; Googlebot/2.1; +http://www.google.com/bot.html)"
66.249.74.198 - - [26/Sep/2026:05:07:22 +0200] "GET /wp-content/plugins/the-post-grid/assets/vendor/font-awesome/css/font-awesome.min.css?ver=7.8.9 HTTP/1.1" 200 21869 "https://www.unioneitalianacounseling.it/2026/09/24/fsil-hadislri-pinco-az-d-bayramlari-qutlamaq/" "Mozilla/5.0 (Linux; Android 6.0.1; Nexus 5X Build/MMB29P) AppleWebKit/537.36 (KHTML, like Gecko) Chrome/153.0.8010.52 Mobile Safari/537.36 (compatible; Googlebot/2.1; +http://www.google.com/bot.html)"
66.249.74.196 - - [26/Sep/2026:05:07:23 +0200] "GET /wp-content/plugins/elementor-pro/assets/css/modules/sticky.min.css?ver=3.35.1 HTTP/1.1" 200 162 "https://www.unioneitalianacounseling.it/2026/09/24/fsil-hadislri-pinco-az-d-bayramlari-qutlamaq/" "Mozilla/5.0 (Linux; Android 6.0.1; Nexus 5X Build/MMB29P) AppleWebKit/537.36 (KHTML, like Gecko) Chrome/153.0.8010.52 Mobile Safari/537.36 (compatible; Googlebot/2.1; +http://www.google.com/bot.html)"
66.249.74.197 - - [26/Sep/2026:05:07:24 +0200] "GET /wp-content/themes/salute/vamtam/assets/css/dist/blog.css?ver=1662960513 HTTP/1.1" 200 2236 "https://www.unioneitalianacounseling.it/2026/09/24/fsil-hadislri-pinco-az-d-bayramlari-qutlamaq/" "Mozilla/5.0 (Linux; Android 6.0.1; Nexus 5X Build/MMB29P) AppleWebKit/537.36 (KHTML, like Gecko) Chrome/153.0.8010.52 Mobile Safari/537.36 (compatible; Googlebot/2.1; +http://www.google.com/bot.html)"
66.249.74.197 - - [26/Sep/2026:05:07:25 +0200] "GET /wp-content/plugins/elementor/assets/css/widget-heading.min.css?ver=3.35.6 HTTP/1.1" 200 126 "https://www.unioneitalianacounseling.it/2026/09/24/fsil-hadislri-pinco-az-d-bayramlari-qutlamaq/" "Mozilla/5.0 (Linux; Android 6.0.1; Nexus 5X Build/MMB29P) AppleWebKit/537.36 (KHTML, like Gecko) Chrome/153.0.8010.52 Mobile Safari/537.36 (compatible; Googlebot/2.1; +http://www.google.com/bot.html)"
66.249.74.196 - - [26/Sep/2026:05:07:24 +0200] "GET /wp-content/plugins/elementor/assets/lib/font-awesome/css/all.min.css?ver=3.35.6 HTTP/1.1" 200 12380 "https://www.unioneitalianacounseling.it/2026/09/24/fsil-hadislri-pinco-az-d-bayramlari-qutlamaq/" "Mozilla/5.0 (Linux; Android 6.0.1; Nexus 5X Build/MMB29P) AppleWebKit/537.36 (KHTML, like Gecko) Chrome/153.0.8010.52 Mobile Safari/537.36 (compatible; Googlebot/2.1; +http://www.google.com/bot.html)"
66.249.74.197 - - [26/Sep/2026:05:07:26 +0200] "GET /wp-content/themes/salute/vamtam/assets/css/dist/responsive/layout-below-max.css?ver=1662960513 HTTP/1.1" 200 2820 "https://www.unioneitalianacounseling.it/2026/09/24/fsil-hadislri-pinco-az-d-bayramlari-qutlamaq/" "Mozilla/5.0 (Linux; Android 6.0.1; Nexus 5X Build/MMB29P) AppleWebKit/537.36 (KHTML, like Gecko) Chrome/153.0.8010.52 Mobile Safari/537.36 (compatible; Googlebot/2.1; +http://www.google.com/bot.html)"
66.249.74.197 - - [26/Sep/2026:05:07:27 +0200] "GET /wp-content/plugins/elementor/assets/lib/animations/styles/fadeIn.min.css?ver=3.35.6 HTTP/1.1" 200 77 "https://www.unioneitalianacounseling.it/2026/09/24/fsil-hadislri-pinco-az-d-bayramlari-qutlamaq/" "Mozilla/5.0 (Linux; Android 6.0.1; Nexus 5X Build/MMB29P) AppleWebKit/537.36 (KHTML, like Gecko) Chrome/153.0.8010.52 Mobile Safari/537.36 (compatible; Googlebot/2.1; +http://www.google.com/bot.html)"
66.249.74.196 - - [26/Sep/2026:05:07:27 +0200] "GET /wp-content/plugins/elementor-pro/assets/css/widget-share-buttons.min.css?ver=3.35.1 HTTP/1.1" 200 2134 "https://www.unioneitalianacounseling.it/2026/09/24/fsil-hadislri-pinco-az-d-bayramlari-qutlamaq/" "Mozilla/5.0 (Linux; Android 6.0.1; Nexus 5X Build/MMB29P) AppleWebKit/537.36 (KHTML, like Gecko) Chrome/153.0.8010.52 Mobile Safari/537.36 (compatible; Googlebot/2.1; +http://www.google.com/bot.html)"
66.249.74.197 - - [26/Sep/2026:05:07:28 +0200] "GET /wp-content/uploads/elementor/css/post-988518.css?ver=1788480000 HTTP/1.1" 200 1307 "https://www.unioneitalianacounseling.it/2026/09/24/fsil-hadislri-pinco-az-d-bayramlari-qutlamaq/" "Mozilla/5.0 (Linux; Android 6.0.1; Nexus 5X Build/MMB29P) AppleWebKit/537.36 (KHTML, like Gecko) Chrome/153.0.8010.52 Mobile Safari/537.36 (compatible; Googlebot/2.1; +http://www.google.com/bot.html)"
66.249.74.197 - - [26/Sep/2026:05:07:29 +0200] "GET /wp-content/plugins/elementor/assets/lib/font-awesome/css/solid.min.css?ver=5.15.3 HTTP/1.1" 200 286 "https://www.unioneitalianacounseling.it/2026/09/24/fsil-hadislri-pinco-az-d-bayramlari-qutlamaq/" "Mozilla/5.0 (Linux; Android 6.0.1; Nexus 5X Build/MMB29P) AppleWebKit/537.36 (KHTML, like Gecko) Chrome/153.0.8010.52 Mobile Safari/537.36 (compatible; Googlebot/2.1; +http://www.google.com/bot.html)"
216.73.216.241 - - [26/Sep/2026:05:07:29 +0200] "GET /?action=edit&file=root_maxbytes&path=%2F%2Fproc%2Fsys%2Fkernel%2Fkeys HTTP/2" 429 0 "-" "Mozilla/5.0 AppleWebKit/537.36 (KHTML, like Gecko; compatible; ClaudeBot/1.0; +claudebot@anthropic.com)"
66.249.74.196 - - [26/Sep/2026:05:07:29 +0200] "GET /wp-content/plugins/elementor/assets/lib/font-awesome/css/regular.min.css?ver=5.15.3 HTTP/1.1" 200 283 "https://www.unioneitalianacounseling.it/2026/09/24/fsil-hadislri-pinco-az-d-bayramlari-qutlamaq/" "Mozilla/5.0 (Linux; Android 6.0.1; Nexus 5X Build/MMB29P) AppleWebKit/537.36 (KHTML, like Gecko) Chrome/153.0.8010.52 Mobile Safari/537.36 (compatible; Googlebot/2.1; +http://www.google.com/bot.html)"
66.249.74.196 - - [26/Sep/2026:05:07:30 +0200] "GET /wp-content/plugins/elementor/assets/lib/font-awesome/css/fontawesome.min.css?ver=5.15.3 HTTP/1.1" 200 12164 "https://www.unioneitalianacounseling.it/2026/09/24/fsil-hadislri-pinco-az-d-bayramlari-qutlamaq/" "Mozilla/5.0 (Linux; Android 6.0.1; Nexus 5X Build/MMB29P) AppleWebKit/537.36 (KHTML, like Gecko) Chrome/153.0.8010.52 Mobile Safari/537.36 (compatible; Googlebot/2.1; +http://www.google.com/bot.html)"
66.249.74.196 - - [26/Sep/2026:05:07:31 +0200] "GET /wp-includes/js/jquery/jquery-migrate.min.js?ver=3.4.1 HTTP/1.1" 200 4678 "https://www.unioneitalianacounseling.it/2026/09/24/fsil-hadislri-pinco-az-d-bayramlari-qutlamaq/" "Mozilla/5.0 (Linux; Android 6.0.1; Nexus 5X Build/MMB29P) AppleWebKit/537.36 (KHTML, like Gecko) Chrome/153.0.8010.52 Mobile Safari/537.36 (compatible; Googlebot/2.1; +http://www.google.com/bot.html)"
66.249.74.196 - - [26/Sep/2026:05:07:31 +0200] "GET /wp-content/themes/salute-child/style.css?ver=7.1.2 HTTP/1.1" 200 173 "https://www.unioneitalianacounseling.it/2026/09/24/fsil-hadislri-pinco-az-d-bayramlari-qutlamaq/" "Mozilla/5.0 (Linux; Android 6.0.1; Nexus 5X Build/MMB29P) AppleWebKit/537.36 (KHTML, like Gecko) Chrome/153.0.8010.52 Mobile Safari/537.36 (compatible; Googlebot/2.1; +http://www.google.com/bot.html)"
66.249.74.196 - - [26/Sep/2026:05:07:32 +0200] "GET /wp-content/plugins/elementor-pro/assets/css/widget-post-navigation.min.css?ver=3.35.1 HTTP/1.1" 200 495 "https://www.unioneitalianacounseling.it/2026/09/24/fsil-hadislri-pinco-az-d-bayramlari-qutlamaq/" "Mozilla/5.0 (Linux; Android 6.0.1; Nexus 5X Build/MMB29P) AppleWebKit/537.36 (KHTML, like Gecko) Chrome/153.0.8010.52 Mobile Safari/537.36 (compatible; Googlebot/2.1; +http://www.google.com/bot.html)"
66.249.74.196 - - [26/Sep/2026:05:07:33 +0200] "GET /wp-content/plugins/the-post-grid/assets/css/tpg-block.min.css?ver=7.8.9 HTTP/1.1" 200 15971 "https://www.unioneitalianacounseling.it/2026/09/24/fsil-hadislri-pinco-az-d-bayramlari-qutlamaq/" "Mozilla/5.0 (Linux; Android 6.0.1; Nexus 5X Build/MMB29P) AppleWebKit/537.36 (KHTML, like Gecko) Chrome/153.0.8010.52 Mobile Safari/537.36 (compatible; Googlebot/2.1; +http://www.google.com/bot.html)"
66.249.74.196 - - [26/Sep/2026:05:07:34 +0200] "GET /wp-content/plugins/elementor-pro/assets/css/widget-posts.min.css?ver=3.35.1 HTTP/1.1" 200 2299 "https://www.unioneitalianacounseling.it/2026/09/24/fsil-hadislri-pinco-az-d-bayramlari-qutlamaq/" "Mozilla/5.0 (Linux; Android 6.0.1; Nexus 5X Build/MMB29P) AppleWebKit/537.36 (KHTML, like Gecko) Chrome/153.0.8010.52 Mobile Safari/537.36 (compatible; Googlebot/2.1; +http://www.google.com/bot.html)"
216.73.216.241 - - [26/Sep/2026:05:07:33 +0200] "GET /sitemap.xml?path=%2F%2Flib%2Ftuned%2Fcloudlinux-default-base HTTP/2" 200 18043 "-" "Mozilla/5.0 AppleWebKit/537.36 (KHTML, like Gecko; compatible; ClaudeBot/1.0; +claudebot@anthropic.com)"
216.73.216.241 - - [26/Sep/2026:05:07:38 +0200] "GET /sitemap.xml?path=%2F%2Flib%2Ftuned%2Fcloudlinux-default HTTP/2" 200 18048 "-" "Mozilla/5.0 AppleWebKit/537.36 (KHTML, like Gecko; compatible; ClaudeBot/1.0; +claudebot@anthropic.com)"
216.73.216.241 - - [26/Sep/2026:05:07:43 +0200] "GET /sitemap.xml?path=%2F%2Flib%2Ftuned%2Fcloudlinux-latency-performance-base HTTP/2" 200 18017 "-" "Mozilla/5.0 AppleWebKit/537.36 (KHTML, like Gecko; compatible; ClaudeBot/1.0; +claudebot@anthropic.com)"
216.73.216.241 - - [26/Sep/2026:05:07:48 +0200] "GET /?action=edit&file=maxbytes&path=%2F%2Fproc%2Fsys%2Fkernel%2Fkeys HTTP/2" 429 0 "-" "Mozilla/5.0 AppleWebKit/537.36 (KHTML, like Gecko; compatible; ClaudeBot/1.0; +claudebot@anthropic.com)"
216.73.216.241 - - [26/Sep/2026:05:07:52 +0200] "GET /sitemap.xml?action=edit&file=plugins.php&path=%2Fhome%2Frffhodvj%2Fwww%2Fwp-admin%2Fnetwork HTTP/2" 200 17898 "-" "Mozilla/5.0 AppleWebKit/537.36 (KHTML, like Gecko; compatible; ClaudeBot/1.0; +claudebot@anthropic.com)"
216.73.216.241 - - [26/Sep/2026:05:07:53 +0200] "GET /sitemap.xml?action=edit&file=comments.php&path=%2Fhome%2Frffhodvj%2Fwww%2Fwp-includes%2Ftheme-compat HTTP/2" 200 18629 "-" "Mozilla/5.0 AppleWebKit/537.36 (KHTML, like Gecko; compatible; ClaudeBot/1.0; +claudebot@anthropic.com)"
216.73.216.241 - - [26/Sep/2026:05:07:58 +0200] "GET /sitemap.xml?path=%2F%2Flib%2Ftuned%2Fnetwork-latency HTTP/2" 200 18038 "-" "Mozilla/5.0 AppleWebKit/537.36 (KHTML, like Gecko; compatible; ClaudeBot/1.0; +claudebot@anthropic.com)"
216.73.216.241 - - [26/Sep/2026:05:08:03 +0200] "GET /sitemap.xml?action=edit&file=users.php&path=%2Fhome%2Frffhodvj%2Fwww%2Fwp-admin%2Fnetwork HTTP/2" 200 21330 "-" "Mozilla/5.0 AppleWebKit/537.36 (KHTML, like Gecko; compatible; ClaudeBot/1.0; +claudebot@anthropic.com)"
216.73.216.241 - - [26/Sep/2026:05:08:08 +0200] "GET /sitemap.xml?action=edit&file=header.php&path=%2Fhome%2Frffhodvj%2Fwww%2Fwp-includes%2Ftheme-compat HTTP/2" 200 18564 "-" "Mozilla/5.0 AppleWebKit/537.36 (KHTML, like Gecko; compatible; ClaudeBot/1.0; +claudebot@anthropic.com)"
216.73.216.241 - - [26/Sep/2026:05:08:13 +0200] "GET /sitemap.xml?action=edit&file=theme-install.php&path=%2Fhome%2Frffhodvj%2Fwww%2Fwp-admin%2Fnetwork HTTP/2" 200 17996 "-" "Mozilla/5.0 AppleWebKit/537.36 (KHTML, like Gecko; compatible; ClaudeBot/1.0; +claudebot@anthropic.com)"
216.73.216.241 - - [26/Sep/2026:05:08:17 +0200] "GET /sitemap.xml?action=edit&file=dashboard-rtl.min.css&path=%2Fhome%2Frffhodvj%2Fpublic_html%2Fwp-admin%2Fcss HTTP/2" 200 23014 "-" "Mozilla/5.0 AppleWebKit/537.36 (KHTML, like Gecko; compatible; ClaudeBot/1.0; +claudebot@anthropic.com)"
216.73.216.241 - - [26/Sep/2026:05:08:22 +0200] "GET /sitemap.xml?action=edit&file=post.php&path=%2Fhome%2Frffhodvj%2Fpublic_html%2Fwp-admin HTTP/2" 200 21030 "-" "Mozilla/5.0 AppleWebKit/537.36 (KHTML, like Gecko; compatible; ClaudeBot/1.0; +claudebot@anthropic.com)"
216.73.216.241 - - [26/Sep/2026:05:08:27 +0200] "GET /sitemap.xml?action=edit&file=profile.php&path=%2Fhome%2Frffhodvj%2Fwww%2Fwp-admin%2Fnetwork HTTP/2" 200 17903 "-" "Mozilla/5.0 AppleWebKit/537.36 (KHTML, like Gecko; compatible; ClaudeBot/1.0; +claudebot@anthropic.com)"
216.73.216.241 - - [26/Sep/2026:05:08:27 +0200] "GET /sitemap.xml?action=edit&file=user-new.php&path=%2Fhome%2Frffhodvj%2Fwww%2Fwp-admin%2Fnetwork HTTP/2" 200 19795 "-" "Mozilla/5.0 AppleWebKit/537.36 (KHTML, like Gecko; compatible; ClaudeBot/1.0; +claudebot@anthropic.com)"
216.73.216.241 - - [26/Sep/2026:05:08:28 +0200] "GET /sitemap.xml?path=%2F%2Flib%2Ftuned%2Fepyc-eda HTTP/2" 200 18032 "-" "Mozilla/5.0 AppleWebKit/537.36 (KHTML, like Gecko; compatible; ClaudeBot/1.0; +claudebot@anthropic.com)"
216.73.216.241 - - [26/Sep/2026:05:08:28 +0200] "GET /sitemap.xml?action=edit&file=sites.php&path=%2Fhome%2Frffhodvj%2Fwww%2Fwp-admin%2Fnetwork HTTP/2" 200 22054 "-" "Mozilla/5.0 AppleWebKit/537.36 (KHTML, like Gecko; compatible; ClaudeBot/1.0; +claudebot@anthropic.com)"
216.73.216.241 - - [26/Sep/2026:05:08:29 +0200] "GET /sitemap.xml?action=edit&file=index.php&path=%2Fhome%2Frffhodvj%2Fwww%2Fwp-admin%2Fnetwork HTTP/2" 200 18865 "-" "Mozilla/5.0 AppleWebKit/537.36 (KHTML, like Gecko; compatible; ClaudeBot/1.0; +claudebot@anthropic.com)"
216.73.216.241 - - [26/Sep/2026:05:08:29 +0200] "GET /sitemap.xml?action=edit&file=privacy.php&path=%2Fhome%2Frffhodvj%2Fwww%2Fwp-admin%2Fnetwork HTTP/2" 200 17901 "-" "Mozilla/5.0 AppleWebKit/537.36 (KHTML, like Gecko; compatible; ClaudeBot/1.0; +claudebot@anthropic.com)"
216.73.216.241 - - [26/Sep/2026:05:08:30 +0200] "GET /sitemap.xml?action=edit&file=site-settings.php&path=%2Fhome%2Frffhodvj%2Fwww%2Fwp-admin%2Fnetwork HTTP/2" 200 20002 "-" "Mozilla/5.0 AppleWebKit/537.36 (KHTML, like Gecko; compatible; ClaudeBot/1.0; +claudebot@anthropic.com)"
216.73.216.241 - - [26/Sep/2026:05:08:30 +0200] "GET /sitemap.xml?action=edit&file=contribute.php&path=%2Fhome%2Frffhodvj%2Fwww%2Fwp-admin%2Fnetwork HTTP/2" 200 17867 "-" "Mozilla/5.0 AppleWebKit/537.36 (KHTML, like Gecko; compatible; ClaudeBot/1.0; +claudebot@anthropic.com)"
216.73.216.241 - - [26/Sep/2026:05:08:30 +0200] "GET /sitemap.xml?action=edit&file=upgrade.php&path=%2Fhome%2Frffhodvj%2Fwww%2Fwp-admin%2Fnetwork HTTP/2" 200 19840 "-" "Mozilla/5.0 AppleWebKit/537.36 (KHTML, like Gecko; compatible; ClaudeBot/1.0; +claudebot@anthropic.com)"
216.73.216.241 - - [26/Sep/2026:05:08:31 +0200] "GET /sitemap.xml?action=edit&file=footer-embed.php&path=%2Fhome%2Frffhodvj%2Fwww%2Fwp-includes%2Ftheme-compat HTTP/2" 200 17953 "-" "Mozilla/5.0 AppleWebKit/537.36 (KHTML, like Gecko; compatible; ClaudeBot/1.0; +claudebot@anthropic.com)"
216.73.216.241 - - [26/Sep/2026:05:08:31 +0200] "GET /sitemap.xml?action=edit&file=themes.php&path=%2Fhome%2Frffhodvj%2Fwww%2Fwp-admin%2Fnetwork HTTP/2" 200 22152 "-" "Mozilla/5.0 AppleWebKit/537.36 (KHTML, like Gecko; compatible; ClaudeBot/1.0; +claudebot@anthropic.com)"
216.73.216.241 - - [26/Sep/2026:05:08:32 +0200] "GET /sitemap.xml?action=edit&file=credits.php&path=%2Fhome%2Frffhodvj%2Fwww%2Fwp-admin%2Fnetwork HTTP/2" 200 17901 "-" "Mozilla/5.0 AppleWebKit/537.36 (KHTML, like Gecko; compatible; ClaudeBot/1.0; +claudebot@anthropic.com)"
216.73.216.241 - - [26/Sep/2026:05:08:32 +0200] "GET /sitemap.xml?action=edit&file=site-info.php&path=%2Fhome%2Frffhodvj%2Fwww%2Fwp-admin%2Fnetwork HTTP/2" 200 20450 "-" "Mozilla/5.0 AppleWebKit/537.36 (KHTML, like Gecko; compatible; ClaudeBot/1.0; +claudebot@anthropic.com)"
216.73.216.241 - - [26/Sep/2026:05:08:32 +0200] "GET /sitemap.xml?action=edit&file=freedoms.php&path=%2Fhome%2Frffhodvj%2Fwww%2Fwp-admin%2Fnetwork HTTP/2" 200 17950 "-" "Mozilla/5.0 AppleWebKit/537.36 (KHTML, like Gecko; compatible; ClaudeBot/1.0; +claudebot@anthropic.com)"
216.73.216.241 - - [26/Sep/2026:05:08:33 +0200] "GET /sitemap.xml?action=edit&file=footer.php&path=%2Fhome%2Frffhodvj%2Fwww%2Fwp-includes%2Ftheme-compat HTTP/2" 200 18377 "-" "Mozilla/5.0 AppleWebKit/537.36 (KHTML, like Gecko; compatible; ClaudeBot/1.0; +claudebot@anthropic.com)"
216.73.216.241 - - [26/Sep/2026:05:08:33 +0200] "GET /sitemap.xml?action=edit&file=site-new.php&path=%2Fhome%2Frffhodvj%2Fwww%2Fwp-admin%2Fnetwork HTTP/2" 200 21174 "-" "Mozilla/5.0 AppleWebKit/537.36 (KHTML, like Gecko; compatible; ClaudeBot/1.0; +claudebot@anthropic.com)"
216.73.216.241 - - [26/Sep/2026:05:08:33 +0200] "GET /sitemap.xml?action=edit&file=site-themes.php&path=%2Fhome%2Frffhodvj%2Fwww%2Fwp-admin%2Fnetwork HTTP/2" 200 20069 "-" "Mozilla/5.0 AppleWebKit/537.36 (KHTML, like Gecko; compatible; ClaudeBot/1.0; +claudebot@anthropic.com)"
216.73.216.241 - - [26/Sep/2026:05:08:34 +0200] "GET /page/3/?action=edit&file=translit_circle&path=%2F%2Fusr%2Fshare%2Fi18n%2Flocales HTTP/2" 429 0 "-" "Mozilla/5.0 AppleWebKit/537.36 (KHTML, like Gecko; compatible; ClaudeBot/1.0; +claudebot@anthropic.com)"
216.73.216.241 - - [26/Sep/2026:05:08:34 +0200] "GET /sitemap.xml?action=edit&file=functions&path=%2F%2Flib%2Ftuned HTTP/2" 200 22866 "-" "Mozilla/5.0 AppleWebKit/537.36 (KHTML, like Gecko; compatible; ClaudeBot/1.0; +claudebot@anthropic.com)"
216.73.216.241 - - [26/Sep/2026:05:08:34 +0200] "GET /page/3/?action=edit&file=ro_RO&path=%2F%2Fusr%2Fshare%2Fi18n%2Flocales HTTP/2" 200 27521 "-" "Mozilla/5.0 AppleWebKit/537.36 (KHTML, like Gecko; compatible; ClaudeBot/1.0; +claudebot@anthropic.com)"
216.73.216.241 - - [26/Sep/2026:05:08:39 +0200] "GET /page/3/?action=edit&file=.spamassassinenable&path=%2Fhome%2Frffhodvj HTTP/2" 429 0 "-" "Mozilla/5.0 AppleWebKit/537.36 (KHTML, like Gecko; compatible; ClaudeBot/1.0; +claudebot@anthropic.com)"
41.248.69.64 - - [26/Sep/2026:05:08:42 +0200] "GET / HTTP/1.1" 200 26895 "-" "Mozilla/5.0 (Windows NT 10.0; Win64; x64) AppleWebKit/537.36 (KHTML, like Gecko) Chrome/120.0.0.0 Safari/537.36"
216.73.216.241 - - [26/Sep/2026:05:08:44 +0200] "GET /page/3/?action=edit&file=cs_CZ&path=%2F%2Fusr%2Fshare%2Fi18n%2Flocales HTTP/2" 429 0 "-" "Mozilla/5.0 AppleWebKit/537.36 (KHTML, like Gecko; compatible; ClaudeBot/1.0; +claudebot@anthropic.com)"
216.73.216.241 - - [26/Sep/2026:05:08:49 +0200] "GET /page/3/?action=edit&file=de_CH&path=%2F%2Fusr%2Fshare%2Fi18n%2Flocales HTTP/2" 429 0 "-" "Mozilla/5.0 AppleWebKit/537.36 (KHTML, like Gecko; compatible; ClaudeBot/1.0; +claudebot@anthropic.com)"
216.73.216.241 - - [26/Sep/2026:05:08:51 +0200] "GET /sitemap.xml?action=edit&file=it_IT-b52fc6263c111a63a5f99c3d807473a0.json&path=%2Fhome%2Frffhodvj%2Fpublic_html%2Fwp-content%2Flanguages HTTP/2" 200 27169 "-" "Mozilla/5.0 AppleWebKit/537.36 (KHTML, like Gecko; compatible; ClaudeBot/1.0; +claudebot@anthropic.com)"
66.249.74.196 - - [26/Sep/2026:05:08:55 +0200] "GET /2026/09/24/pinco-bonuslarinizi-effektiv-istifad-edrkn-n-yaxsi-strategiyalar/ HTTP/1.1" 200 23350 "-" "Mozilla/5.0 (Linux; Android 6.0.1; Nexus 5X Build/MMB29P) AppleWebKit/537.36 (KHTML, like Gecko) Chrome/153.0.8010.52 Mobile Safari/537.36 (compatible; Googlebot/2.1; +http://www.google.com/bot.html)"
191.177.145.115 - - [26/Sep/2026:05:08:54 +0200] "GET /wp-login.php HTTP/1.1" 200 4995 "-" "Mozilla/5.0 (Windows NT 10.0; Win64; x64) AppleWebKit/537.36 (KHTML, like Gecko) Chrome/120.0.0.0 Safari/537.36"
216.73.216.241 - - [26/Sep/2026:05:08:56 +0200] "GET /sitemap.xml?action=edit&file=wordpress-logo.png&path=%2Fhome%2Frffhodvj%2Fpublic_html%2Fwp-admin%2Fimages HTTP/2" 200 17785 "-" "Mozilla/5.0 AppleWebKit/537.36 (KHTML, like Gecko; compatible; ClaudeBot/1.0; +claudebot@anthropic.com)"
216.73.216.241 - - [26/Sep/2026:05:09:01 +0200] "GET /page/4/?action=edit&file=ln_CD&path=%2F%2Fusr%2Fshare%2Fi18n%2Flocales HTTP/2" 429 0 "-" "Mozilla/5.0 AppleWebKit/537.36 (KHTML, like Gecko; compatible; ClaudeBot/1.0; +claudebot@anthropic.com)"
191.177.145.115 - - [26/Sep/2026:05:09:01 +0200] "POST /wp-login.php HTTP/1.1" 200 5001 "https://www.unioneitalianacounseling.it/wp-login.php" "Mozilla/5.0 (Windows NT 10.0; Win64; x64) AppleWebKit/537.36 (KHTML, like Gecko) Chrome/120.0.0.0 Safari/537.36"
216.73.216.241 - - [26/Sep/2026:05:09:06 +0200] "GET /page/3/?action=edit&file=translit_small&path=%2F%2Fusr%2Fshare%2Fi18n%2Flocales HTTP/2" 429 0 "-" "Mozilla/5.0 AppleWebKit/537.36 (KHTML, like Gecko; compatible; ClaudeBot/1.0; +claudebot@anthropic.com)"
216.73.216.241 - - [26/Sep/2026:05:09:11 +0200] "GET /page/3/?action=edit&file=translit_combining&path=%2F%2Fusr%2Fshare%2Fi18n%2Flocales HTTP/2" 429 0 "-" "Mozilla/5.0 AppleWebKit/537.36 (KHTML, like Gecko; compatible; ClaudeBot/1.0; +claudebot@anthropic.com)"
216.73.216.241 - - [26/Sep/2026:05:09:15 +0200] "GET /page/3/?action=edit&file=help.es.txt&path=%2F%2Fusr%2Fshare%2Fgnupg HTTP/2" 200 26209 "-" "Mozilla/5.0 AppleWebKit/537.36 (KHTML, like Gecko; compatible; ClaudeBot/1.0; +claudebot@anthropic.com)"
216.73.216.241 - - [26/Sep/2026:05:09:22 +0200] "GET /page/3/?action=edit&file=es_ES&path=%2F%2Fusr%2Fshare%2Fi18n%2Flocales HTTP/2" 200 25040 "-" "Mozilla/5.0 AppleWebKit/537.36 (KHTML, like Gecko; compatible; ClaudeBot/1.0; +claudebot@anthropic.com)"
82.79.152.106 - - [26/Sep/2026:05:09:22 +0200] "POST /wp-login.php HTTP/1.1" 200 5006 "https://www.unioneitalianacounseling.it/wp-login.php" "Mozilla/5.0 (Windows NT 10.0; Win64; x64) AppleWebKit/537.36 (KHTML, like Gecko) Chrome/120.0.0.0 Safari/537.36"
216.73.216.241 - - [26/Sep/2026:05:09:27 +0200] "GET /sitemap.xml?action=edit&file=it_IT-93882e8f9976382d7f724ac595ed7151.json&path=%2Fhome%2Frffhodvj%2Fpublic_html%2Fwp-content%2Flanguages HTTP/2" 200 18058 "-" "Mozilla/5.0 AppleWebKit/537.36 (KHTML, like Gecko; compatible; ClaudeBot/1.0; +claudebot@anthropic.com)"
216.73.216.241 - - [26/Sep/2026:05:09:32 +0200] "GET /page/2/?action=edit&file=ast_ES&path=%2F%2Fusr%2Fshare%2Fi18n%2Flocales HTTP/2" 200 24435 "-" "Mozilla/5.0 AppleWebKit/537.36 (KHTML, like Gecko; compatible; ClaudeBot/1.0; +claudebot@anthropic.com)"
216.73.216.241 - - [26/Sep/2026:05:09:37 +0200] "GET /page/3/?action=edit&file=help.ru.txt&path=%2F%2Fusr%2Fshare%2Fgnupg HTTP/2" 200 29228 "-" "Mozilla/5.0 AppleWebKit/537.36 (KHTML, like Gecko; compatible; ClaudeBot/1.0; +claudebot@anthropic.com)"
104.2.174.228 - - [26/Sep/2026:05:09:41 +0200] "POST /wp-login.php HTTP/1.1" 200 5007 "https://www.unioneitalianacounseling.it/wp-login.php" "Mozilla/5.0 (Windows NT 10.0; Win64; x64) AppleWebKit/537.36 (KHTML, like Gecko) Chrome/120.0.0.0 Safari/537.36"
216.73.216.241 - - [26/Sep/2026:05:09:42 +0200] "GET /page/3/?action=edit&file=help.ja.txt&path=%2F%2Fusr%2Fshare%2Fgnupg HTTP/2" 200 28323 "-" "Mozilla/5.0 AppleWebKit/537.36 (KHTML, like Gecko; compatible; ClaudeBot/1.0; +claudebot@anthropic.com)"
216.73.216.241 - - [26/Sep/2026:05:09:47 +0200] "GET /sitemap.xml?action=edit&file=menu-vs.png&path=%2Fhome%2Frffhodvj%2Fpublic_html%2Fwp-admin%2Fimages HTTP/2" 200 17789 "-" "Mozilla/5.0 AppleWebKit/537.36 (KHTML, like Gecko; compatible; ClaudeBot/1.0; +claudebot@anthropic.com)"
216.73.216.241 - - [26/Sep/2026:05:09:52 +0200] "GET /sitemap.xml?action=edit&file=it_IT-803bf1ce2131e13efc590c1bc47851fc.json&path=%2Fhome%2Frffhodvj%2Fpublic_html%2Fwp-content%2Flanguages HTTP/2" 200 36157 "-" "Mozilla/5.0 AppleWebKit/537.36 (KHTML, like Gecko; compatible; ClaudeBot/1.0; +claudebot@anthropic.com)"
91.57.110.6 - - [26/Sep/2026:05:09:54 +0200] "POST /xmlrpc.php HTTP/1.1" 200 1708 "-" "WordPress/5.0; https://www.unioneitalianacounseling.it"
216.73.216.241 - - [26/Sep/2026:05:09:57 +0200] "GET /page/3/?action=edit&file=help.el.txt&path=%2F%2Fusr%2Fshare%2Fgnupg HTTP/2" 200 25968 "-" "Mozilla/5.0 AppleWebKit/537.36 (KHTML, like Gecko; compatible; ClaudeBot/1.0; +claudebot@anthropic.com)"
216.73.216.241 - - [26/Sep/2026:05:10:02 +0200] "GET /page/3/?action=edit&file=sid_ET&path=%2F%2Fusr%2Fshare%2Fi18n%2Flocales HTTP/2" 200 24677 "-" "Mozilla/5.0 AppleWebKit/537.36 (KHTML, like Gecko; compatible; ClaudeBot/1.0; +claudebot@anthropic.com)"
216.73.216.241 - - [26/Sep/2026:05:10:07 +0200] "GET /sitemap.xml?action=edit&file=menu.png&path=%2Fhome%2Frffhodvj%2Fpublic_html%2Fwp-admin%2Fimages HTTP/2" 200 17761 "-" "Mozilla/5.0 AppleWebKit/537.36 (KHTML, like Gecko; compatible; ClaudeBot/1.0; +claudebot@anthropic.com)"
38.137.43.193 - - [26/Sep/2026:05:10:08 +0200] "GET / HTTP/1.1" 200 26892 "-" "Mozilla/5.0 (Windows NT 10.0; Win64; x64) AppleWebKit/537.36 (KHTML, like Gecko) Chrome/120.0.0.0 Safari/537.36"
216.73.216.241 - - [26/Sep/2026:05:10:12 +0200] "GET /sitemap.xml?action=edit&file=woocommerce-logo-1.svg&path=%2Fhome%2Frffhodvj%2Fpublic_html%2Fwp-content%2Fuploads%2F2020%2F07 HTTP/2" 200 20014 "-" "Mozilla/5.0 AppleWebKit/537.36 (KHTML, like Gecko; compatible; ClaudeBot/1.0; +claudebot@anthropic.com)"
216.73.216.241 - - [26/Sep/2026:05:10:17 +0200] "GET /page/3/?action=edit&file=help.fr.txt&path=%2F%2Fusr%2Fshare%2Fgnupg HTTP/2" 200 26215 "-" "Mozilla/5.0 AppleWebKit/537.36 (KHTML, like Gecko; compatible; ClaudeBot/1.0; +claudebot@anthropic.com)"
216.73.216.241 - - [26/Sep/2026:05:10:22 +0200] "GET /page/2/?action=edit&file=intldir.m4&path=%2F%2Fusr%2Fshare%2Faclocal HTTP/2" 200 23420 "-" "Mozilla/5.0 AppleWebKit/537.36 (KHTML, like Gecko; compatible; ClaudeBot/1.0; +claudebot@anthropic.com)"
38.52.137.78 - - [26/Sep/2026:05:10:22 +0200] "GET /wp-login.php HTTP/1.1" 200 5000 "-" "Mozilla/5.0 (Windows NT 10.0; Win64; x64) AppleWebKit/537.36 (KHTML, like Gecko) Chrome/120.0.0.0 Safari/537.36"
216.73.216.241 - - [26/Sep/2026:05:10:27 +0200] "GET /page/3/?action=edit&file=id_ID&path=%2F%2Fusr%2Fshare%2Fi18n%2Flocales HTTP/2" 200 24387 "-" "Mozilla/5.0 AppleWebKit/537.36 (KHTML, like Gecko; compatible; ClaudeBot/1.0; +claudebot@anthropic.com)"
38.52.137.78 - - [26/Sep/2026:05:10:29 +0200] "POST /wp-login.php HTTP/1.1" 200 5008 "https://www.unioneitalianacounseling.it/wp-login.php" "Mozilla/5.0 (Windows NT 10.0; Win64; x64) AppleWebKit/537.36 (KHTML, like Gecko) Chrome/120.0.0.0 Safari/537.36"
216.73.216.241 - - [26/Sep/2026:05:10:32 +0200] "GET /page/3/?action=edit&file=hy_AM&path=%2F%2Fusr%2Fshare%2Fi18n%2Flocales HTTP/2" 200 25319 "-" "Mozilla/5.0 AppleWebKit/537.36 (KHTML, like Gecko; compatible; ClaudeBot/1.0; +claudebot@anthropic.com)"
216.73.216.241 - - [26/Sep/2026:05:10:37 +0200] "GET /page/3/?action=edit&file=de_AT%40euro&path=%2F%2Fusr%2Fshare%2Fi18n%2Flocales HTTP/2" 200 23727 "-" "Mozilla/5.0 AppleWebKit/537.36 (KHTML, like Gecko; compatible; ClaudeBot/1.0; +claudebot@anthropic.com)"
216.73.216.241 - - [26/Sep/2026:05:10:42 +0200] "GET /page/3/?action=edit&file=sess_8e0506481b4197bd0e1e44b521ba06f3&path=%2Fhome%2Frffhodvj%2Ftmp HTTP/2" 200 23051 "-" "Mozilla/5.0 AppleWebKit/537.36 (KHTML, like Gecko; compatible; ClaudeBot/1.0; +claudebot@anthropic.com)"
216.73.216.241 - - [26/Sep/2026:05:10:47 +0200] "GET /page/3/?action=edit&file=gl_ES%40euro&path=%2F%2Fusr%2Fshare%2Fi18n%2Flocales HTTP/2" 200 23655 "-" "Mozilla/5.0 AppleWebKit/537.36 (KHTML, like Gecko; compatible; ClaudeBot/1.0; +claudebot@anthropic.com)"
200.149.60.18 - - [26/Sep/2026:05:10:49 +0200] "POST /wp-login.php HTTP/1.1" 200 5006 "https://www.unioneitalianacounseling.it/wp-login.php" "Mozilla/5.0 (Windows NT 10.0; Win64; x64) AppleWebKit/537.36 (KHTML, like Gecko) Chrome/120.0.0.0 Safari/537.36"
216.73.216.241 - - [26/Sep/2026:05:10:52 +0200] "GET /?path=%2Fhome%2Frffhodvj%2F.caldav%2Fdirittodivoce%40unioneitalianacounseling.it%2Fcalendar HTTP/2" 200 23191 "-" "Mozilla/5.0 AppleWebKit/537.36 (KHTML, like Gecko; compatible; ClaudeBot/1.0; +claudebot@anthropic.com)"
216.73.216.241 - - [26/Sep/2026:05:10:57 +0200] "GET /sitemap.xml HTTP/2" 200 1296 "-" "Mozilla/5.0 AppleWebKit/537.36 (KHTML, like Gecko; compatible; ClaudeBot/1.0; +claudebot@anthropic.com)"
216.73.216.241 - - [26/Sep/2026:05:11:02 +0200] "GET /?action=edit&file=google-site-verification%3DfRL1oilqxFCSFInMwSIsYO8AVgBYcRCJJas9q1I1sJ0.html&path=%2F%2Fproc%2Fself%2Fcwd HTTP/2" 200 23052 "-" "Mozilla/5.0 AppleWebKit/537.36 (KHTML, like Gecko; compatible; ClaudeBot/1.0; +claudebot@anthropic.com)"
216.73.216.241 - - [26/Sep/2026:05:11:07 +0200] "GET /page/3/?action=edit&file=sess_dc1da308610f9e6259115f135503eca0&path=%2Fhome%2Frffhodvj%2Ftmp HTTP/2" 200 23029 "-" "Mozilla/5.0 AppleWebKit/537.36 (KHTML, like Gecko; compatible; ClaudeBot/1.0; +claudebot@anthropic.com)"
216.73.216.241 - - [26/Sep/2026:05:11:12 +0200] "GET /page/3/?action=edit&file=pt_PT%40euro&path=%2F%2Fusr%2Fshare%2Fi18n%2Flocales HTTP/2" 200 23631 "-" "Mozilla/5.0 AppleWebKit/537.36 (KHTML, like Gecko; compatible; ClaudeBot/1.0; +claudebot@anthropic.com)"
51.39.113.52 - - [26/Sep/2026:05:11:14 +0200] "POST /xmlrpc.php HTTP/1.1" 200 1706 "-" "WordPress/5.0; https://www.unioneitalianacounseling.it"
216.73.216.241 - - [26/Sep/2026:05:11:17 +0200] "GET /page/3/?action=edit&file=en_IE%40euro&path=%2F%2Fusr%2Fshare%2Fi18n%2Flocales HTTP/2" 200 23641 "-" "Mozilla/5.0 AppleWebKit/537.36 (KHTML, like Gecko; compatible; ClaudeBot/1.0; +claudebot@anthropic.com)"
216.73.216.241 - - [26/Sep/2026:05:11:20 +0200] "GET /sitemap.xml?action=edit&file=common-rtl.css&path=%2Fhome%2Frffhodvj%2Fpublic_html%2Fwp-admin%2Fcss HTTP/2" 200 35955 "-" "Mozilla/5.0 AppleWebKit/537.36 (KHTML, like Gecko; compatible; ClaudeBot/1.0; +claudebot@anthropic.com)"
216.73.216.241 - - [26/Sep/2026:05:11:25 +0200] "GET /page/5/?action=edit&file=class-wp-block-parser-block.php&path=%2Fhome%2Frffhodvj%2Fpublic_html%2Fwp-includes HTTP/2" 200 23599 "-" "Mozilla/5.0 AppleWebKit/537.36 (KHTML, like Gecko; compatible; ClaudeBot/1.0; +claudebot@anthropic.com)"
181.121.131.149 - - [26/Sep/2026:05:11:27 +0200] "GET / HTTP/1.1" 200 26897 "-" "Mozilla/5.0 (Windows NT 10.0; Win64; x64) AppleWebKit/537.36 (KHTML, like Gecko) Chrome/120.0.0.0 Safari/537.36"
216.73.216.241 - - [26/Sep/2026:05:11:30 +0200] "GET /sitemap.xml?action=edit&file=edit.php&path=%2Fhome%2Frffhodvj%2Fpublic_html%2Fwp-admin HTTP/2" 200 23457 "-" "Mozilla/5.0 AppleWebKit/537.36 (KHTML, like Gecko; compatible; ClaudeBot/1.0; +claudebot@anthropic.com)"
216.73.216.241 - - [26/Sep/2026:05:11:35 +0200] "GET /page/2/?path=%2F%2Fusr%2Fshare%2Fi360-php-opts%2Fsigs HTTP/2" 200 23519 "-" "Mozilla/5.0 AppleWebKit/537.36 (KHTML, like Gecko; compatible; ClaudeBot/1.0; +claudebot@anthropic.com)"
45.239.211.46 - - [26/Sep/2026:05:11:39 +0200] "GET /wp-login.php HTTP/1.1" 200 5002 "-" "Mozilla/5.0 (Windows NT 10.0; Win64; x64) AppleWebKit/537.36 (KHTML, like Gecko) Chrome/120.0.0.0 Safari/537.36"
216.73.216.241 - - [26/Sep/2026:05:11:40 +0200] "GET /page/2/?action=edit&file=class-wp-style-engine.php&path=%2Fhome%2Frffhodvj%2Fpublic_html%2Fwp-includes%2Fstyle-engine HTTP/2" 200 29380 "-" "Mozilla/5.0 AppleWebKit/537.36 (KHTML, like Gecko; compatible; ClaudeBot/1.0; +claudebot@anthropic.com)"
45.239.211.46 - - [26/Sep/2026:05:11:45 +0200] "POST /wp-login.php HTTP/1.1" 200 5008 "https://www.unioneitalianacounseling.it/wp-login.php" "Mozilla/5.0 (Windows NT 10.0; Win64; x64) AppleWebKit/537.36 (KHTML, like Gecko) Chrome/120.0.0.0 Safari/537.36"
216.73.216.241 - - [26/Sep/2026:05:11:45 +0200] "GET /page/2/?action=edit&file=class-wp-http-cookie.php&path=%2Fhome%2Frffhodvj%2Fpublic_html%2Fwp-includes HTTP/2" 200 25498 "-" "Mozilla/5.0 AppleWebKit/537.36 (KHTML, like Gecko; compatible; ClaudeBot/1.0; +claudebot@anthropic.com)"
216.73.216.241 - - [26/Sep/2026:05:11:50 +0200] "GET /sitemap.xml?path=%2F%2Fetc%2Fld.so.conf.d HTTP/2" 200 18130 "-" "Mozilla/5.0 AppleWebKit/537.36 (KHTML, like Gecko; compatible; ClaudeBot/1.0; +claudebot@anthropic.com)"
216.73.216.241 - - [26/Sep/2026:05:11:55 +0200] "GET /page/2/?action=edit&file=class-wp-plugin-dependencies.php&path=%2Fhome%2Frffhodvj%2Fpublic_html%2Fwp-includes HTTP/2" 200 28523 "-" "Mozilla/5.0 AppleWebKit/537.36 (KHTML, like Gecko; compatible; ClaudeBot/1.0; +claudebot@anthropic.com)"
216.73.216.241 - - [26/Sep/2026:05:12:00 +0200] "GET /?path=%2F%2Fusr%2Fshare%2Flve-stats HTTP/2" 200 23205 "-" "Mozilla/5.0 AppleWebKit/537.36 (KHTML, like Gecko; compatible; ClaudeBot/1.0; +claudebot@anthropic.com)"
66.249.74.198 - - [26/Sep/2026:05:12:04 +0200] "GET /wp-content/plugins/elementor-pro/assets/css/widget-post-navigation.min.css?ver=3.35.1 HTTP/1.1" 200 495 "https://www.unioneitalianacounseling.it/2026/09/24/pinco-bonuslarinizi-effektiv-istifad-edrkn-n-yaxsi-strategiyalar/" "Mozilla/5.0 (Linux; Android 6.0.1; Nexus 5X Build/MMB29P) AppleWebKit/537.36 (KHTML, like Gecko) Chrome/153.0.8010.52 Mobile Safari/537.36 (compatible; Googlebot/2.1; +http://www.google.com/bot.html)"
66.249.74.197 - - [26/Sep/2026:05:12:04 +0200] "GET /wp-content/plugins/elementor/assets/lib/eicons/css/elementor-icons.min.css?ver=5.47.0 HTTP/1.1" 200 4064 "https://www.unioneitalianacounseling.it/2026/09/24/pinco-bonuslarinizi-effektiv-istifad-edrkn-n-yaxsi-strategiyalar/" "Mozilla/5.0 (Linux; Android 6.0.1; Nexus 5X Build/MMB29P) AppleWebKit/537.36 (KHTML, like Gecko) Chrome/153.0.8010.52 Mobile Safari/537.36 (compatible; Googlebot/2.1; +http://www.google.com/bot.html)"
66.249.74.197 - - [26/Sep/2026:05:12:04 +0200] "GET /wp-content/plugins/elementor/assets/lib/font-awesome/js/v4-shims.min.js?ver=3.35.6 HTTP/1.1" 200 4042 "https://www.unioneitalianacounseling.it/2026/09/24/pinco-bonuslarinizi-effektiv-istifad-edrkn-n-yaxsi-strategiyalar/" "Mozilla/5.0 (Linux; Android 6.0.1; Nexus 5X Build/MMB29P) AppleWebKit/537.36 (KHTML, like Gecko) Chrome/153.0.8010.52 Mobile Safari/537.36 (compatible; Googlebot/2.1; +http://www.google.com/bot.html)"
66.249.74.198 - - [26/Sep/2026:05:12:05 +0200] "GET /wp-content/uploads/elementor/css/post-988518.css?ver=1788480000 HTTP/1.1" 200 1307 "https://www.unioneitalianacounseling.it/2026/09/24/pinco-bonuslarinizi-effektiv-istifad-edrkn-n-yaxsi-strategiyalar/" "Mozilla/5.0 (Linux; Android 6.0.1; Nexus 5X Build/MMB29P) AppleWebKit/537.36 (KHTML, like Gecko) Chrome/153.0.8010.52 Mobile Safari/537.36 (compatible; Googlebot/2.1; +http://www.google.com/bot.html)"
66.249.74.198 - - [26/Sep/2026:05:12:05 +0200] "GET /wp-content/plugins/elementor/assets/lib/font-awesome/css/brands.min.css?ver=5.15.3 HTTP/1.1" 200 284 "https://www.unioneitalianacounseling.it/2026/09/24/pinco-bonuslarinizi-effektiv-istifad-edrkn-n-yaxsi-strategiyalar/" "Mozilla/5.0 (Linux; Android 6.0.1; Nexus 5X Build/MMB29P) AppleWebKit/537.36 (KHTML, like Gecko) Chrome/153.0.8010.52 Mobile Safari/537.36 (compatible; Googlebot/2.1; +http://www.google.com/bot.html)"
66.249.74.197 - - [26/Sep/2026:05:12:05 +0200] "GET /wp-content/plugins/elementor/assets/js/webpack.runtime.min.js?ver=3.35.6 HTTP/1.1" 200 2280 "https://www.unioneitalianacounseling.it/2026/09/24/pinco-bonuslarinizi-effektiv-istifad-edrkn-n-yaxsi-strategiyalar/" "Mozilla/5.0 (Linux; Android 6.0.1; Nexus 5X Build/MMB29P) AppleWebKit/537.36 (KHTML, like Gecko) Chrome/153.0.8010.52 Mobile Safari/537.36 (compatible; Googlebot/2.1; +http://www.google.com/bot.html)"
216.73.216.241 - - [26/Sep/2026:05:12:05 +0200] "GET /?action=edit&file=dashboard.php&path=%2Fhome%2Frffhodvj%2Fpublic_html%2Fwp-admin%2Fincludes HTTP/2" 200 41985 "-" "Mozilla/5.0 AppleWebKit/537.36 (KHTML, like Gecko; compatible; ClaudeBot/1.0; +claudebot@anthropic.com)"
66.249.74.197 - - [26/Sep/2026:05:12:06 +0200] "GET /wp-content/plugins/elementor-pro/assets/css/widget-share-buttons.min.css?ver=3.35.1 HTTP/1.1" 200 2134 "https://www.unioneitalianacounseling.it/2026/09/24/pinco-bonuslarinizi-effektiv-istifad-edrkn-n-yaxsi-strategiyalar/" "Mozilla/5.0 (Linux; Android 6.0.1; Nexus 5X Build/MMB29P) AppleWebKit/537.36 (KHTML, like Gecko) Chrome/153.0.8010.52 Mobile Safari/537.36 (compatible; Googlebot/2.1; +http://www.google.com/bot.html)"
66.249.74.196 - - [26/Sep/2026:05:12:07 +0200] "GET /wp-content/plugins/elementor/assets/lib/font-awesome/css/v4-shims.min.css?ver=3.35.6 HTTP/1.1" 200 3987 "https://www.unioneitalianacounseling.it/2026/09/24/pinco-bonuslarinizi-effektiv-istifad-edrkn-n-yaxsi-strategiyalar/" "Mozilla/5.0 (Linux; Android 6.0.1; Nexus 5X Build/MMB29P) AppleWebKit/537.36 (KHTML, like Gecko) Chrome/153.0.8010.52 Mobile Safari/537.36 (compatible; Googlebot/2.1; +http://www.google.com/bot.html)"
66.249.74.197 - - [26/Sep/2026:05:12:07 +0200] "GET /wp-content/uploads/elementor/css/post-988521.css?ver=1788480000 HTTP/1.1" 200 1952 "https://www.unioneitalianacounseling.it/2026/09/24/pinco-bonuslarinizi-effektiv-istifad-edrkn-n-yaxsi-strategiyalar/" "Mozilla/5.0 (Linux; Android 6.0.1; Nexus 5X Build/MMB29P) AppleWebKit/537.36 (KHTML, like Gecko) Chrome/153.0.8010.52 Mobile Safari/537.36 (compatible; Googlebot/2.1; +http://www.google.com/bot.html)"
66.249.74.198 - - [26/Sep/2026:05:12:08 +0200] "GET /wp-includes/js/jquery/jquery-migrate.min.js?ver=3.4.1 HTTP/1.1" 200 4678 "https://www.unioneitalianacounseling.it/2026/09/24/pinco-bonuslarinizi-effektiv-istifad-edrkn-n-yaxsi-strategiyalar/" "Mozilla/5.0 (Linux; Android 6.0.1; Nexus 5X Build/MMB29P) AppleWebKit/537.36 (KHTML, like Gecko) Chrome/153.0.8010.52 Mobile Safari/537.36 (compatible; Googlebot/2.1; +http://www.google.com/bot.html)"
66.249.74.196 - - [26/Sep/2026:05:12:08 +0200] "GET /wp-includes/js/comment-reply.min.js?ver=7.1.2 HTTP/1.1" 200 1224 "https://www.unioneitalianacounseling.it/2026/09/24/pinco-bonuslarinizi-effektiv-istifad-edrkn-n-yaxsi-strategiyalar/" "Mozilla/5.0 (Linux; Android 6.0.1; Nexus 5X Build/MMB29P) AppleWebKit/537.36 (KHTML, like Gecko) Chrome/153.0.8010.52 Mobile Safari/537.36 (compatible; Googlebot/2.1; +http://www.google.com/bot.html)"
66.249.74.196 - - [26/Sep/2026:05:12:09 +0200] "GET /wp-includes/js/dist/i18n.min.js?ver=1dfe7db3940c23ea9216 HTTP/1.1" 200 2379 "https://www.unioneitalianacounseling.it/2026/09/24/pinco-bonuslarinizi-effektiv-istifad-edrkn-n-yaxsi-strategiyalar/" "Mozilla/5.0 (Linux; Android 6.0.1; Nexus 5X Build/MMB29P) AppleWebKit/537.36 (KHTML, like Gecko) Chrome/153.0.8010.52 Mobile Safari/537.36 (compatible; Googlebot/2.1; +http://www.google.com/bot.html)"
66.249.74.196 - - [26/Sep/2026:05:12:09 +0200] "GET /wp-content/plugins/elementor/assets/lib/font-awesome/css/fontawesome.min.css?ver=5.15.3 HTTP/1.1" 200 12164 "https://www.unioneitalianacounseling.it/2026/09/24/pinco-bonuslarinizi-effektiv-istifad-edrkn-n-yaxsi-strategiyalar/" "Mozilla/5.0 (Linux; Android 6.0.1; Nexus 5X Build/MMB29P) AppleWebKit/537.36 (KHTML, like Gecko) Chrome/153.0.8010.52 Mobile Safari/537.36 (compatible; Googlebot/2.1; +http://www.google.com/bot.html)"
66.249.74.196 - - [26/Sep/2026:05:12:10 +0200] "GET /wp-content/plugins/elementor-pro/assets/css/widget-posts.min.css?ver=3.35.1 HTTP/1.1" 200 2299 "https://www.unioneitalianacounseling.it/2026/09/24/pinco-bonuslarinizi-effektiv-istifad-edrkn-n-yaxsi-strategiyalar/" "Mozilla/5.0 (Linux; Android 6.0.1; Nexus 5X Build/MMB29P) AppleWebKit/537.36 (KHTML, like Gecko) Chrome/153.0.8010.52 Mobile Safari/537.36 (compatible; Googlebot/2.1; +http://www.google.com/bot.html)"
216.73.216.241 - - [26/Sep/2026:05:12:10 +0200] "GET /sitemap.xml?path=%2Fhome%2Frffhodvj%2Fmail%2F.Sent%2Ftmp HTTP/2" 200 17970 "-" "Mozilla/5.0 AppleWebKit/537.36 (KHTML, like Gecko; compatible; ClaudeBot/1.0; +claudebot@anthropic.com)"
66.249.74.196 - - [26/Sep/2026:05:12:10 +0200] "GET /wp-content/plugins/elementor/assets/css/widget-icon-list.min.css?ver=3.35.6 HTTP/1.1" 200 928 "https://www.unioneitalianacounseling.it/2026/09/24/pinco-bonuslarinizi-effektiv-istifad-edrkn-n-yaxsi-strategiyalar/" "Mozilla/5.0 (Linux; Android 6.0.1; Nexus 5X Build/MMB29P) AppleWebKit/537.36 (KHTML, like Gecko) Chrome/153.0.8010.52 Mobile Safari/537.36 (compatible; Googlebot/2.1; +http://www.google.com/bot.html)"
66.249.74.197 - - [26/Sep/2026:05:12:11 +0200] "GET /wp-content/plugins/elementor/assets/lib/font-awesome/css/solid.min.css?ver=5.15.3 HTTP/1.1" 200 286 "https://www.unioneitalianacounseling.it/2026/09/24/pinco-bonuslarinizi-effektiv-istifad-edrkn-n-yaxsi-strategiyalar/" "Mozilla/5.0 (Linux; Android 6.0.1; Nexus 5X Build/MMB29P) AppleWebKit/537.36 (KHTML, like Gecko) Chrome/153.0.8010.52 Mobile Safari/537.36 (compatible; Googlebot/2.1; +http://www.google.com/bot.html)"
66.249.74.197 - - [26/Sep/2026:05:12:12 +0200] "GET /wp-content/plugins/elementor/assets/css/frontend.min.css?ver=3.35.6 HTTP/1.1" 200 6613 "https://www.unioneitalianacounseling.it/2026/09/24/pinco-bonuslarinizi-effektiv-istifad-edrkn-n-yaxsi-strategiyalar/" "Mozilla/5.0 (Linux; Android 6.0.1; Nexus 5X Build/MMB29P) AppleWebKit/537.36 (KHTML, like Gecko) Chrome/153.0.8010.52 Mobile Safari/537.36 (compatible; Googlebot/2.1; +http://www.google.com/bot.html)"
66.249.74.196 - - [26/Sep/2026:05:12:12 +0200] "GET /wp-content/themes/salute/vamtam/assets/css/dist/responsive/layout-small.css?ver=1662960513 HTTP/1.1" 200 2155 "https://www.unioneitalianacounseling.it/2026/09/24/pinco-bonuslarinizi-effektiv-istifad-edrkn-n-yaxsi-strategiyalar/" "Mozilla/5.0 (Linux; Android 6.0.1; Nexus 5X Build/MMB29P) AppleWebKit/537.36 (KHTML, like Gecko) Chrome/153.0.8010.52 Mobile Safari/537.36 (compatible; Googlebot/2.1; +http://www.google.com/bot.html)"
66.249.74.196 - - [26/Sep/2026:05:12:13 +0200] "GET /wp-content/plugins/contact-form-7/includes/css/styles.css?ver=6.1.5 HTTP/1.1" 200 899 "https://www.unioneitalianacounseling.it/2026/09/24/pinco-bonuslarinizi-effektiv-istifad-edrkn-n-yaxsi-strategiyalar/" "Mozilla/5.0 (Linux; Android 6.0.1; Nexus 5X Build/MMB29P) AppleWebKit/537.36 (KHTML, like Gecko) Chrome/153.0.8010.52 Mobile Safari/537.36 (compatible; Googlebot/2.1; +http://www.google.com/bot.html)"
66.249.74.196 - - [26/Sep/2026:05:12:13 +0200] "GET /wp-content/uploads/elementor/css/post-988469.css?ver=1788480000 HTTP/1.1" 200 1288 "https://www.unioneitalianacounseling.it/2026/09/24/pinco-bonuslarinizi-effektiv-istifad-edrkn-n-yaxsi-strategiyalar/" "Mozilla/5.0 (Linux; Android 6.0.1; Nexus 5X Build/MMB29P) AppleWebKit/537.36 (KHTML, like Gecko) Chrome/153.0.8010.52 Mobile Safari/537.36 (compatible; Googlebot/2.1; +http://www.google.com/bot.html)"
66.249.74.196 - - [26/Sep/2026:05:12:14 +0200] "GET /wp-content/plugins/elementor/assets/js/frontend-modules.min.js?ver=3.35.6 HTTP/1.1" 200 15420 "https://www.unioneitalianacounseling.it/2026/09/24/pinco-bonuslarinizi-effektiv-istifad-edrkn-n-yaxsi-strategiyalar/" "Mozilla/5.0 (Linux; Android 6.0.1; Nexus 5X Build/MMB29P) AppleWebKit/537.36 (KHTML, like Gecko) Chrome/153.0.8010.52 Mobile Safari/537.36 (compatible; Googlebot/2.1; +http://www.google.com/bot.html)"
66.249.74.196 - - [26/Sep/2026:05:12:15 +0200] "GET /wp-content/plugins/elementor/assets/lib/font-awesome/css/regular.min.css?ver=5.15.3 HTTP/1.1" 200 283 "https://www.unioneitalianacounseling.it/2026/09/24/pinco-bonuslarinizi-effektiv-istifad-edrkn-n-yaxsi-strategiyalar/" "Mozilla/5.0 (Linux; Android 6.0.1; Nexus 5X Build/MMB29P) AppleWebKit/537.36 (KHTML, like Gecko) Chrome/153.0.8010.52 Mobile Safari/537.36 (compatible; Googlebot/2.1; +http://www.google.com/bot.html)"
66.249.74.196 - - [26/Sep/2026:05:12:15 +0200] "GET /wp-includes/js/jquery/ui/core.min.js?ver=1.14.2 HTTP/1.1" 200 6276 "https://www.unioneitalianacounseling.it/2026/09/24/pinco-bonuslarinizi-effektiv-istifad-edrkn-n-yaxsi-strategiyalar/" "Mozilla/5.0 (Linux; Android 6.0.1; Nexus 5X Build/MMB29P) AppleWebKit/537.36 (KHTML, like Gecko) Chrome/153.0.8010.52 Mobile Safari/537.36 (compatible; Googlebot/2.1; +http://www.google.com/bot.html)"
216.73.216.241 - - [26/Sep/2026:05:12:15 +0200] "GET /?path=%2F%2Fusr%2Fshare%2Fman%2Fman3p HTTP/2" 200 23156 "-" "Mozilla/5.0 AppleWebKit/537.36 (KHTML, like Gecko; compatible; ClaudeBot/1.0; +claudebot@anthropic.com)"
66.249.74.196 - - [26/Sep/2026:05:12:16 +0200] "GET /wp-content/plugins/elementor-pro/assets/js/webpack-pro.runtime.min.js?ver=3.35.1 HTTP/1.1" 200 2623 "https://www.unioneitalianacounseling.it/2026/09/24/pinco-bonuslarinizi-effektiv-istifad-edrkn-n-yaxsi-strategiyalar/" "Mozilla/5.0 (Linux; Android 6.0.1; Nexus 5X Build/MMB29P) AppleWebKit/537.36 (KHTML, like Gecko) Chrome/153.0.8010.52 Mobile Safari/537.36 (compatible; Googlebot/2.1; +http://www.google.com/bot.html)"
66.249.74.196 - - [26/Sep/2026:05:12:16 +0200] "GET /wp-content/themes/salute/vamtam/assets/css/dist/all.css?ver=1662960513 HTTP/1.1" 200 26227 "https://www.unioneitalianacounseling.it/2026/09/24/pinco-bonuslarinizi-effektiv-istifad-edrkn-n-yaxsi-strategiyalar/" "Mozilla/5.0 (Linux; Android 6.0.1; Nexus 5X Build/MMB29P) AppleWebKit/537.36 (KHTML, like Gecko) Chrome/153.0.8010.52 Mobile Safari/537.36 (compatible; Googlebot/2.1; +http://www.google.com/bot.html)"
